000
CXUS54 KFWD 010840
CF6GYI
PRELIMINARY LOCAL CLIMATOLOGICAL DATA (WS FORM: F-6)
STATION: SHERMAN/DENISON
MONTH: FEBRUARY
YEAR: 2024
LATITUDE: 33 42 N
LONGITUDE: 96 40 W
TEMPERATURE IN F: :PCPN: SNOW: WIND :SUNSHINE: SKY :PK WND
================================================================================
1 2 3 4 5 6A 6B 7 8 9 10 11 12 13 14 15 16 17 18
12Z AVG MX 2MIN
DY MAX MIN AVG DEP HDD CDD WTR SNW DPTH SPD SPD DIR MIN PSBL S-S WX SPD DR
================================================================================
1 74 47 61 17 4 0 0.00 M M 12.2 18 200 M M 1 23 200
2 67 53 60 16 5 0 0.21 M M 10.8 17 150 M M 5 1 32 160
3 64 49 57 13 8 0 0.18 M M 10.0 17 150 M M 7 22 140
4 60 47 54 10 11 0 0.00 M M 10.4 18 350 M M 9 1 25 340
5 62 41 52 8 13 0 0.00 M M 10.1 15 350 M M 5 24 360
6 69 33 51 7 14 0 0.00 M M 2.6 7 160 M M 0 1 M M
7 67 48 58 13 7 0 0.00 M M 12.6 20 160 M M 1 24 160
8 70 52 61 16 4 0 0.00 M M 12.9 18 200 M M 1 22 190
9 71 51 61 16 4 0 0.00 M M 8.5 18 200 M M 2 23 200
10 60 49 55 10 10 0 0.00 M M 6.1 14 120 M M 7 M M
11 49 37 43 -3 22 0 0.22 M M 11.6 18 360 M M 10 1 27 20
12 55 33 44 -2 21 0 0.00 M M 11.2 18 330 M M 6 18 26 330
13 63 29 46 0 19 0 0.00 M M 5.8 12 190 M M 0 17 190
14 69 44 57 11 8 0 0.00 M M 11.5 23 190 M M 0 23 200
15 72 52 62 16 3 0 0.00 M M 9.0 15 210 M M 0 M M
16 66 37 52 5 13 0 0.00 M M 13.4 23 350 M M 3 8 33 10
17 42 30 36 -11 29 0 0.00 M M 15.3 21 340 M M 6 29 350
18 55 22 39 -8 26 0 0.00 M M 5.1 9 170 M M 0 M M
19 66 35 51 4 14 0 0.00 M M 10.3 21 200 M M 0 29 200
20 80 40 60 12 5 0 0.00 M M 9.4 17 170 M M 0 22 180
21 80 57 69 21 0 4 0.00 M M 17.4 25 190 M M 0 32 190
22 78 58 68 20 0 3 0.00 M M 14.6 28 200 M M 0 38 200
23 72 44 58 10 7 0 0.00 M M 6.0 16 310 M M 0 24 310
24 76 40 58 9 7 0 0.00 M M 5.1 15 180 M M 0 20 180
25 82 56 69 20 0 4 0.00 M M 15.0 23 200 M M 0 31 200
26 91 55 73 24 0 8 0.00 M M 12.2 20 200 M M 0 26 200
27 77 60 69 20 0 4 0.00 M M 15.4 21 200 M M 0 26 200
28 56 35 46 -4 19 0 0.00 M M 13.4 25 340 M M 0 33 360
29 47 36 42 -8 23 0 0.05 M M 6.4 10 70 M M 6 M M
================================================================================
SM 1940 1270 296 23 0.66 M 304.1 M 69
================================================================================
AV 66.9 43.8 10.5 FASTST M M 2 MAX(MPH)
MISC ----> 28 200 38 200
================================================================================
NOTES:
# LAST OF SEVERAL OCCURRENCES
COLUMN 17 PEAK WIND IN M.P.H.
PRELIMINARY LOCAL CLIMATOLOGICAL DATA (WS FORM: F-6) , PAGE 2
STATION: SHERMAN/DENISON
MONTH: FEBRUARY
YEAR: 2024
LATITUDE: 33 42 N
LONGITUDE: 96 40 W
[TEMPERATURE DATA] [PRECIPITATION DATA] SYMBOLS USED IN COLUMN 16
AVERAGE MONTHLY: 55.3 TOTAL FOR MONTH: 0.66 1 = FOG OR MIST
DPTR FM NORMAL: 8.9 DPTR FM NORMAL: -2.28 2 = FOG REDUCING VISIBILITY
HIGHEST: 91 ON 26 GRTST 24HR 0.22 ON 11-11 TO 1/4 MILE OR LESS
LOWEST: 22 ON 18 3 = THUNDER
SNOW, ICE PELLETS, HAIL 4 = ICE PELLETS
TOTAL MONTH: M 5 = HAIL
GRTST 24HR M ON M 6 = FREEZING RAIN OR DRIZZLE
GRTST DEPTH: M ON M 7 = DUSTSTORM OR SANDSTORM:
VSBY 1/2 MILE OR LESS
8 = SMOKE OR HAZE
[NO. OF DAYS WITH] [WEATHER - DAYS WITH] 9 = BLOWING SNOW
X = TORNADO
MAX 32 OR BELOW: 0 0.01 INCH OR MORE: 4
MAX 90 OR ABOVE: 1 0.10 INCH OR MORE: 3
MIN 32 OR BELOW: 3 0.50 INCH OR MORE: 0
MIN 0 OR BELOW: 0 1.00 INCH OR MORE: 0
[HDD (BASE 65) ]
TOTAL THIS MO. 296 CLEAR (SCALE 0-3) 20
DPTR FM NORMAL -226 PTCLDY (SCALE 4-7) 7
TOTAL FM JUL 1 1906 CLOUDY (SCALE 8-10) 2
DPTR FM NORMAL -486
[CDD (BASE 65) ]
TOTAL THIS MO. 23
DPTR FM NORMAL 22 [PRESSURE DATA]
TOTAL FM JAN 1 23 HIGHEST SLP M ON M
DPTR FM NORMAL 22 LOWEST SLP M ON M
[REMARKS]
#FINAL-02-24#