000
CXUS51 KGYX 020502
CF6GYX
PRELIMINARY LOCAL CLIMATOLOGICAL DATA (WS FORM: F-6)
STATION: GRAY ME
MONTH: JANUARY
YEAR: 2023
LATITUDE: 43 53 N
LONGITUDE: 70 15 W
TEMPERATURE IN F: :PCPN: SNOW: WIND :SUNSHINE: SKY :PK WND
================================================================================
1 2 3 4 5 6A 6B 7 8 9 10 11 12 13 14 15 16 17 18
12Z AVG MX 2MIN
DY MAX MIN AVG DEP HDD CDD WTR SNW DPTH SPD SPD DIR MIN PSBL S-S WX SPD DR
================================================================================
1 52 38 45 21 20 0 0.13 0.0 0 M M M M M M 1 M M
2 46 33 40 16 25 0 0.00 0.0 0 M M M M M M M M
3 38 32 35 12 30 0 0.10 0.0 0 M M M M M M 1 M M
4 43 34 39 16 26 0 0.28 0.0 0 M M M M M M M M
5 36 25 31 8 34 0 0.22 0.3 0 M M M M M M 16 M M
6 29 25 27 4 38 0 0.17 2.1 T M M M M M M 6 M M
7 36 25 31 8 34 0 0.00 0.0 2 M M M M M M 12 M M
8 30 15 23 1 42 0 0.00 0.0 2 M M M M M M M M
9 33 19 26 4 39 0 0.00 0.0 2 M M M M M M M M
10 29 16 23 1 42 0 T T 1 M M M M M M M M
11 25 11 18 -4 47 0 0.00 0.0 1 M M M M M M M M
12 32 19 26 4 39 0 0.68 1.6 1 M M M M M M 6 M M
13 48 32 40 18 25 0 1.08 0.0 2 M M M M M M 1 M M
14 33 27 30 8 35 0 0.04 T T M M M M M M 46 M M
15 31 25 28 6 37 0 0.14 0.3 T M M M M M M 46 M M
16 31 25 28 6 37 0 0.15 0.6 T M M M M M M 146 M M
17 41 29 35 13 30 0 T 0.0 1 M M M M M M M M
18 45 31 38 17 27 0 0.00 0.0 1 M M M M M M M M
19 37 28 33 12 32 0 0.07 0.7 1 M M M M M M M M
20 28 22 25 4 40 0 0.57 6.3 6 M M M M M M M M
21 28 10 19 -2 46 0 0.00 0.0 6 M M M M M M M M
22 27 11 19 -2 46 0 0.14 1.3 5 M M M M M M M M
23 29 24 27 6 38 0 1.02 10.3 9 M M M M M M M M
24 38 21 30 9 35 0 0.00 0.0 14 M M M M M M M M
25 30 18 24 3 41 0 0.22 4.4 12 M M M M M M M M
26 41 21 31 10 34 0 1.15 0.9 14 M M M M M M 46 M M
27 32 16 24 3 41 0 0.00 0.0 13 M M M M M M M M
28 42 22 32 10 33 0 T T 13 M M M M M M M M
29 42 25 34 12 31 0 T 0.0 13 M M M M M M M M
30 35 26 31 9 34 0 0.04 1.0 12 M M M M M M M M
31 27 13 20 -2 45 0 0.08 2.2 15 M M M M M M M M
================================================================================
SM 1094 718 1103 0 6.28 32.0 M M M
================================================================================
AV 35.3 23.2 M FASTST M M M MAX(MPH)
MISC ----> M M M M
================================================================================
NOTES:
# LAST OF SEVERAL OCCURRENCES
COLUMN 17 PEAK WIND IN M.P.H.
PRELIMINARY LOCAL CLIMATOLOGICAL DATA (WS FORM: F-6) , PAGE 2
STATION: GRAY ME
MONTH: JANUARY
YEAR: 2023
LATITUDE: 43 53 N
LONGITUDE: 70 15 W
[TEMPERATURE DATA] [PRECIPITATION DATA] SYMBOLS USED IN COLUMN 16
AVERAGE MONTHLY: 29.2 TOTAL FOR MONTH: 6.28 1 = FOG OR MIST
DPTR FM NORMAL: 7.2 DPTR FM NORMAL: 2.73 2 = FOG REDUCING VISIBILITY
HIGHEST: 52 ON 1 GRTST 24HR 1.28 ON 12-13 TO 1/4 MILE OR LESS
LOWEST: 10 ON 21 3 = THUNDER
SNOW, ICE PELLETS, HAIL 4 = ICE PELLETS
TOTAL MONTH: 32.0 INCHES 5 = HAIL
GRTST 24HR 10.3 ON 23-23 6 = FREEZING RAIN OR DRIZZLE
GRTST DEPTH: 15 ON 31 7 = DUSTSTORM OR SANDSTORM:
VSBY 1/2 MILE OR LESS
8 = SMOKE OR HAZE
[NO. OF DAYS WITH] [WEATHER - DAYS WITH] 9 = BLOWING SNOW
X = TORNADO
MAX 32 OR BELOW: 14 0.01 INCH OR MORE: 18
MAX 90 OR ABOVE: 0 0.10 INCH OR MORE: 14
MIN 32 OR BELOW: 28 0.50 INCH OR MORE: 5
MIN 0 OR BELOW: 0 1.00 INCH OR MORE: 3
[HDD (BASE 65) ]
TOTAL THIS MO. 1103 CLEAR (SCALE 0-3) 0
DPTR FM NORMAL -230 PTCLDY (SCALE 4-7) 0
TOTAL FM JUL 1 3410 CLOUDY (SCALE 8-10) 31
DPTR FM NORMAL -539
[CDD (BASE 65) ]
TOTAL THIS MO. 0
DPTR FM NORMAL 0 [PRESSURE DATA]
TOTAL FM JAN 1 0 HIGHEST SLP M ON M
DPTR FM NORMAL 0 LOWEST SLP M ON M
[REMARKS]
#FINAL-01-23#