000
CXUS53 KBIS 010830
CF6HEI
PRELIMINARY LOCAL CLIMATOLOGICAL DATA (WS FORM: F-6)
STATION: HETTINGER ND
MONTH: OCTOBER
YEAR: 2023
LATITUDE: 46 0 N
LONGITUDE: 102 39 W
TEMPERATURE IN F: :PCPN: SNOW: WIND :SUNSHINE: SKY :PK WND
================================================================================
1 2 3 4 5 6A 6B 7 8 9 10 11 12 13 14 15 16 17 18
12Z AVG MX 2MIN
DY MAX MIN AVG DEP HDD CDD WTR SNW DPTH SPD SPD DIR MIN PSBL S-S WX SPD DR
================================================================================
1 79 56 68 17 0 3 0.00 M M 9.1 20 260 M M 4 12 25 290
2 65 51 58 8 7 0 0.03 M M 6.3 17 280 M M 9 1 24 250
3 66 46 56 6 9 0 0.12 M M 12.0 23 260 M M 9 1 30 320
4 66 42 54 5 11 0 0.00 M M 13.3 24 270 M M 3 34 270
5 58 36 47 -2 18 0 0.00 M M 22.5 35 310 M M 2 52 310
6 52 24 38 -10 27 0 0.00 M M 11.1 24 310 M M 1 37 300
7 73 23 48 0 17 0 0.00 M M 5.6 18 290 M M 0 25 300
8 71 35 53 6 12 0 0.00 M M 4.3 10 80 M M 0 16 80
9 67 30 49 2 16 0 0.00 M M 6.3 14 110 M M 0 1 20 110
10 66 37 52 6 13 0 0.00 M M 12.4 22 130 M M 0 29 150
11 62 37 50 4 15 0 T M M 16.2 24 100 M M 3 33 110
12 51 42 47 2 18 0 T M M 18.1 26 50 M M 9 36 60
13 49 41 45 0 20 0 T M M 11.7 21 20 M M 10 28 360
14 52 25 39 -5 26 0 0.00 M M 4.8 12 100 M M 7 12 16 110
15 58 21 40 -4 25 0 0.00 M M 4.6 14 180 M M 4 128 18 160
16 76 33 55 12 10 0 0.00 M M 3.8 14 260 M M 0 21 230
17 76 37 57 15 8 0 T M M 9.2 38 310 M M 1 1 55 300
18 56 40 48 6 17 0 0.00 M M 15.0 31 300 M M 7 46 300
19 75 37 56 14 9 0 0.00 M M 9.3 26 290 M M 0 38 300
20 78 35 57 16 8 0 0.00 M M 10.4 23 290 M M 0 31 290
21 63 37 50 10 15 0 0.00 M M 6.1 15 360 M M 3 20 10
22 67 35 51 11 14 0 0.00 M M 4.8 14 170 M M 0 18 170
23 56 33 45 5 20 0 0.10 M M 9.5 20 10 M M 5 1 27 10
24 48 41 45 6 20 0 T M M 5.5 14 40 M M 10 12 17 30
25 43 26 35 -4 30 0 0.09 M M 13.6 26 330 M M 10 1 33 330
26 26 10 18 -20 47 0 M M M 15.4 24 310 M M 9 128 32 310
27 20 1 11 -27 54 0 M M M 12.0 22 270 M M 3 1 27 280
28 24 5 15 -22 50 0 T M M 8.9 20 280 M M 2 1 25 280
29 27 10 19 -18 46 0 T M M 15.3 28 310 M M 8 38 300
30 32 3 18 -18 47 0 0.00 M M 15.0 37 310 M M 1 49 310
31 30 -7 12 -24 53 0 0.00 M M 6.4 16 190 M M 3 1 22 180
================================================================================
SM 1732 922 682 3 0.34 M 318.5 M 123
================================================================================
AV 55.9 29.7 10.3 FASTST M M 4 MAX(MPH)
MISC ----> 38 310 55 300
================================================================================
NOTES:
# LAST OF SEVERAL OCCURRENCES
COLUMN 17 PEAK WIND IN M.P.H.
PRELIMINARY LOCAL CLIMATOLOGICAL DATA (WS FORM: F-6) , PAGE 2
STATION: HETTINGER ND
MONTH: OCTOBER
YEAR: 2023
LATITUDE: 46 0 N
LONGITUDE: 102 39 W
[TEMPERATURE DATA] [PRECIPITATION DATA] SYMBOLS USED IN COLUMN 16
AVERAGE MONTHLY: 42.8 TOTAL FOR MONTH: 0.34 1 = FOG OR MIST
DPTR FM NORMAL: -0.4 DPTR FM NORMAL: -0.94 2 = FOG REDUCING VISIBILITY
HIGHEST: 79 ON 1 GRTST 24HR 0.15 ON 2- 3 TO 1/4 MILE OR LESS
LOWEST: -7 ON 31 3 = THUNDER
SNOW, ICE PELLETS, HAIL 4 = ICE PELLETS
TOTAL MONTH: M 5 = HAIL
GRTST 24HR M ON M 6 = FREEZING RAIN OR DRIZZLE
GRTST DEPTH: M ON M 7 = DUSTSTORM OR SANDSTORM:
VSBY 1/2 MILE OR LESS
8 = SMOKE OR HAZE
[NO. OF DAYS WITH] [WEATHER - DAYS WITH] 9 = BLOWING SNOW
X = TORNADO
MAX 32 OR BELOW: 6 0.01 INCH OR MORE: 4
MAX 90 OR ABOVE: 0 0.10 INCH OR MORE: 2
MIN 32 OR BELOW: 12 0.50 INCH OR MORE: 0
MIN 0 OR BELOW: 1 1.00 INCH OR MORE: 0
[HDD (BASE 65) ]
TOTAL THIS MO. 682 CLEAR (SCALE 0-3) 17
DPTR FM NORMAL 3 PTCLDY (SCALE 4-7) 7
TOTAL FM JUL 1 890 CLOUDY (SCALE 8-10) 7
DPTR FM NORMAL -116
[CDD (BASE 65) ]
TOTAL THIS MO. 3
DPTR FM NORMAL 1 [PRESSURE DATA]
TOTAL FM JAN 1 434 HIGHEST SLP M ON M
DPTR FM NORMAL 47 LOWEST SLP 29.56 ON 11
[REMARKS]
#FINAL-10-23#