000
CXUS51 KLWX 010737
CF6HGR
PRELIMINARY LOCAL CLIMATOLOGICAL DATA (WS FORM: F-6)
STATION: HAGERSTOWN MD
MONTH: APRIL
YEAR: 2022
LATITUDE: 39 42 N
LONGITUDE: 77 43 W
TEMPERATURE IN F: :PCPN: SNOW: WIND :SUNSHINE: SKY :PK WND
================================================================================
1 2 3 4 5 6A 6B 7 8 9 10 11 12 13 14 15 16 17 18
12Z AVG MX 2MIN
DY MAX MIN AVG DEP HDD CDD WTR SNW DPTH SPD SPD DIR MIN PSBL S-S WX SPD DR
================================================================================
1 56 40 48 -1 17 0 T M M 17.5 32 280 M M 8 38 270
2 54 33 44 -6 21 0 0.00 M M 6.8 21 300 M M 2 26 310
3 53 40 47 -3 18 0 T M M 12.7 29 310 M M 10 37 300
4 51 32 42 -8 23 0 0.00 M M 3.6 15 290 M M 4 19 290
5 55 40 48 -3 17 0 0.30 M M 4.7 18 50 M M 9 1 24 40
6 57 47 52 1 13 0 0.33 M M 7.5 18 150 M M 10 1 25 160
7 54 45 50 -1 15 0 0.81 M M 6.2 15 120 M M 10 13 21 130
8 59 39 49 -3 16 0 0.05 M M 6.5 29 290 M M 5 35 290
9 53 38 46 -6 19 0 0.10 M M 8.1 23 280 M M 9 29 290
10 51 37 44 -9 21 0 T M M 10.4 24 300 M M 7 30 290
11 65 34 50 -3 15 0 0.00 M M 6.8 16 150 M M 2 21 160
12 75 51 63 10 2 0 T M M 5.0 16 290 M M 6 20 300
13 84 51 68 14 0 3 0.01 M M 7.0 18 160 M M 2 24 190
14 78 50 64 10 1 0 0.00 M M 11.5 32 300 M M 4 40 300
15 72 44 58 4 7 0 0.00 M M 10.9 23 170 M M 0 31 180
16 75 52 64 9 1 0 T M M 10.6 24 330 M M 4 31 330
17 52 38 45 -10 20 0 0.00 M M 9.6 21 320 M M 5 25 320
18 42 33 38 -18 27 0 0.87 M M 5.7 16 150 M M 6 12 23 140
19 48 34 41 -15 24 0 0.01 M M 11.7 32 260 M M 8 1 40 270
20 58 34 46 -10 19 0 0.00 M M 6.4 16 290 M M 0 20 300
21 59 47 53 -4 12 0 0.03 M M 8.1 20 170 M M 5 23 150
22 72 44 58 1 7 0 0.00 M M 6.0 16 320 M M 1 1 21 350
23 75 54 65 7 0 0 0.00 M M 5.1 13 160 M M 4 18 160
24 84 48 66 8 0 1 0.00 M M 5.6 15 140 M M 1 20 160
25 71 52 62 4 3 0 0.00 M M 7.6 15 130 M M 2 23 270
26 62 51 57 -1 8 0 0.09 M M 5.4 18 290 M M 9 18 24 290
27 55 38 47 -12 18 0 0.00 M M 15.2 28 330 M M 6 35 320
28 58 34 46 -13 19 0 0.00 M M 13.9 22 320 M M 3 31 310
29 65 36 51 -9 14 0 0.00 M M 4.5 15 330 M M 0 18 280
30 67 41 54 -6 11 0 0.00 M M 4.3 9 250 M M 0 12 360
================================================================================
SM 1860 1257 388 4 2.60 M 244.9 M 142
================================================================================
AV 62.0 41.9 8.2 FASTST M M 5 MAX(MPH)
MISC ----> # 32 280 40 270
================================================================================
NOTES:
# LAST OF SEVERAL OCCURRENCES
COLUMN 17 PEAK WIND IN M.P.H.
PRELIMINARY LOCAL CLIMATOLOGICAL DATA (WS FORM: F-6) , PAGE 2
STATION: HAGERSTOWN MD
MONTH: APRIL
YEAR: 2022
LATITUDE: 39 42 N
LONGITUDE: 77 43 W
[TEMPERATURE DATA] [PRECIPITATION DATA] SYMBOLS USED IN COLUMN 16
AVERAGE MONTHLY: 52.0 TOTAL FOR MONTH: 2.60 1 = FOG OR MIST
DPTR FM NORMAL: -2.6 DPTR FM NORMAL: -0.73 2 = FOG REDUCING VISIBILITY
HIGHEST: 84 ON 24,13 GRTST 24HR 0.87 ON 18-18 TO 1/4 MILE OR LESS
LOWEST: 32 ON 4 3 = THUNDER
SNOW, ICE PELLETS, HAIL 4 = ICE PELLETS
TOTAL MONTH: M 5 = HAIL
GRTST 24HR M ON M 6 = FREEZING RAIN OR DRIZZLE
GRTST DEPTH: M ON M 7 = DUSTSTORM OR SANDSTORM:
VSBY 1/2 MILE OR LESS
8 = SMOKE OR HAZE
[NO. OF DAYS WITH] [WEATHER - DAYS WITH] 9 = BLOWING SNOW
X = TORNADO
MAX 32 OR BELOW: 0 0.01 INCH OR MORE: 10
MAX 90 OR ABOVE: 0 0.10 INCH OR MORE: 5
MIN 32 OR BELOW: 1 0.50 INCH OR MORE: 2
MIN 0 OR BELOW: 0 1.00 INCH OR MORE: 0
[HDD (BASE 65) ]
TOTAL THIS MO. 388 CLEAR (SCALE 0-3) 10
DPTR FM NORMAL 56 PTCLDY (SCALE 4-7) 13
TOTAL FM JUL 1 4313 CLOUDY (SCALE 8-10) 7
DPTR FM NORMAL -282
[CDD (BASE 65) ]
TOTAL THIS MO. 4
DPTR FM NORMAL -16 [PRESSURE DATA]
TOTAL FM JAN 1 4 HIGHEST SLP 30.49 ON 22
DPTR FM NORMAL -17 LOWEST SLP 29.57 ON 1
[REMARKS]
#FINAL-04-22#