000
CXUS54 KHGX 011410
CF6HGX
PRELIMINARY LOCAL CLIMATOLOGICAL DATA (WS FORM: F-6)
STATION: DICKINSON WFO
MONTH: APRIL
YEAR: 2021
LATITUDE: 29 28 N
LONGITUDE: 95 5 W
TEMPERATURE IN F: :PCPN: SNOW: WIND :SUNSHINE: SKY :PK WND
================================================================================
1 2 3 4 5 6A 6B 7 8 9 10 11 12 13 14 15 16 17 18
12Z AVG MX 2MIN
DY MAX MIN AVG DEP HDD CDD WTR SNW DPTH SPD SPD DIR MIN PSBL S-S WX SPD DR
================================================================================
1 70 53 62 -3 3 0 0.00 0.0 0 M M M M M M M M
2 65 50 58 -7 7 0 0.00 0.0 0 M M M M M M M M
3 64 56 60 -5 5 0 0.01 0.0 0 M M M M M M M M
4 73 56 65 0 0 0 0.00 0.0 0 M M M M M M M M
5 77 50 64 -1 1 0 0.00 0.0 0 M M M M M M M M
6 79 69 74 8 0 9 0.00 0.0 0 M M M M M M M M
7 79 65 72 6 0 7 0.08 0.0 0 M M M M M M M M
8 86 60 73 7 0 8 T 0.0 0 M M M M M M 8 M M
9 81 72 77 11 0 12 T 0.0 0 M M M M M M M M
10 85 60 73 7 0 8 0.00 0.0 0 M M M M M M M M
11 82 58 70 3 0 5 0.00 0.0 0 M M M M M M M M
12 80 57 69 2 0 4 0.00 0.0 0 M M M M M M M M
13 87 71 79 12 0 14 0.04 0.0 0 M M M M M M M M
14 83 68 76 9 0 11 0.43 0.0 0 M M M M M M M M
15 71 64 68 0 0 3 0.00 0.0 0 M M M M M M M M
16 74 64 69 1 0 4 0.11 0.0 0 M M M M M M M M
17 66 55 61 -7 4 0 0.02 0.0 0 M M M M M M M M
18 67 51 59 -9 6 0 T 0.0 0 M M M M M M M M
19 72 50 61 -7 4 0 0.02 0.0 0 M M M M M M M M
20 79 51 65 -4 0 0 0.00 0.0 0 M M M M M M M M
21 69 48 59 -10 6 0 0.00 0.0 0 M M M M M M M M
22 71 54 63 -6 2 0 0.00 0.0 0 M M M M M M M M
23 76 67 72 3 0 7 0.25 0.0 0 M M M M M M M M
24 88 67 78 8 0 13 0.00 0.0 0 M M M M M M M M
25 78 63 71 1 0 6 0.00 0.0 0 M M M M M M M M
26 80 62 71 1 0 6 0.00 0.0 0 M M M M M M M M
27 80 73 77 7 0 12 0.00 0.0 0 M M M M M M M M
28 82 75 79 8 0 14 0.00 0.0 0 M M M M M M M M
29 80 73 77 6 0 12 0.06 0.0 0 M M M M M M M M
30 76 65 71 0 0 6 0.66 M 0 M M M M M M 3 M M
================================================================================
SM 2300 1827 38 161 1.68 0.0 M M M
================================================================================
AV 76.7 60.9 M FASTST M M M MAX(MPH)
MISC ----> M M M M
================================================================================
NOTES:
# LAST OF SEVERAL OCCURRENCES
COLUMN 17 PEAK WIND IN M.P.H.
PRELIMINARY LOCAL CLIMATOLOGICAL DATA (WS FORM: F-6) , PAGE 2
STATION: DICKINSON WFO
MONTH: APRIL
YEAR: 2021
LATITUDE: 29 28 N
LONGITUDE: 95 5 W
[TEMPERATURE DATA] [PRECIPITATION DATA] SYMBOLS USED IN COLUMN 16
AVERAGE MONTHLY: 68.8 TOTAL FOR MONTH: 1.68 1 = FOG OR MIST
DPTR FM NORMAL: 1.1 DPTR FM NORMAL: -1.63 2 = FOG REDUCING VISIBILITY
HIGHEST: 88 ON 24 GRTST 24HR 0.66 ON 30-30 TO 1/4 MILE OR LESS
LOWEST: 48 ON 21 3 = THUNDER
SNOW, ICE PELLETS, HAIL 4 = ICE PELLETS
TOTAL MONTH: 0.0 INCH 5 = HAIL
GRTST 24HR 0.0 6 = FREEZING RAIN OR DRIZZLE
GRTST DEPTH: 0 7 = DUSTSTORM OR SANDSTORM:
VSBY 1/2 MILE OR LESS
8 = SMOKE OR HAZE
[NO. OF DAYS WITH] [WEATHER - DAYS WITH] 9 = BLOWING SNOW
X = TORNADO
MAX 32 OR BELOW: 0 0.01 INCH OR MORE: 10
MAX 90 OR ABOVE: 0 0.10 INCH OR MORE: 4
MIN 32 OR BELOW: 0 0.50 INCH OR MORE: 1
MIN 0 OR BELOW: 0 1.00 INCH OR MORE: 0
[HDD (BASE 65) ]
TOTAL THIS MO. 38 CLEAR (SCALE 0-3) 0
DPTR FM NORMAL -7 PTCLDY (SCALE 4-7) 0
TOTAL FM JUL 1 1124 CLOUDY (SCALE 8-10) 30
DPTR FM NORMAL -275
[CDD (BASE 65) ]
TOTAL THIS MO. 161
DPTR FM NORMAL 33 [PRESSURE DATA]
TOTAL FM JAN 1 310 HIGHEST SLP M ON M
DPTR FM NORMAL 106 LOWEST SLP M ON M
[REMARKS]
#FINAL-04-21#