000
CXUS53 KGID 020407 AAA
CF6HJH
PRELIMINARY LOCAL CLIMATOLOGICAL DATA (WS FORM: F-6)
STATION: HEBRON NE
MONTH: DECEMBER
YEAR: 2021
LATITUDE: 40 9 N
LONGITUDE: 97 35 W
TEMPERATURE IN F: :PCPN: SNOW: WIND :SUNSHINE: SKY :PK WND
================================================================================
1 2 3 4 5 6A 6B 7 8 9 10 11 12 13 14 15 16 17 18
12Z AVG MX 2MIN
DY MAX MIN AVG DEP HDD CDD WTR SNW DPTH SPD SPD DIR MIN PSBL S-S WX SPD DR
================================================================================
1 67 37 52 M 13 0 0.00 M M 6.7 13 250 M M 0 21 250
2 76 40 58 M 7 0 0.00 M M 4.0 15 200 M M 0 8 M M
3 62 37 50 M 15 0 0.00 M M 10.0 18 10 M M 0 28 20
4 47 29 38 M 27 0 0.00 M M 5.8 14 150 M M 4 1 17 150
5 57 31 44 M 21 0 0.00 M M 11.4 23 350 M M 2 31 340
6 31 21 26 M 39 0 0.00 M M 7.2 15 320 M M 1 23 290
7 44 26 35 M 30 0 0.00 M M 8.9 16 170 M M 2 24 220
8 53 20 37 M 28 0 0.00 M M 5.3 14 170 M M 1 21 170
9 59 29 44 M 21 0 0.00 M M 7.7 15 160 M M 0 22 300
10 46 30 38 M 27 0 M M M 14.8 22 80 M M 7 30 80
11 44 23 34 M 31 0 0.00 M M 10.1 18 330 M M 1 24 330
12 55 30 43 M 22 0 0.00 M M 7.9 15 160 M M 0 22 220
13 60 22 41 M 24 0 0.00 M M 2.9 10 130 M M 0 M M
14 60 27 44 M 21 0 0.00 M M 4.4 15 160 M M 0 21 160
15 74 33 54 M 11 0 0.28 M M 20.4 36 220 M M 3 8 61 220
16 46 26 36 M 29 0 0.00 M M 5.4 9 230 M M 0 M M
17 45 26 36 M 29 0 0.00 M M 4.7 16 320 M M 0 22 320
18 28 10 19 M 46 0 0.00 M M 10.6 20 330 M M 5 29 340
19 42 11 27 M 38 0 0.00 M M 9.9 18 190 M M 0 28 200
20 37 15 26 M 39 0 0.00 M M 8.3 20 10 M M 0 28 360
21 50 13 32 M 33 0 0.00 M M 4.6 16 330 M M 0 21 350
22 55 19 37 M 28 0 0.00 M M 5.5 14 210 M M 0 20 210
23 62 26 44 M 21 0 0.00 M M 3.0 9 220 M M 0 17 180
24 67 32 50 M 15 0 T M M 5.7 16 20 M M 1 1 22 20
25 58 24 41 M 24 0 0.00 M M 3.0 13 250 M M 0 M M
26 58 24 41 M 24 0 0.00 M M 5.6 20 140 M M 1 27 140
27 41 30 36 M 29 0 0.00 M M 5.8 12 140 M M 0 17 310
28 42 14 28 M 37 0 0.00 M M 7.7 20 330 M M 0 30 330
29 29 15 22 M 43 0 0.00 M M 5.8 10 60 M M 3 M M
30 44 15 30 M 35 0 0.00 M M 4.5 15 210 M M 3 21 210
31 28 13 21 M 44 0 0.00 M M 9.2 21 30 M M 7 1 31 30
================================================================================
SM 1567 748 851 0 M M 226.8 M 41
================================================================================
AV 50.5 24.1 7.3 FASTST M M 1 MAX(MPH)
MISC ----> 36 220 M M
================================================================================
NOTES:
# LAST OF SEVERAL OCCURRENCES
COLUMN 17 PEAK WIND IN M.P.H.
PRELIMINARY LOCAL CLIMATOLOGICAL DATA (WS FORM: F-6) , PAGE 2
STATION: HEBRON NE
MONTH: DECEMBER
YEAR: 2021
LATITUDE: 40 9 N
LONGITUDE: 97 35 W
[TEMPERATURE DATA] [PRECIPITATION DATA] SYMBOLS USED IN COLUMN 16
AVERAGE MONTHLY: 37.3 TOTAL FOR MONTH: M 1 = FOG OR MIST
DPTR FM NORMAL: M DPTR FM NORMAL: M 2 = FOG REDUCING VISIBILITY
HIGHEST: 76 ON 2 GRTST 24HR M ON M TO 1/4 MILE OR LESS
LOWEST: 10 ON 18 3 = THUNDER
SNOW, ICE PELLETS, HAIL 4 = ICE PELLETS
TOTAL MONTH: M 5 = HAIL
GRTST 24HR M ON M 6 = FREEZING RAIN OR DRIZZLE
GRTST DEPTH: M ON M 7 = DUSTSTORM OR SANDSTORM:
VSBY 1/2 MILE OR LESS
8 = SMOKE OR HAZE
[NO. OF DAYS WITH] [WEATHER - DAYS WITH] 9 = BLOWING SNOW
X = TORNADO
MAX 32 OR BELOW: 4 0.01 INCH OR MORE: M
MAX 90 OR ABOVE: 0 0.10 INCH OR MORE: M
MIN 32 OR BELOW: 27 0.50 INCH OR MORE: M
MIN 0 OR BELOW: 0 1.00 INCH OR MORE: M
[HDD (BASE 65) ]
TOTAL THIS MO. 851 CLEAR (SCALE 0-3) 26
DPTR FM NORMAL M PTCLDY (SCALE 4-7) 5
TOTAL FM JUL 1 1710 CLOUDY (SCALE 8-10) 0
DPTR FM NORMAL M
[CDD (BASE 65) ]
TOTAL THIS MO. 0
DPTR FM NORMAL M [PRESSURE DATA]
TOTAL FM JAN 1 1400 HIGHEST SLP M ON M
DPTR FM NORMAL 1389 LOWEST SLP M ON M
[REMARKS]
#FINAL-12-21#