928
CXUS56 KHNX 011146
CF6HJO
PRELIMINARY LOCAL CLIMATOLOGICAL DATA (WS FORM: F-6)
STATION: HANFORD CA AIRPORT
MONTH: JUNE
YEAR: 2020
LATITUDE: 36 19 N
LONGITUDE: 119 38 W
TEMPERATURE IN F: :PCPN: SNOW: WIND :SUNSHINE: SKY :PK WND
================================================================================
1 2 3 4 5 6A 6B 7 8 9 10 11 12 13 14 15 16 17 18
12Z AVG MX 2MIN
DY MAX MIN AVG DEP HDD CDD WTR SNW DPTH SPD SPD DIR MIN PSBL S-S WX SPD DR
================================================================================
1 85 65 75 3 0 10 0.00 0.0 0 7.6 13 320 M M 0 8 16 320
2 93 65 79 7 0 14 0.00 0.0 0 4.6 10 310 M M 0 16 290
3 102 65 84 12 0 19 0.00 0.0 0 6.3 16 300 M M 0 18 20 310
4 104 70 87 15 0 22 0.00 0.0 0 6.0 15 310 M M 0 8 20 300
5 90 61 76 3 0 11 0.00 0.0 0 6.1 23 320 M M 0 18 30 310
6 81 56 69 -4 0 4 0.00 0.0 0 10.9 26 320 M M 1 8 34 330
7 77 53 65 -8 0 0 0.00 0.0 0 15.1 23 330 M M 0 29 330
8 81 53 67 -6 0 2 0.00 0.0 0 7.3 14 320 M M 0 8 19 330
9 91 50 71 -2 0 6 0.00 0.0 0 5.5 13 330 M M 0 8 16 330
10 96 54 75 1 0 10 0.00 0.0 0 4.1 12 310 M M 0 8 15 310
11 99 61 80 6 0 15 0.00 0.0 0 4.9 13 310 M M 0 8 20 290
12 90 61 76 2 0 11 0.00 0.0 0 10.9 32 320 M M 1 8 37 320
13 79 55 67 -7 0 2 0.00 0.0 0 11.2 18 320 M M 0 22 320
14 85 56 71 -3 0 6 0.00 0.0 0 9.3 16 320 M M 0 20 330
15 91 59 75 1 0 10 0.00 0.0 0 10.1 23 330 M M 0 29 320
16 86 60 73 -2 0 8 0.00 0.0 0 11.7 21 320 M M 0 24 320
17 87 59 73 -2 0 8 0.00 0.0 0 7.2 15 320 M M 0 8 18 320
18 95 55 75 0 0 10 0.00 0.0 0 5.4 14 320 M M 0 8 18 320
19 99 58 79 4 0 14 0.00 0.0 0 6.8 15 320 M M 0 19 310
20 100 61 81 6 0 16 0.00 0.0 0 8.0 17 320 M M 0 22 310
21 99 63 81 5 0 16 0.00 0.0 0 8.1 15 320 M M 0 19 330
22 101 64 83 7 0 18 0.00 0.0 0 4.9 13 320 M M 0 16 320
23 103 70 87 11 0 22 0.00 0.0 0 7.6 14 330 M M 0 17 330
24 102 72 87 11 0 22 0.00 0.0 0 6.3 12 310 M M 0 15 330
25 103 68 86 10 0 21 0.00 0.0 0 5.5 16 320 M M 0 21 320
26 101 67 84 7 0 19 0.00 0.0 0 5.0 13 300 M M 0 17 330
27 106 71 89 12 0 24 0.00 0.0 0 6.9 16 330 M M 0 22 330
28 95 62 79 2 0 14 0.00 0.0 0 6.5 22 330 M M 0 8 27 330
29 86 53 70 -7 0 5 0.00 0.0 0 4.0 15 330 M M 0 8 22 340
30 94 56 75 -2 0 10 0.00 0.0 0 4.1 12 320 M M 0 17 320
================================================================================
SM 2801 1823 0 369 0.00 0.0 217.9 M 2
================================================================================
AV 93.4 60.8 7.3 FASTST M M 0 MAX(MPH)
MISC ----> # 32 320 # 37 320
================================================================================
NOTES:
# LAST OF SEVERAL OCCURRENCES
COLUMN 17 PEAK WIND IN M.P.H.
PRELIMINARY LOCAL CLIMATOLOGICAL DATA (WS FORM: F-6) , PAGE 2
STATION: HANFORD CA AIRPORT
MONTH: JUNE
YEAR: 2020
LATITUDE: 36 19 N
LONGITUDE: 119 38 W
[TEMPERATURE DATA] [PRECIPITATION DATA] SYMBOLS USED IN COLUMN 16
AVERAGE MONTHLY: 77.1 TOTAL FOR MONTH: 0.00 1 = FOG OR MIST
DPTR FM NORMAL: 2.5 DPTR FM NORMAL: -0.15 2 = FOG REDUCING VISIBILITY
HIGHEST: 106 ON 27 GRTST 24HR 0.00 ON 30-30 TO 1/4 MILE OR LESS
LOWEST: 50 ON 9 3 = THUNDER
SNOW, ICE PELLETS, HAIL 4 = ICE PELLETS
TOTAL MONTH: 0.0 INCH 5 = HAIL
GRTST 24HR 0.0 6 = FREEZING RAIN OR DRIZZLE
GRTST DEPTH: 0 7 = DUSTSTORM OR SANDSTORM:
VSBY 1/2 MILE OR LESS
8 = SMOKE OR HAZE
[NO. OF DAYS WITH] [WEATHER - DAYS WITH] 9 = BLOWING SNOW
X = TORNADO
MAX 32 OR BELOW: 0 0.01 INCH OR MORE: 0
MAX 90 OR ABOVE: 21 0.10 INCH OR MORE: 0
MIN 32 OR BELOW: 0 0.50 INCH OR MORE: 0
MIN 0 OR BELOW: 0 1.00 INCH OR MORE: 0
[HDD (BASE 65) ]
TOTAL THIS MO. 0 CLEAR (SCALE 0-3) 30
DPTR FM NORMAL -3 PTCLDY (SCALE 4-7) 0
TOTAL FM JUL 1 2158 CLOUDY (SCALE 8-10) 0
DPTR FM NORMAL -497
[CDD (BASE 65) ]
TOTAL THIS MO. 369
DPTR FM NORMAL 78 [PRESSURE DATA]
TOTAL FM JAN 1 648 HIGHEST SLP 30.15 ON 9
DPTR FM NORMAL 168 LOWEST SLP 29.57 ON 4
[REMARKS]
#FINAL-06-20#