000
CXUS56 KHNX 110655
CF6HJO
PRELIMINARY LOCAL CLIMATOLOGICAL DATA (WS FORM: F-6)
STATION: HANFORD CA AIRPORT
MONTH: NOVEMBER
YEAR: 2023
LATITUDE: 36 19 N
LONGITUDE: 119 38 W
TEMPERATURE IN F: :PCPN: SNOW: WIND :SUNSHINE: SKY :PK WND
================================================================================
1 2 3 4 5 6A 6B 7 8 9 10 11 12 13 14 15 16 17 18
12Z AVG MX 2MIN
DY MAX MIN AVG DEP HDD CDD WTR SNW DPTH SPD SPD DIR MIN PSBL S-S WX SPD DR
================================================================================
1 79 37 58 -1 7 0 0.00 0.0 0 2.2 8 330 M M 0 18 11 320
2 80 39 60 2 5 0 0.00 0.0 0 1.3 6 110 M M 0 18 8 310
3 79 43 61 3 4 0 0.00 0.0 0 1.1 6 60 M M 0 18 9 180
4 82 45 64 6 1 0 0.00 0.0 0 1.6 7 70 M M 0 18 8 210
5 82 46 64 7 1 0 0.00 0.0 0 0.8 7 340 M M 0 18 10 320
6 77 52 65 8 0 0 T 0.0 0 7.4 22 320 M M 3 8 29 330
7 69 53 61 5 4 0 0.01 0.0 0 9.5 17 310 M M 1 25 320
8 69 41 55 -1 10 0 0.00 0.0 0 2.4 12 320 M M 0 18 17 310
9 70 37 54 -2 11 0 0.00 0.0 0 1.5 7 330 M M 0 18 10 290
10 70 38 54 -1 11 0 0.00 0.0 0 1.2 7 330 M M 0 128 11 330
11 72 37 55 0 10 0 0.00 0.0 0 1.2 7 330 M M 0 18 10 320
12 78 38 58 4 7 0 0.00 0.0 0 2.0 8 70 M M 0 18 10 80
13 77 45 61 7 4 0 0.00 0.0 0 1.9 8 70 M M 0 8 10 280
14 76 38 57 3 8 0 0.00 0.0 0 2.3 8 150 M M 0 18 10 160
15 71 39 55 2 10 0 0.01 0.0 0 2.1 8 330 M M 6 18 13 70
16 77 50 64 11 1 0 0.00 0.0 0 3.7 12 320 M M 2 18 16 310
17 75 46 61 9 4 0 0.04 0.0 0 3.2 13 230 M M 5 128 18 240
18 66 51 59 7 6 0 0.07 0.0 0 3.4 10 70 M M 6 12 16 70
19 65 43 54 2 11 0 0.00 0.0 0 9.8 20 320 M M 1 12 30 320
20 65 35 50 -1 15 0 0.00 0.0 0 0.6 7 60 M M 0 1 9 170
21 70 34 52 1 13 0 0.00 0.0 0 1.7 7 310 M M 0 18 10 310
22 70 36 53 2 12 0 0.00 0.0 0 1.2 7 300 M M 0 18 9 300
23 70 40 55 5 10 0 0.00 0.0 0 3.3 10 330 M M 0 18 14 330
24 62 35 49 -1 16 0 0.00 0.0 0 3.6 17 320 M M 0 1 22 330
25 64 31 48 -2 17 0 0.00 0.0 0 1.1 7 320 M M 0 18 9 310
26 63 31 47 -2 18 0 0.00 0.0 0 2.3 7 60 M M 0 18 9 250
27 67 31 49 0 16 0 0.00 0.0 0 0.8 6 70 M M 0 18 8 310
28 70 31 51 2 14 0 0.00 0.0 0 1.8 6 60 M M 0 1 9 250
29 66 33 50 2 15 0 0.00 0.0 0 2.7 9 320 M M 0 13 320
30 67 38 53 5 12 0 0.00 0.0 0 2.8 9 10 M M 5 18 16 350
================================================================================
SM 2148 1193 273 0 0.13 0.0 80.5 M 29
================================================================================
AV 71.6 39.8 2.7 FASTST M M 1 MAX(MPH)
MISC ----> 22 320 30 320
================================================================================
NOTES:
# LAST OF SEVERAL OCCURRENCES
COLUMN 17 PEAK WIND IN M.P.H.
PRELIMINARY LOCAL CLIMATOLOGICAL DATA (WS FORM: F-6) , PAGE 2
STATION: HANFORD CA AIRPORT
MONTH: NOVEMBER
YEAR: 2023
LATITUDE: 36 19 N
LONGITUDE: 119 38 W
[TEMPERATURE DATA] [PRECIPITATION DATA] SYMBOLS USED IN COLUMN 16
AVERAGE MONTHLY: 55.7 TOTAL FOR MONTH: 0.13 1 = FOG OR MIST
DPTR FM NORMAL: 2.5 DPTR FM NORMAL: -0.49 2 = FOG REDUCING VISIBILITY
HIGHEST: 82 ON 5, 4 GRTST 24HR 0.11 ON 17-18 TO 1/4 MILE OR LESS
LOWEST: 31 ON 28,27 3 = THUNDER
SNOW, ICE PELLETS, HAIL 4 = ICE PELLETS
TOTAL MONTH: 0.0 INCH 5 = HAIL
GRTST 24HR 0.0 6 = FREEZING RAIN OR DRIZZLE
GRTST DEPTH: 0 7 = DUSTSTORM OR SANDSTORM:
VSBY 1/2 MILE OR LESS
8 = SMOKE OR HAZE
[NO. OF DAYS WITH] [WEATHER - DAYS WITH] 9 = BLOWING SNOW
X = TORNADO
MAX 32 OR BELOW: 0 0.01 INCH OR MORE: 4
MAX 90 OR ABOVE: 0 0.10 INCH OR MORE: 0
MIN 32 OR BELOW: 4 0.50 INCH OR MORE: 0
MIN 0 OR BELOW: 0 1.00 INCH OR MORE: 0
[HDD (BASE 65) ]
TOTAL THIS MO. 273 CLEAR (SCALE 0-3) 26
DPTR FM NORMAL -82 PTCLDY (SCALE 4-7) 4
TOTAL FM JUL 1 325 CLOUDY (SCALE 8-10) 0
DPTR FM NORMAL -116
[CDD (BASE 65) ]
TOTAL THIS MO. 0
DPTR FM NORMAL -1 [PRESSURE DATA]
TOTAL FM JAN 1 2158 HIGHEST SLP 30.43 ON 21
DPTR FM NORMAL 290 LOWEST SLP 29.76 ON 15
[REMARKS]
#FINAL-11-23#