000
CXUS51 KPBZ 010730
CF6HLG
PRELIMINARY LOCAL CLIMATOLOGICAL DATA (WS FORM: F-6)
STATION: WHEELING WV
MONTH: AUGUST
YEAR: 2023
LATITUDE: 40 10 N
LONGITUDE: 80 39 W
TEMPERATURE IN F: :PCPN: SNOW: WIND :SUNSHINE: SKY :PK WND
================================================================================
1 2 3 4 5 6A 6B 7 8 9 10 11 12 13 14 15 16 17 18
12Z AVG MX 2MIN
DY MAX MIN AVG DEP HDD CDD WTR SNW DPTH SPD SPD DIR MIN PSBL S-S WX SPD DR
================================================================================
1 76 55 66 -7 0 1 0.00 M M 2.3 9 60 M M 2 12 13 280
2 79 56 68 -5 0 3 0.00 M M 2.1 8 200 M M 0 1 10 200
3 85 61 73 0 0 8 0.00 M M 3.2 10 200 M M 2 18 15 210
4 87 63 75 2 0 10 0.00 M M 6.1 17 350 M M 2 12 21 360
5 83 60 72 -1 0 7 0.00 M M 2.3 8 310 M M 1 128 11 250
6 85 64 75 2 0 10 T M M 7.8 15 140 M M 3 20 140
7 79 64 72 -1 0 7 0.28 M M 9.2 18 180 M M 7 13 24 250
8 81 61 71 -2 0 6 0.00 M M 8.7 21 270 M M 2 29 250
9 82 63 73 0 0 8 0.10 M M 6.7 15 260 M M 3 13 20 270
10 80 65 73 0 0 8 0.93 M M 6.9 14 280 M M 6 1 20 260
11 81 63 72 0 0 7 0.00 M M 5.6 13 240 M M 4 16 240
12 85 67 76 4 0 11 0.68 M M 9.3 33 310 M M 5 13 48 290
13 84 66 75 3 0 10 0.00 M M 4.8 13 270 M M 3 1 18 250
14 77 66 72 0 0 7 0.85 M M 4.8 17 60 M M 6 1 17 90
15 78 65 72 0 0 7 0.01 M M 7.8 18 260 M M 7 12 25 270
16 74 64 69 -3 0 4 0.14 M M 3.1 14 220 M M 10 1 17 220
17 80 63 72 0 0 7 0.28 M M 8.0 23 290 M M 7 123 31 290
18 73 56 65 -7 0 0 0.00 M M 8.5 20 260 M M 5 26 280
19 76 53 65 -7 0 0 0.00 M M 2.9 9 230 M M 0 12 12 220
20 83 57 70 -1 0 5 0.00 M M 4.3 10 220 M M 0 1 14 210
21 87 64 76 5 0 11 0.00 M M 2.9 12 360 M M 2 18 15 10
22 79 60 70 -1 0 5 0.00 M M 6.2 14 340 M M 2 18 16 330
23 80 57 69 -2 0 4 1.00 M M 5.2 21 20 M M 4 138 27 20
24 81 66 74 3 0 9 0.33 M M 8.0 22 250 M M 3 13 31 250
25 82 68 75 4 0 10 0.22 M M 7.4 22 300 M M 9 138 40 290
26 80 67 74 4 0 9 0.00 M M 4.5 12 20 M M 7 17 10
27 78 63 71 1 0 6 0.00 M M 6.8 10 30 M M 4 M M
28 79 58 69 -1 0 4 0.00 M M 4.6 12 360 M M 5 15 10
29 80 61 71 1 0 6 0.00 M M 4.0 7 270 M M 5 10 270
30 72 59 66 -4 0 1 0.00 M M 8.1 16 330 M M 4 1 22 320
31 75 56 66 -3 0 1 0.00 M M 7.9 13 30 M M 3 M M
================================================================================
SM 2481 1911 0 192 4.82 M 180.0 M 123
================================================================================
AV 80.0 61.6 5.8 FASTST M M 4 MAX(MPH)
MISC ----> 33 310 48 290
================================================================================
NOTES:
# LAST OF SEVERAL OCCURRENCES
COLUMN 17 PEAK WIND IN M.P.H.
PRELIMINARY LOCAL CLIMATOLOGICAL DATA (WS FORM: F-6) , PAGE 2
STATION: WHEELING WV
MONTH: AUGUST
YEAR: 2023
LATITUDE: 40 10 N
LONGITUDE: 80 39 W
[TEMPERATURE DATA] [PRECIPITATION DATA] SYMBOLS USED IN COLUMN 16
AVERAGE MONTHLY: 70.8 TOTAL FOR MONTH: 4.82 1 = FOG OR MIST
DPTR FM NORMAL: -0.9 DPTR FM NORMAL: 1.08 2 = FOG REDUCING VISIBILITY
HIGHEST: 87 ON 21, 4 GRTST 24HR 1.23 ON 23-24 TO 1/4 MILE OR LESS
LOWEST: 53 ON 19 3 = THUNDER
SNOW, ICE PELLETS, HAIL 4 = ICE PELLETS
TOTAL MONTH: M 5 = HAIL
GRTST 24HR M ON M 6 = FREEZING RAIN OR DRIZZLE
GRTST DEPTH: M ON M 7 = DUSTSTORM OR SANDSTORM:
VSBY 1/2 MILE OR LESS
8 = SMOKE OR HAZE
[NO. OF DAYS WITH] [WEATHER - DAYS WITH] 9 = BLOWING SNOW
X = TORNADO
MAX 32 OR BELOW: 0 0.01 INCH OR MORE: 11
MAX 90 OR ABOVE: 0 0.10 INCH OR MORE: 10
MIN 32 OR BELOW: 0 0.50 INCH OR MORE: 4
MIN 0 OR BELOW: 0 1.00 INCH OR MORE: 1
[HDD (BASE 65) ]
TOTAL THIS MO. 0 CLEAR (SCALE 0-3) 13
DPTR FM NORMAL -7 PTCLDY (SCALE 4-7) 16
TOTAL FM JUL 1 0 CLOUDY (SCALE 8-10) 2
DPTR FM NORMAL -5
[CDD (BASE 65) ]
TOTAL THIS MO. 192
DPTR FM NORMAL -23 [PRESSURE DATA]
TOTAL FM JAN 1 627 HIGHEST SLP 30.24 ON 1
DPTR FM NORMAL -55 LOWEST SLP 29.65 ON 7
[REMARKS]
#FINAL-08-23#