000
CXUS54 KMAF 011110
CF6HOB
PRELIMINARY LOCAL CLIMATOLOGICAL DATA (WS FORM: F-6)
STATION: LEA AIRPORT, HOBBS
MONTH: MARCH
YEAR: 2023
LATITUDE: 32 40 N
LONGITUDE: 103-12 E
TEMPERATURE IN F: :PCPN: SNOW: WIND :SUNSHINE: SKY :PK WND
================================================================================
1 2 3 4 5 6A 6B 7 8 9 10 11 12 13 14 15 16 17 18
12Z AVG MX 2MIN
DY MAX MIN AVG DEP HDD CDD WTR SNW DPTH SPD SPD DIR MIN PSBL S-S WX SPD DR
================================================================================
1 70 46 58 M 7 0 0.00 M M 12.7 25 210 M M 2 37 210
2 66 32 49 M 16 0 0.00 M M 15.5 38 250 M M 2 7 55 250
3 66 32 49 M 16 0 0.00 M M 12.3 18 270 M M 0 24 210
4 68 37 53 M 12 0 0.00 M M 11.7 21 330 M M 0 32 340
5 77 39 58 M 7 0 0.00 M M 12.3 25 230 M M 0 33 230
6 81 45 63 M 2 0 0.00 M M 11.9 22 280 M M 0 25 240
7 81 48 65 M 0 0 0.00 M M 9.6 18 360 M M 2 25 330
8 59 43 51 M 14 0 0.00 M M 10.8 18 100 M M 7 18 22 100
9 66 45 56 M 9 0 0.00 M M 5.8 18 80 M M 5 128 25 90
10 70 45 58 M 7 0 0.00 M M 12.9 20 170 M M 5 22 80
11 82 50 66 M 0 1 0.00 M M 15.2 24 230 M M 2 37 240
12 73 41 57 M 8 0 0.00 M M 10.9 21 90 M M 2 26 80
13 63 36 50 M 15 0 0.00 M M 12.7 20 100 M M 0 25 100
14 66 30 48 M 17 0 0.00 M M 9.1 13 60 M M 1 20 80
15 79 41 60 M 5 0 0.00 M M 14.8 23 150 M M 3 1 31 200
16 72 36 54 M 11 0 0.00 M M 21.3 33 250 M M 5 17 40 250
17 48 34 41 M 24 0 0.00 M M 11.3 24 30 M M 5 30 30
18 52 30 41 M 24 0 0.00 M M 8.1 14 90 M M 7 21 60
19 55 27 41 M 24 0 0.00 M M 11.9 23 170 M M 0 30 140
20 68 36 52 M 13 0 0.00 M M 15.6 23 210 M M 5 31 210
21 77 41 59 M 6 0 0.00 M M 12.9 25 200 M M 3 1 32 220
22 82 46 64 M 1 0 0.00 M M 10.2 26 210 M M 0 36 210
23 79 48 64 M 1 0 0.00 M M 11.1 18 290 M M 1 28 290
24 66 41 54 M 11 0 0.00 M M 16.3 30 240 M M 0 39 250
25 66 36 51 M 14 0 0.00 M M 12.1 28 290 M M 0 39 290
26 70 32 51 M 14 0 0.00 M M 10.7 23 240 M M 0 36 240
27 68 37 53 M 12 0 0.00 M M 9.3 25 20 M M 0 33 360
28 57 32 45 M 20 0 0.00 M M 13.9 23 30 M M 4 31 30
29 75 34 55 M 10 0 0.00 M M 10.8 18 160 M M 2 30 160
30 82 45 64 M 1 0 0.00 M M 13.8 25 180 M M 1 39 220
31 68 39 54 M 11 0 0.00 M M 16.9 29 270 M M 0 40 280
================================================================================
SM 2152 1204 332 1 0.00 M 384.4 M 64
================================================================================
AV 69.4 38.8 12.4 FASTST M M 2 MAX(MPH)
MISC ----> 38 250 55 250
================================================================================
NOTES:
# LAST OF SEVERAL OCCURRENCES
COLUMN 17 PEAK WIND IN M.P.H.
PRELIMINARY LOCAL CLIMATOLOGICAL DATA (WS FORM: F-6) , PAGE 2
STATION: LEA AIRPORT, HOBBS
MONTH: MARCH
YEAR: 2023
LATITUDE: 32 40 N
LONGITUDE: 103-12 E
[TEMPERATURE DATA] [PRECIPITATION DATA] SYMBOLS USED IN COLUMN 16
AVERAGE MONTHLY: 54.1 TOTAL FOR MONTH: 0.00 1 = FOG OR MIST
DPTR FM NORMAL: 0.0 DPTR FM NORMAL: M 2 = FOG REDUCING VISIBILITY
HIGHEST: 82 ON 30,22 GRTST 24HR 0.00 ON 1- 1 TO 1/4 MILE OR LESS
LOWEST: 27 ON 19 3 = THUNDER
SNOW, ICE PELLETS, HAIL 4 = ICE PELLETS
TOTAL MONTH: M 5 = HAIL
GRTST 24HR M ON M 6 = FREEZING RAIN OR DRIZZLE
GRTST DEPTH: M ON M 7 = DUSTSTORM OR SANDSTORM:
VSBY 1/2 MILE OR LESS
8 = SMOKE OR HAZE
[NO. OF DAYS WITH] [WEATHER - DAYS WITH] 9 = BLOWING SNOW
X = TORNADO
MAX 32 OR BELOW: 0 0.01 INCH OR MORE: 0
MAX 90 OR ABOVE: 0 0.10 INCH OR MORE: 0
MIN 32 OR BELOW: 7 0.50 INCH OR MORE: 0
MIN 0 OR BELOW: 0 1.00 INCH OR MORE: 0
[HDD (BASE 65) ]
TOTAL THIS MO. 332 CLEAR (SCALE 0-3) 23
DPTR FM NORMAL M PTCLDY (SCALE 4-7) 8
TOTAL FM JUL 1 2825 CLOUDY (SCALE 8-10) 0
DPTR FM NORMAL M
[CDD (BASE 65) ]
TOTAL THIS MO. 1
DPTR FM NORMAL M [PRESSURE DATA]
TOTAL FM JAN 1 1 HIGHEST SLP M ON M
DPTR FM NORMAL M LOWEST SLP M ON M
[REMARKS]
#FINAL-03-23#