000
CXUS54 KHGX 011401
CLMHOU
CLIMATE REPORT
NATIONAL WEATHER SERVICE HOUSTON/GALVESTON TX
901 AM CDT MON MAY 01 2023
...................................
...THE HOUSTON/HOBBY AIRPORT CLIMATE SUMMARY FOR THE MONTH OF APRIL 2023...
CLIMATE NORMAL PERIOD: 1991 TO 2020
CLIMATE RECORD PERIOD: 1930 TO 2023
WEATHER OBSERVED NORMAL DEPART LAST YEAR`S
VALUE DATE(S) VALUE FROM VALUE DATE(S)
NORMAL
................................................................
TEMPERATURE (F)
RECORD
HIGH 94 04/27/2011
04/28/1948
05/29/1996
LOW 32 04/13/1940
HIGHEST 90 04/01 MM MM 88 04/30
04/15
LOWEST 54 04/17 MM MM 47 04/09
04/30
AVG. MAXIMUM 79.1 79.3 -0.2 82.6
AVG. MINIMUM 62.1 61.8 0.3 65.2
MEAN 70.6 70.5 0.1 73.9
DAYS MAX >= 90 2 0.4 1.6 0
DAYS MAX <= 32 0 0.0 0.0 0
DAYS MIN <= 32 0 0.0 0.0 0
DAYS MIN <= 0 0 0.0 0.0 0
PRECIPITATION (INCHES)
RECORD
MAXIMUM 15.61 2009
TOTALS 4.03 4.08 -0.05
DAILY AVG. 0.13 0.14 -0.01 0.06
DAYS >= .01 12 8.0 4.0 4
DAYS >= .10 7 4.2 2.8 1
DAYS >= .50 3 2.5 0.5 1
DAYS >= 1.00 0 1.1 -1.1 1
GREATEST
24 HR. TOTAL 1.13 04/06 TO 04/07 1.54 04/25 TO 04/25
SNOWFALL (INCHES)
RECORDS
TOTAL MM MM
TOTALS 0.0
SINCE 7/1 0.0
LIQUID 7/1 0.00
DAYS >= TRACE 0
GREATEST
24 HR TOTAL MM
DEGREE DAYS
HEATING TOTAL 10 22 -12 2
SINCE 7/1 874 1096 -222 MM
COOLING TOTAL 187 189 -2 278
SINCE 1/1 562 331 231 MM
................................................................
WIND (MPH)
AVERAGE WIND SPEED 10.8
HIGHEST WIND SPEED/DIRECTION MM DATE MM
HIGHEST GUST SPEED/DIRECTION 49/300 DATE 04/28
SKY COVER
AVERAGE SKY COVER 0.66
AVERAGE RH (PERCENT) 69
WEATHER CONDITIONS. NUMBER OF DAYS WITH
THUNDERSTORM 9 MIXED PRECIP 0
HEAVY RAIN 6 RAIN 7
LIGHT RAIN 16 FREEZING RAIN 0
LT FREEZING RAIN 0 HAIL 0
HEAVY SNOW 0 SNOW 0
LIGHT SNOW 0 SLEET 0
FOG 9 FOG W/VIS <= 1/4 MILE 0
HAZE 0
- INDICATES NEGATIVE NUMBERS.
R INDICATES RECORD WAS SET OR TIED.
MM INDICATES DATA IS MISSING.
T INDICATES TRACE AMOUNT.
$$