000
CXUS52 KMHX 010700
CF6HSE
PRELIMINARY LOCAL CLIMATOLOGICAL DATA (WS FORM: F-6)
STATION: CAPE HATTERAS NC
MONTH: JULY
YEAR: 2020
LATITUDE: 35 13 N
LONGITUDE: 75 37 W
TEMPERATURE IN F: :PCPN: SNOW: WIND :SUNSHINE: SKY :PK WND
================================================================================
1 2 3 4 5 6A 6B 7 8 9 10 11 12 13 14 15 16 17 18
12Z AVG MX 2MIN
DY MAX MIN AVG DEP HDD CDD WTR SNW DPTH SPD SPD DIR MIN PSBL S-S WX SPD DR
================================================================================
1 93 75 84 6 0 19 0.22 0.0 0 5.4 13 310 M M 0 13 19 310
2 87 74 81 3 0 16 0.07 0.0 0 5.6 14 160 M M 3 13 19 170
3 92 73 83 5 0 18 0.00 0.0 0 6.4 12 300 M M 0 16 300
4 94 77 86 7 0 21 0.00 0.0 0 6.8 12 50 M M 0 20 30
5 91 74 83 4 0 18 0.00 0.0 0 5.9 12 120 M M 0 14 130
6 93 77 85 6 0 20 0.00 0.0 0 5.0 10 190 M M 3 14 200
7 94 76 85 6 0 20 0.00 0.0 0 5.8 14 150 M M 1 1 18 190
8 85 77 81 2 0 16 0.75 0.0 0 10.1 20 130 M M 5 18 25 130
9 89 77 83 4 0 18 0.37 0.0 0 11.0 24 120 M M 5 18 31 110
10 90 79 85 6 0 20 0.00 0.0 0 7.9 15 230 M M 1 20 220
11 90 81 86 7 0 21 0.00 0.0 0 10.3 17 210 M M 0 26 230
12 90 82 86 7 0 21 T 0.0 0 9.6 18 210 M M 3 18 24 210
13 91 75 83 4 0 18 0.23 0.0 0 7.1 18 240 M M 3 138 29 280
14 92 79 86 7 0 21 0.00 0.0 0 4.2 9 120 M M 3 18 13 190
15 91 78 85 6 0 20 0.00 0.0 0 5.8 12 80 M M 2 16 80
16 88 75 82 3 0 17 0.29 0.0 0 7.9 16 120 M M 6 1 22 110
17 92 78 85 6 0 20 0.00 0.0 0 6.9 13 210 M M 2 17 230
18 92 83 88 9 0 23 0.00 0.0 0 9.2 15 230 M M 0 20 230
19 90 83 87 8 0 22 0.00 0.0 0 9.8 14 220 M M 2 3 21 240
20 91 83 87 8 0 22 0.00 0.0 M 10.9 16 230 M M 0 8 23 230
21 91 83 87 8 0 22 0.00 0.0 0 10.1 15 230 M M 0 8 22 230
22 91 82 87 8 0 22 0.00 0.0 0 9.2 16 210 M M 0 21 220
23 92 83 88 9 0 23 0.00 0.0 0 8.8 15 210 M M 0 20 200
24 90 82 86 7 0 21 0.07 0.0 0 9.0 15 240 M M 2 3 22 300
25 91 80 86 7 0 21 0.00 0.0 0 8.8 15 240 M M 0 23 220
26 92 80 86 7 0 21 0.06 0.0 0 10.3 18 230 M M 0 24 230
27 92 82 87 8 0 22 0.00 0.0 0 10.7 17 240 M M 0 24 240
28 91 83 87 8 0 22 0.00 0.0 0 10.5 17 220 M M 0 23 220
29 85 75 80 1 0 15 1.13 0.0 0 10.9 23 180 M M 5 138 30 180
30 89 77 83 4 0 18 T 0.0 0 7.8 15 240 M M 0 18 22 220
31 88 81 85 6 0 20 0.05 0.0 0 13.2 24 230 M M 2 138 36 220
================================================================================
SM 2807 2444 0 618 3.24 0.0 260.9 M 48
================================================================================
AV 90.6 78.8 8.4 FASTST M M 2 MAX(MPH)
MISC ----> # 24 120 # 36 220
================================================================================
NOTES:
# LAST OF SEVERAL OCCURRENCES
COLUMN 17 PEAK WIND IN M.P.H.
PRELIMINARY LOCAL CLIMATOLOGICAL DATA (WS FORM: F-6) , PAGE 2
STATION: CAPE HATTERAS NC
MONTH: JULY
YEAR: 2020
LATITUDE: 35 13 N
LONGITUDE: 75 37 W
[TEMPERATURE DATA] [PRECIPITATION DATA] SYMBOLS USED IN COLUMN 16
AVERAGE MONTHLY: 84.7 TOTAL FOR MONTH: 3.24 1 = FOG OR MIST
DPTR FM NORMAL: 5.6 DPTR FM NORMAL: -1.75 2 = FOG REDUCING VISIBILITY
HIGHEST: 94 ON 7, 4 GRTST 24HR 1.13 ON 29-29 TO 1/4 MILE OR LESS
LOWEST: 73 ON 3 3 = THUNDER
SNOW, ICE PELLETS, HAIL 4 = ICE PELLETS
TOTAL MONTH: 0.0 INCH 5 = HAIL
GRTST 24HR 0.0 6 = FREEZING RAIN OR DRIZZLE
GRTST DEPTH: 0 7 = DUSTSTORM OR SANDSTORM:
VSBY 1/2 MILE OR LESS
8 = SMOKE OR HAZE
[NO. OF DAYS WITH] [WEATHER - DAYS WITH] 9 = BLOWING SNOW
X = TORNADO
MAX 32 OR BELOW: 0 0.01 INCH OR MORE: 10
MAX 90 OR ABOVE: 24 0.10 INCH OR MORE: 6
MIN 32 OR BELOW: 0 0.50 INCH OR MORE: 2
MIN 0 OR BELOW: 0 1.00 INCH OR MORE: 1
[HDD (BASE 65) ]
TOTAL THIS MO. 0 CLEAR (SCALE 0-3) 27
DPTR FM NORMAL 0 PTCLDY (SCALE 4-7) 4
TOTAL FM JUL 1 0 CLOUDY (SCALE 8-10) 0
DPTR FM NORMAL 0
[CDD (BASE 65) ]
TOTAL THIS MO. 618
DPTR FM NORMAL 181 [PRESSURE DATA]
TOTAL FM JAN 1 1247 HIGHEST SLP M ON M
DPTR FM NORMAL 359 LOWEST SLP 29.75 ON 9
[REMARKS]
#FINAL-07-20#