000
CXUS53 KGID 012140
CF6HSI
PRELIMINARY LOCAL CLIMATOLOGICAL DATA (WS FORM: F-6)
STATION: HASTINGS NE
MONTH: OCTOBER
YEAR: 2021
LATITUDE: 40 35 N
LONGITUDE: 98 26 W
TEMPERATURE IN F: :PCPN: SNOW: WIND :SUNSHINE: SKY :PK WND
================================================================================
1 2 3 4 5 6A 6B 7 8 9 10 11 12 13 14 15 16 17 18
12Z AVG MX 2MIN
DY MAX MIN AVG DEP HDD CDD WTR SNW DPTH SPD SPD DIR MIN PSBL S-S WX SPD DR
================================================================================
1 66 56 61 1 4 0 0.00 0.0 0 5.4 12 320 M M 9 1 15 320
2 69 51 60 0 5 0 0.00 0.0 0 6.8 16 330 M M 6 18 22 340
3 80 47 64 5 1 0 0.00 0.0 0 3.5 12 320 M M 0 18 18 10
4 83 46 65 6 0 0 0.00 0.0 0 4.6 14 40 M M 0 21 10
5 80 43 62 4 3 0 0.00 0.0 0 4.3 12 120 M M 0 18 19 120
6 75 47 61 3 4 0 0.00 0.0 0 7.8 16 150 M M 2 12 23 140
7 82 55 69 12 0 4 0.00 0.0 0 8.3 18 160 M M 0 27 160
8 87 52 70 13 0 5 0.00 0.0 0 4.8 10 150 M M 0 1 17 150
9 76 61 69 13 0 4 0.00 0.0 0 6.9 14 140 M M 0 22 140
10 69 46 58 2 7 0 0.00 0.0 0 8.0 23 330 M M 0 8 32 360
11 74 41 58 2 7 0 0.00 0.0 0 5.8 15 340 M M 0 8 20 330
12 76 43 60 5 5 0 0.32 0.0 0 11.3 24 150 M M 4 138 37 130
13 62 40 51 -4 14 0 0.60 0.0 0 16.8 35 270 M M 3 13 48 250
14 58 33 46 -8 19 0 T 0.0 0 5.8 17 330 M M 5 24 340
15 59 35 47 -7 18 0 0.00 0.0 0 9.3 23 300 M M 2 33 330
16 67 33 50 -3 15 0 0.00 0.0 0 6.1 16 310 M M 0 23 340
17 75 40 58 5 7 0 0.00 0.0 0 6.5 15 200 M M 0 23 180
18 73 46 60 8 5 0 0.00 0.0 0 11.6 25 160 M M 0 40 180
19 75 51 63 11 2 0 0.00 0.0 0 11.5 21 150 M M 0 32 140
20 60 37 49 -2 16 0 0.00 0.0 0 16.5 26 310 M M 8 36 310
21 58 34 46 -5 19 0 0.00 0.0 0 7.7 18 340 M M 3 8 23 350
22 76 33 55 5 10 0 0.00 0.0 0 6.9 17 70 M M 0 8 24 70
23 58 38 48 -2 17 0 0.00 0.0 0 11.5 18 90 M M 5 1 28 80
24 52 38 45 -4 20 0 0.02 0.0 0 12.9 21 330 M M 7 13 29 330
25 47 41 44 -5 21 0 0.00 0.0 0 8.1 15 150 M M 9 1 24 140
26 59 42 51 3 14 0 0.32 0.0 0 15.2 23 160 M M 10 13 34 160
27 60 46 53 5 12 0 0.57 0.0 0 16.3 30 340 M M 9 13 41 330
28 60 44 52 4 13 0 0.00 0.0 0 22.6 40 340 M M 0 53 330
29 62 36 49 2 16 0 0.00 0.0 0 8.3 17 350 M M 0 8 25 340
30 67 36 52 5 13 0 0.00 0.0 0 12.7 26 350 M M 0 36 350
31 45 38 42 -4 23 0 T 0.0 0 9.9 18 360 M M 9 24 10
================================================================================
SM 2090 1329 310 13 1.83 0.0 293.7 M 91
================================================================================
AV 67.4 42.9 9.5 FASTST M M 3 MAX(MPH)
MISC ----> 40 340 53 330
================================================================================
NOTES:
# LAST OF SEVERAL OCCURRENCES
COLUMN 17 PEAK WIND IN M.P.H.
PRELIMINARY LOCAL CLIMATOLOGICAL DATA (WS FORM: F-6) , PAGE 2
STATION: HASTINGS NE
MONTH: OCTOBER
YEAR: 2021
LATITUDE: 40 35 N
LONGITUDE: 98 26 W
[TEMPERATURE DATA] [PRECIPITATION DATA] SYMBOLS USED IN COLUMN 16
AVERAGE MONTHLY: 55.1 TOTAL FOR MONTH: 1.83 1 = FOG OR MIST
DPTR FM NORMAL: 1.9 DPTR FM NORMAL: -0.13 2 = FOG REDUCING VISIBILITY
HIGHEST: 87 ON 8 GRTST 24HR 0.92 ON 12-13 TO 1/4 MILE OR LESS
LOWEST: 33 ON 22,16 3 = THUNDER
SNOW, ICE PELLETS, HAIL 4 = ICE PELLETS
TOTAL MONTH: 0.0 INCH 5 = HAIL
GRTST 24HR 0.0 6 = FREEZING RAIN OR DRIZZLE
GRTST DEPTH: 0 7 = DUSTSTORM OR SANDSTORM:
VSBY 1/2 MILE OR LESS
8 = SMOKE OR HAZE
[NO. OF DAYS WITH] [WEATHER - DAYS WITH] 9 = BLOWING SNOW
X = TORNADO
MAX 32 OR BELOW: 0 0.01 INCH OR MORE: 5
MAX 90 OR ABOVE: 0 0.10 INCH OR MORE: 4
MIN 32 OR BELOW: 0 0.50 INCH OR MORE: 2
MIN 0 OR BELOW: 0 1.00 INCH OR MORE: 0
[HDD (BASE 65) ]
TOTAL THIS MO. 310 CLEAR (SCALE 0-3) 20
DPTR FM NORMAL -72 PTCLDY (SCALE 4-7) 6
TOTAL FM JUL 1 332 CLOUDY (SCALE 8-10) 5
DPTR FM NORMAL -137
[CDD (BASE 65) ]
TOTAL THIS MO. 13
DPTR FM NORMAL -3 [PRESSURE DATA]
TOTAL FM JAN 1 1295 HIGHEST SLP 30.40 ON 31
DPTR FM NORMAL 160 LOWEST SLP 29.41 ON 13
[REMARKS]
#FINAL-10-21#