000
CXUS54 KHUN 010810
CF6HSV
PRELIMINARY LOCAL CLIMATOLOGICAL DATA (WS FORM: F-6)
STATION: HUNTSVILLE
MONTH: MAY
YEAR: 2021
LATITUDE: 34 39 N
LONGITUDE: 86 46 W
TEMPERATURE IN F: :PCPN: SNOW: WIND :SUNSHINE: SKY :PK WND
================================================================================
1 2 3 4 5 6A 6B 7 8 9 10 11 12 13 14 15 16 17 18
12Z AVG MX 2MIN
DY MAX MIN AVG DEP HDD CDD WTR SNW DPTH SPD SPD DIR MIN PSBL S-S WX SPD DR
================================================================================
1 82 48 65 -2 0 0 0.00 0.0 0 3.2 15 30 M M 3 18 10
2 78 56 67 -1 0 2 0.08 0.0 0 8.6 18 180 M M 9 1 24 190
3 84 68 76 8 0 11 0.02 0.0 0 11.0 20 220 M M 7 1 25 210
4 76 61 69 1 0 4 3.25 0.0 0 11.0 38 310 M M 9 13 58 290
5 71 51 61 -7 4 0 T 0.0 0 7.2 15 20 M M 6 21 320
6 72 46 59 -10 6 0 0.02 0.0 0 5.3 32 320 M M 2 18 41 320
7 70 45 58 -11 7 0 0.00 0.0 0 5.7 15 350 M M 1 1 21 340
8 72 50 61 -8 4 0 T 0.0 0 4.1 9 150 M M 6 13 160
9 79 52 66 -4 0 1 1.54 0.0 0 10.7 24 20 M M 6 138 31 20
10 66 54 60 -10 5 0 T 0.0 0 6.8 14 20 M M 10 1 16 20
11 70 52 61 -9 4 0 0.01 0.0 0 5.3 17 30 M M 9 21 30
12 72 54 63 -7 2 0 0.05 0.0 0 10.6 17 10 M M 7 23 10
13 73 51 62 -9 3 0 0.00 0.0 0 6.6 14 20 M M 4 16 20
14 75 45 60 -11 5 0 0.00 0.0 0 2.4 12 300 M M 1 8 13 300
15 79 47 63 -8 2 0 0.00 0.0 0 3.3 12 190 M M 3 18 210
16 81 54 68 -3 0 3 0.00 0.0 0 6.1 15 210 M M 3 19 220
17 80 58 69 -3 0 4 0.00 0.0 0 8.4 17 170 M M 7 23 140
18 77 67 72 0 0 7 0.01 0.0 0 10.2 18 130 M M 9 24 140
19 84 68 76 4 0 11 T 0.0 0 13.2 24 120 M M 6 31 110
20 85 64 75 3 0 10 0.00 0.0 0 11.4 24 120 M M 2 8 31 150
21 87 63 75 2 0 10 0.00 0.0 0 9.5 24 150 M M 2 32 140
22 87 62 75 2 0 10 0.00 0.0 0 4.4 13 130 M M 5 17 130
23 90 59 75 2 0 10 0.00 0.0 0 2.0 9 220 M M 3 12 13 210
24 90 62 76 2 0 11 0.00 0.0 0 1.6 9 140 M M 5 18 12 150
25 92 65 79 5 0 14 0.00 0.0 0 5.8 15 220 M M 3 20 170
26 89 66 78 4 0 13 0.04 0.0 0 6.9 17 250 M M 6 18 25 250
27 85 67 76 2 0 11 T 0.0 0 4.6 12 220 M M 6 1 15 200
28 83 66 75 1 0 10 0.20 0.0 0 8.5 20 350 M M 7 1 27 340
29 68 54 61 -14 4 0 T 0.0 0 10.8 17 20 M M 9 21 330
30 76 53 65 -10 0 0 0.00 0.0 0 8.3 17 20 M M 4 23 20
31 82 51 67 -8 0 2 0.00 0.0 0 5.0 13 200 M M 4 20 210
================================================================================
SM 2455 1759 46 144 5.22 0.0 218.5 M 164
================================================================================
AV 79.2 56.7 7.0 FASTST M M 5 MAX(MPH)
MISC ----> 38 310 58 290
================================================================================
NOTES:
# LAST OF SEVERAL OCCURRENCES
COLUMN 17 PEAK WIND IN M.P.H.
PRELIMINARY LOCAL CLIMATOLOGICAL DATA (WS FORM: F-6) , PAGE 2
STATION: HUNTSVILLE
MONTH: MAY
YEAR: 2021
LATITUDE: 34 39 N
LONGITUDE: 86 46 W
[TEMPERATURE DATA] [PRECIPITATION DATA] SYMBOLS USED IN COLUMN 16
AVERAGE MONTHLY: 68.0 TOTAL FOR MONTH: 5.22 1 = FOG OR MIST
DPTR FM NORMAL: -3.3 DPTR FM NORMAL: 0.55 2 = FOG REDUCING VISIBILITY
HIGHEST: 92 ON 25 GRTST 24HR 3.25 ON 4- 4 TO 1/4 MILE OR LESS
LOWEST: 45 ON 14, 7 3 = THUNDER
SNOW, ICE PELLETS, HAIL 4 = ICE PELLETS
TOTAL MONTH: 0.0 INCH 5 = HAIL
GRTST 24HR 0.0 6 = FREEZING RAIN OR DRIZZLE
GRTST DEPTH: 0 7 = DUSTSTORM OR SANDSTORM:
VSBY 1/2 MILE OR LESS
8 = SMOKE OR HAZE
[NO. OF DAYS WITH] [WEATHER - DAYS WITH] 9 = BLOWING SNOW
X = TORNADO
MAX 32 OR BELOW: 0 0.01 INCH OR MORE: 10
MAX 90 OR ABOVE: 3 0.10 INCH OR MORE: 3
MIN 32 OR BELOW: 0 0.50 INCH OR MORE: 2
MIN 0 OR BELOW: 0 1.00 INCH OR MORE: 2
[HDD (BASE 65) ]
TOTAL THIS MO. 46 CLEAR (SCALE 0-3) 9
DPTR FM NORMAL 23 PTCLDY (SCALE 4-7) 16
TOTAL FM JUL 1 2929 CLOUDY (SCALE 8-10) 6
DPTR FM NORMAL 99
[CDD (BASE 65) ]
TOTAL THIS MO. 144
DPTR FM NORMAL -76 [PRESSURE DATA]
TOTAL FM JAN 1 188 HIGHEST SLP M ON M
DPTR FM NORMAL -120 LOWEST SLP 29.69 ON 3
[REMARKS]
#FINAL-05-21#