000
CXUS53 KAPX 021936
CF6HTL
PRELIMINARY LOCAL CLIMATOLOGICAL DATA (WS FORM: F-6)
STATION: HOUGHTON LAKE MI
MONTH: OCTOBER
YEAR: 2021
LATITUDE: 44 22 N
LONGITUDE: 84 41 W
TEMPERATURE IN F: :PCPN: SNOW: WIND :SUNSHINE: SKY :PK WND
================================================================================
1 2 3 4 5 6A 6B 7 8 9 10 11 12 13 14 15 16 17 18
12Z AVG MX 2MIN
DY MAX MIN AVG DEP HDD CDD WTR SNW DPTH SPD SPD DIR MIN PSBL S-S WX SPD DR
================================================================================
1 76 50 63 10 2 0 0.00 0.0 0 3.5 8 200 M M 4 12 11 210
2 76 54 65 13 0 0 0.23 0.0 0 4.5 20 210 M M 5 18 28 230
3 71 63 67 15 0 2 T 0.0 0 3.5 9 110 M M 10 1 14 140
4 65 59 62 11 3 0 0.03 0.0 0 8.6 15 20 M M 10 1 20 20
5 73 47 60 9 5 0 0.00 0.0 0 5.4 13 50 M M 6 1 18 50
6 67 42 55 4 10 0 0.00 0.0 0 4.8 12 140 M M 7 12 16 150
7 65 52 59 9 6 0 0.01 0.0 0 6.1 14 80 M M 9 1 17 70
8 68 59 64 14 1 0 0.53 0.0 0 4.1 12 100 M M 10 123 16 140
9 71 54 63 14 2 0 0.15 0.0 0 3.7 12 210 M M 6 1 17 190
10 71 56 64 15 1 0 0.01 0.0 0 7.9 15 140 M M 5 13 25 130
11 76 64 70 21 0 5 T 0.0 0 8.9 15 190 M M 2 22 160
12 67 61 64 16 1 0 0.34 0.0 0 8.2 16 280 M M 10 1 23 280
13 66 59 63 15 2 0 0.06 0.0 0 5.1 12 210 M M 7 1 16 210
14 69 54 62 14 3 0 0.15 0.0 0 7.5 12 290 M M 7 1 20 230
15 66 40 53 6 12 0 0.08 0.0 0 4.8 15 320 M M 4 1 21 320
16 53 47 50 3 15 0 T 0.0 0 11.4 21 280 M M 6 30 280
17 61 40 51 5 14 0 T 0.0 0 10.7 21 300 M M 3 33 300
18 64 32 48 2 17 0 0.00 0.0 0 2.6 10 290 M M 0 18 14 300
19 71 33 52 6 13 0 0.00 0.0 0 4.6 13 260 M M 0 8 20 260
20 69 50 60 15 5 0 0.21 0.0 0 3.9 9 230 M M 6 138 12 220
21 59 39 49 4 16 0 1.07 0.0 0 7.4 18 340 M M 10 1 30 340
22 48 31 40 -4 25 0 T 0.0 0 3.6 8 190 M M M 14 10
23 51 31 41 -3 24 0 0.07 T 0 3.0 8 260 M M M 13 240
24 51 29 40 -4 25 0 0.00 0.0 0 4.8 15 50 M M M 20 50
25 48 40 44 1 21 0 0.01 0.0 0 11.8 20 20 M M 7 30 20
26 51 37 44 1 21 0 0.00 0.0 0 8.6 17 340 M M 6 26 20
27 51 43 47 4 18 0 0.00 0.0 0 4.6 12 90 M M 10 1 17 80
28 60 46 53 11 12 0 0.00 0.0 0 11.1 22 100 M M 4 1 30 110
29 51 49 50 8 15 0 0.21 0.0 0 10.7 14 60 M M 8 1 21 40
30 59 35 47 5 18 0 0.00 0.0 0 7.1 15 50 M M M 21 50
31 54 32 43 2 22 0 0.01 0.0 0 M M M M M M M M
================================================================================
SM 1948 1428 329 7 3.17 T 192.5 M 162
================================================================================
AV 62.8 46.1 6.4 FASTST M M 6 MAX(MPH)
MISC ----> 22 100 33 300
================================================================================
NOTES:
# LAST OF SEVERAL OCCURRENCES
COLUMN 17 PEAK WIND IN M.P.H.
PRELIMINARY LOCAL CLIMATOLOGICAL DATA (WS FORM: F-6) , PAGE 2
STATION: HOUGHTON LAKE MI
MONTH: OCTOBER
YEAR: 2021
LATITUDE: 44 22 N
LONGITUDE: 84 41 W
[TEMPERATURE DATA] [PRECIPITATION DATA] SYMBOLS USED IN COLUMN 16
AVERAGE MONTHLY: 54.5 TOTAL FOR MONTH: 3.17 1 = FOG OR MIST
DPTR FM NORMAL: 7.7 DPTR FM NORMAL: 0.09 2 = FOG REDUCING VISIBILITY
HIGHEST: 76 ON 11, 2 GRTST 24HR 1.21 ON 20-21 TO 1/4 MILE OR LESS
LOWEST: 29 ON 24 3 = THUNDER
SNOW, ICE PELLETS, HAIL 4 = ICE PELLETS
TOTAL MONTH: T 5 = HAIL
GRTST 24HR T ON 23-23 6 = FREEZING RAIN OR DRIZZLE
GRTST DEPTH: 0 7 = DUSTSTORM OR SANDSTORM:
VSBY 1/2 MILE OR LESS
8 = SMOKE OR HAZE
[NO. OF DAYS WITH] [WEATHER - DAYS WITH] 9 = BLOWING SNOW
X = TORNADO
MAX 32 OR BELOW: 0 0.01 INCH OR MORE: 16
MAX 90 OR ABOVE: 0 0.10 INCH OR MORE: 8
MIN 32 OR BELOW: 5 0.50 INCH OR MORE: 2
MIN 0 OR BELOW: 0 1.00 INCH OR MORE: 1
[HDD (BASE 65) ]
TOTAL THIS MO. 329 CLEAR (SCALE 0-3) 3
DPTR FM NORMAL -238 PTCLDY (SCALE 4-7) 16
TOTAL FM JUL 1 533 CLOUDY (SCALE 8-10) 12
DPTR FM NORMAL -367
[CDD (BASE 65) ]
TOTAL THIS MO. 7
DPTR FM NORMAL 5 [PRESSURE DATA]
TOTAL FM JAN 1 492 HIGHEST SLP M ON M
DPTR FM NORMAL 155 LOWEST SLP 29.70 ON 28
[REMARKS]
#FINAL-10-21#