456
CXUS53 KAPX 010830
CF6HTL
PRELIMINARY LOCAL CLIMATOLOGICAL DATA (WS FORM: F-6)
STATION: HOUGHTON LAKE MI
MONTH: JANUARY
YEAR: 2021
LATITUDE: 44 22 N
LONGITUDE: 84 41 W
TEMPERATURE IN F: :PCPN: SNOW: WIND :SUNSHINE: SKY :PK WND
================================================================================
1 2 3 4 5 6A 6B 7 8 9 10 11 12 13 14 15 16 17 18
12Z AVG MX 2MIN
DY MAX MIN AVG DEP HDD CDD WTR SNW DPTH SPD SPD DIR MIN PSBL S-S WX SPD DR
================================================================================
1 28 11 20 0 45 0 0.31 2.6 8 6.4 15 80 M M 8 1 22 90
2 30 14 22 2 43 0 0.02 0.2 11 3.9 10 200 M M 8 1 16 190
3 30 25 28 9 37 0 0.00 0.0 10 3.3 9 280 M M 10 1 14 260
4 32 27 30 11 35 0 0.00 0.0 10 7.4 12 230 M M 10 1 18 230
5 34 27 31 12 34 0 0.07 0.7 9 4.2 10 320 M M 10 1 12 340
6 36 31 34 15 31 0 0.00 0.0 10 3.9 9 350 M M 10 11 350
7 35 20 28 9 37 0 0.00 0.0 9 4.6 10 40 M M 7 13 10
8 29 8 19 1 46 0 0.00 0.0 8 4.3 13 30 M M 3 18 40
9 30 3 17 -1 48 0 0.00 0.0 8 4.2 12 320 M M 4 15 330
10 30 27 29 11 36 0 0.00 0.0 8 4.5 9 320 M M 10 13 320
11 28 25 27 9 38 0 0.00 0.0 8 9.6 18 240 M M 10 1 29 240
12 32 27 30 12 35 0 0.00 0.0 8 7.3 12 210 M M 10 1 16 210
13 39 28 34 16 31 0 0.00 0.0 8 6.8 15 240 M M 6 18 23 270
14 35 30 33 15 32 0 0.00 0.0 8 8.4 13 100 M M 10 1 M M
15 35 32 34 16 31 0 0.37 1.8 7 9.4 20 100 M M 10 1 30 110
16 32 30 31 13 34 0 0.07 0.8 9 5.6 10 320 M M 10 1 15 310
17 31 25 28 10 37 0 0.06 T 9 5.1 12 310 M M 10 128 16 310
18 29 23 26 8 39 0 0.01 0.1 9 3.5 9 240 M M 10 1 15 250
19 25 14 20 2 45 0 0.02 0.3 9 9.6 18 280 M M 9 1 25 280
20 25 15 20 2 45 0 T T 9 10.8 21 190 M M 10 33 180
21 35 25 30 12 35 0 0.03 T 9 13.6 23 330 M M 9 18 32 310
22 25 13 19 1 46 0 T 0.6 9 12.4 21 300 M M 10 8 32 310
23 24 4 14 -3 51 0 T T 9 5.8 15 280 M M 5 20 270
24 25 6 16 -1 49 0 0.01 T 9 5.6 14 170 M M 10 8 20 170
25 28 13 21 3 44 0 0.00 0.0 9 4.2 12 20 M M 3 12 16 50
26 24 18 21 3 44 0 0.11 1.0 9 10.4 17 340 M M 9 1 25 350
27 24 9 17 -1 48 0 T T 10 7.0 15 10 M M 7 21 360
28 19 15 17 -1 48 0 T T 10 8.4 18 300 M M 10 8 27 300
29 24 0 12 -6 53 0 T T 10 4.8 14 320 M M 6 20 280
30 25 -5 10 -8 55 0 0.00 0.0 10 6.0 15 100 M M 2 22 80
31 33 22 28 10 37 0 0.00 0.0 9 13.8 22 70 M M 6 29 60
================================================================================
SM 911 562 1269 0 1.08 8.1 214.8 M 252
================================================================================
AV 29.4 18.1 6.9 FASTST M M 8 MAX(MPH)
MISC ----> 23 330 33 180
================================================================================
NOTES:
# LAST OF SEVERAL OCCURRENCES
COLUMN 17 PEAK WIND IN M.P.H.
PRELIMINARY LOCAL CLIMATOLOGICAL DATA (WS FORM: F-6) , PAGE 2
STATION: HOUGHTON LAKE MI
MONTH: JANUARY
YEAR: 2021
LATITUDE: 44 22 N
LONGITUDE: 84 41 W
[TEMPERATURE DATA] [PRECIPITATION DATA] SYMBOLS USED IN COLUMN 16
AVERAGE MONTHLY: 23.8 TOTAL FOR MONTH: 1.08 1 = FOG OR MIST
DPTR FM NORMAL: 5.7 DPTR FM NORMAL: -0.43 2 = FOG REDUCING VISIBILITY
HIGHEST: 39 ON 13 GRTST 24HR 0.37 ON 15-15 TO 1/4 MILE OR LESS
LOWEST: -5 ON 30 3 = THUNDER
SNOW, ICE PELLETS, HAIL 4 = ICE PELLETS
TOTAL MONTH: 8.1 INCHES 5 = HAIL
GRTST 24HR 2.6 ON 1- 1 6 = FREEZING RAIN OR DRIZZLE
GRTST DEPTH: 11 ON 2 7 = DUSTSTORM OR SANDSTORM:
VSBY 1/2 MILE OR LESS
8 = SMOKE OR HAZE
[NO. OF DAYS WITH] [WEATHER - DAYS WITH] 9 = BLOWING SNOW
X = TORNADO
MAX 32 OR BELOW: 23 0.01 INCH OR MORE: 11
MAX 90 OR ABOVE: 0 0.10 INCH OR MORE: 3
MIN 32 OR BELOW: 31 0.50 INCH OR MORE: 0
MIN 0 OR BELOW: 2 1.00 INCH OR MORE: 0
[HDD (BASE 65) ]
TOTAL THIS MO. 1269 CLEAR (SCALE 0-3) 3
DPTR FM NORMAL -186 PTCLDY (SCALE 4-7) 9
TOTAL FM JUL 1 4128 CLOUDY (SCALE 8-10) 19
DPTR FM NORMAL -483
[CDD (BASE 65) ]
TOTAL THIS MO. 0
DPTR FM NORMAL 0 [PRESSURE DATA]
TOTAL FM JAN 1 0 HIGHEST SLP 30.58 ON 28
DPTR FM NORMAL 0 LOWEST SLP 29.46 ON 21
[REMARKS]
#FINAL-01-21#