000
CXUS51 KRLX 021457
CF6HTS
PRELIMINARY LOCAL CLIMATOLOGICAL DATA (WS FORM: F-6)
STATION: HUNTINGTON WV
MONTH: FEBRUARY
YEAR: 2021
LATITUDE: 38 22 N
LONGITUDE: 82 33 W
TEMPERATURE IN F: :PCPN: SNOW: WIND :SUNSHINE: SKY :PK WND
================================================================================
1 2 3 4 5 6A 6B 7 8 9 10 11 12 13 14 15 16 17 18
12Z AVG MX 2MIN
DY MAX MIN AVG DEP HDD CDD WTR SNW DPTH SPD SPD DIR MIN PSBL S-S WX SPD DR
================================================================================
1 37 26 32 -3 33 0 0.23 M 0 8.4 14 320 M M 10 1 21 310
2 33 26 30 -5 35 0 0.10 M 2 10.0 18 300 M M 7 18 27 300
3 38 21 30 -5 35 0 0.00 0.0 M 6.5 14 290 M M 1 21 290
4 42 19 31 -4 34 0 0.12 0.0 M 4.3 12 190 M M 4 15 210
5 42 33 38 3 27 0 T 0.0 0 9.9 20 240 M M 7 29 240
6 46 29 38 3 27 0 0.00 0.0 0 3.9 10 190 M M 1 14 190
7 34 20 27 -9 38 0 0.04 M M 6.0 16 330 M M 5 18 21 330
8 44 15 30 -6 35 0 0.00 0.0 0 2.9 10 180 M M 2 14 160
9 37 31 34 -2 31 0 T T 0 3.4 10 10 M M 9 13 350
10 32 28 30 -6 35 0 0.64 T 0 6.2 12 40 M M 10 16 14 50
11 31 23 27 -9 38 0 0.36 1.0 1 8.1 14 50 M M 10 168 16 30
12 28 25 27 -9 38 0 M M 1 4.3 8 40 M M 10 1 8 40
13 30 27 29 -8 36 0 0.00 0.0 0 3.7 6 320 M M 10 12 6 320
14 28 25 27 -10 38 0 M 0.0 0 5.4 10 10 M M 10 16 10 10
15 32 25 29 -8 36 0 M T 0 6.9 16 50 M M 10 16 17 60
16 32 16 24 -13 41 0 M M M 7.7 15 270 M M 10 18 30 270
17 23 16 20 -18 45 0 M 0.8 M 6.0 12 120 M M 9 1 21 120
18 30 23 27 -11 38 0 M M 3 2.7 9 330 M M 10 128 9 330
19 30 21 26 -12 39 0 M M M 5.4 9 250 M M 10 18 17 320
20 28 12 20 -18 45 0 M M M 5.3 12 200 M M 6 18 25 210
21 36 10 23 -16 42 0 0.00 0.0 M 3.5 8 80 M M 0 1 11 210
22 43 34 39 0 26 0 0.19 0.0 M 8.4 17 240 M M 7 1 27 230
23 56 34 45 6 20 0 0.00 0.0 0 7.8 20 250 M M 2 25 250
24 70 31 51 11 14 0 0.05 0.0 0 10.0 23 210 M M 4 34 210
25 50 33 42 2 23 0 0.00 0.0 0 5.8 16 340 M M 2 27 330
26 46 31 39 -1 26 0 0.17 0.0 0 6.3 13 70 M M 4 1 19 80
27 59 42 51 11 14 0 0.12 0.0 0 4.4 14 130 M M 9 1 19 280
28 62 52 57 16 8 0 2.83 0.0 0 6.1 16 190 M M 10 1 22 190
================================================================================
SM 1099 728 897 0 M M 169.3 M 189
================================================================================
AV 39.3 26.0 6.0 FASTST M M 7 MAX(MPH)
MISC ----> 23 210 34 210
================================================================================
NOTES:
# LAST OF SEVERAL OCCURRENCES
COLUMN 17 PEAK WIND IN M.P.H.
PRELIMINARY LOCAL CLIMATOLOGICAL DATA (WS FORM: F-6) , PAGE 2
STATION: HUNTINGTON WV
MONTH: FEBRUARY
YEAR: 2021
LATITUDE: 38 22 N
LONGITUDE: 82 33 W
[TEMPERATURE DATA] [PRECIPITATION DATA] SYMBOLS USED IN COLUMN 16
AVERAGE MONTHLY: 32.6 TOTAL FOR MONTH: M 1 = FOG OR MIST
DPTR FM NORMAL: -4.6 DPTR FM NORMAL: M 2 = FOG REDUCING VISIBILITY
HIGHEST: 70 ON 24 GRTST 24HR M ON M-M TO 1/4 MILE OR LESS
LOWEST: 10 ON 21 3 = THUNDER
SNOW, ICE PELLETS, HAIL 4 = ICE PELLETS
TOTAL MONTH: M INCHES 5 = HAIL
GRTST 24HR M ON M-M 6 = FREEZING RAIN OR DRIZZLE
GRTST DEPTH: M ON M 7 = DUSTSTORM OR SANDSTORM:
VSBY 1/2 MILE OR LESS
8 = SMOKE OR HAZE
[NO. OF DAYS WITH] [WEATHER - DAYS WITH] 9 = BLOWING SNOW
X = TORNADO
MAX 32 OR BELOW: 11 0.01 INCH OR MORE: 11
MAX 90 OR ABOVE: 0 0.10 INCH OR MORE: 9
MIN 32 OR BELOW: 22 0.50 INCH OR MORE: 2
MIN 0 OR BELOW: 0 1.00 INCH OR MORE: 1
[HDD (BASE 65) ]
TOTAL THIS MO. 897 CLEAR (SCALE 0-3) 6
DPTR FM NORMAL 120 PTCLDY (SCALE 4-7) 8
TOTAL FM JUL 1 3388 CLOUDY (SCALE 8-10) 14
DPTR FM NORMAL -113
[CDD (BASE 65) ]
TOTAL THIS MO. 0
DPTR FM NORMAL 0 [PRESSURE DATA]
TOTAL FM JAN 1 0 HIGHEST SLP 30.35 ON 26
DPTR FM NORMAL 0 LOWEST SLP 29.57 ON 4
[REMARKS]
#FINAL-02-21#