000
CXUS53 KIND 010600
CF6HUF
PRELIMINARY LOCAL CLIMATOLOGICAL DATA (WS FORM: F-6)
STATION: TERRE HAUTE IN
MONTH: SEPTEMBER
YEAR: 2021
LATITUDE: 39 27 N
LONGITUDE: 87 18 W
TEMPERATURE IN F: :PCPN: SNOW: WIND :SUNSHINE: SKY :PK WND
================================================================================
1 2 3 4 5 6A 6B 7 8 9 10 11 12 13 14 15 16 17 18
12Z AVG MX 2MIN
DY MAX MIN AVG DEP HDD CDD WTR SNW DPTH SPD SPD DIR MIN PSBL S-S WX SPD DR
================================================================================
1 82 61 72 1 0 7 0.00 M M 7.1 17 30 M M 1 24 60
2 81 55 68 -3 0 3 0.00 M M 4.3 12 90 M M 0 17 70
3 79 57 68 -3 0 3 0.00 M M 3.6 12 100 M M 1 15 110
4 72 65 69 -1 0 4 0.56 M M 6.4 14 200 M M 10 1 22 200
5 82 57 70 0 0 5 0.00 M M 5.0 12 360 M M 4 1 20 320
6 86 53 70 0 0 5 0.00 M M 4.5 15 250 M M 1 1 27 230
7 87 63 75 5 0 10 0.19 M M 9.7 22 190 M M 1 13 30 200
8 82 63 73 4 0 8 0.00 M M 5.7 15 300 M M 4 1 21 310
9 79 53 66 -3 0 1 0.00 M M 3.8 12 310 M M 1 20 320
10 80 52 66 -3 0 1 0.00 M M 3.2 13 180 M M 1 12 23 140
11 86 59 73 5 0 8 T M M 10.4 17 210 M M 3 26 190
12 88 68 78 10 0 13 0.00 M M 11.3 20 190 M M 0 29 220
13 89 61 75 7 0 10 0.00 M M 6.5 17 210 M M 0 1 26 200
14 91 71 81 14 0 16 0.52 M M 8.9 23 280 M M 2 13 39 260
15 80 58 69 2 0 4 0.00 M M 4.0 12 360 M M 1 17 30
16 83 54 69 2 0 4 0.00 M M 4.0 13 130 M M 1 16 130
17 88 63 76 10 0 11 0.00 M M 1.0 8 160 M M 2 1 11 300
18 91 63 77 11 0 12 0.00 M M 1.0 9 180 M M 2 12 14 170
19 89 63 76 10 0 11 0.02 M M 4.3 20 170 M M 1 12 27 180
20 83 70 77 12 0 12 0.25 M M 10.0 20 160 M M 8 1 28 170
21 77 60 69 4 0 4 0.27 M M 7.1 16 180 M M 9 1 25 330
22 61 53 57 -7 8 0 0.91 M M 8.3 15 350 M M 9 1 29 340
23 71 45 58 -6 7 0 0.00 M M 6.8 18 300 M M 0 29 270
24 77 42 60 -4 5 0 0.00 M M 6.3 15 180 M M 0 22 240
25 73 46 60 -3 5 0 0.23 M M 5.7 15 250 M M 3 1 22 300
26 79 43 61 -2 4 0 0.00 M M 6.7 17 200 M M 0 25 210
27 87 61 74 12 0 9 0.00 M M 11.1 21 210 M M 0 30 200
28 87 61 74 12 0 9 0.00 M M 4.1 10 220 M M 0 8 15 200
29 88 57 73 11 0 8 0.00 M M 1.9 7 70 M M 1 12 11 30
30 87 61 74 13 0 9 0.00 M M 2.9 8 80 M M 1 1 10 80
================================================================================
SM 2465 1738 29 187 2.95 M 175.6 M 67
================================================================================
AV 82.2 57.9 5.9 FASTST M M 2 MAX(MPH)
MISC ----> 23 280 39 260
================================================================================
NOTES:
# LAST OF SEVERAL OCCURRENCES
COLUMN 17 PEAK WIND IN M.P.H.
PRELIMINARY LOCAL CLIMATOLOGICAL DATA (WS FORM: F-6) , PAGE 2
STATION: TERRE HAUTE IN
MONTH: SEPTEMBER
YEAR: 2021
LATITUDE: 39 27 N
LONGITUDE: 87 18 W
[TEMPERATURE DATA] [PRECIPITATION DATA] SYMBOLS USED IN COLUMN 16
AVERAGE MONTHLY: 70.1 TOTAL FOR MONTH: 2.95 1 = FOG OR MIST
DPTR FM NORMAL: 3.5 DPTR FM NORMAL: 0.02 2 = FOG REDUCING VISIBILITY
HIGHEST: 91 ON 18,14 GRTST 24HR 1.14 ON 21-22 TO 1/4 MILE OR LESS
LOWEST: 42 ON 24 3 = THUNDER
SNOW, ICE PELLETS, HAIL 4 = ICE PELLETS
TOTAL MONTH: M 5 = HAIL
GRTST 24HR M ON M 6 = FREEZING RAIN OR DRIZZLE
GRTST DEPTH: M ON M 7 = DUSTSTORM OR SANDSTORM:
VSBY 1/2 MILE OR LESS
8 = SMOKE OR HAZE
[NO. OF DAYS WITH] [WEATHER - DAYS WITH] 9 = BLOWING SNOW
X = TORNADO
MAX 32 OR BELOW: 0 0.01 INCH OR MORE: 8
MAX 90 OR ABOVE: 2 0.10 INCH OR MORE: 7
MIN 32 OR BELOW: 0 0.50 INCH OR MORE: 3
MIN 0 OR BELOW: 0 1.00 INCH OR MORE: 0
[HDD (BASE 65) ]
TOTAL THIS MO. 29 CLEAR (SCALE 0-3) 24
DPTR FM NORMAL -39 PTCLDY (SCALE 4-7) 3
TOTAL FM JUL 1 29 CLOUDY (SCALE 8-10) 3
DPTR FM NORMAL -43
[CDD (BASE 65) ]
TOTAL THIS MO. 187
DPTR FM NORMAL 71 [PRESSURE DATA]
TOTAL FM JAN 1 1290 HIGHEST SLP M ON M
DPTR FM NORMAL 233 LOWEST SLP 29.73 ON 1
[REMARKS]
#FINAL-09-21#