000
CXUS51 KCAR 030728
CLMHUL
CLIMATE REPORT
NATIONAL WEATHER SERVICE CARIBOU ME
328 AM EDT MON JUL 03 2023
...................................
...THE HOULTON ME CLIMATE SUMMARY FOR THE MONTH OF JUNE 2023...
CLIMATE NORMAL PERIOD: 1991 TO 2020
CLIMATE RECORD PERIOD: 1948 TO 2023
WEATHER OBSERVED NORMAL DEPART LAST YEAR`S
VALUE DATE(S) VALUE FROM VALUE DATE(S)
NORMAL
................................................................
TEMPERATURE (F)
RECORD
HIGH 97 06/13/1969
LOW 26 06/02/2020
HIGHEST 93 06/01 MM MM 87 06/26
LOWEST 41 06/03 MM MM 33 06/01
06/04
06/11
AVG. MAXIMUM 69.0 72.5 -3.5 71.8
AVG. MINIMUM 51.2 48.0 3.2 48.1
MEAN 60.1 60.2 -0.1 60.0
DAYS MAX >= 90 1 0.7 0.3 0
DAYS MAX <= 32 0 0.0 0.0 0
DAYS MIN <= 32 0 0.6 -0.6 0
DAYS MIN <= 0 0 0.0 0.0 0
PRECIPITATION (INCHES)
RECORD
MAXIMUM 3.17 2022
MINIMUM 0.07 2020
TOTALS 6.07 2.03
DAILY AVG. 0.20 0.13 0.07 0.11
DAYS >= .01 21 13.7 7.3 13
DAYS >= .10 14 8.1 5.9 7
DAYS >= .50 6 2.7 3.3 1
DAYS >= 1.00 1 0.7 0.3 1
GREATEST
24 HR. TOTAL 1.56 06/24 TO 06/25 1.63 06/04 TO 06/05
SNOWFALL (INCHES)
RECORDS
TOTAL MM MM
TOTALS MM MM MM MM
SINCE 7/1 MM MM MM MM
SNOWDEPTH AVG. MM MM
DAYS >= 1.0 MM MM MM MM
GREATEST
SNOW DEPTH MM MM MM
24 HR TOTAL MM MM
DEGREE DAYS
HEATING TOTAL 182 177 5
................................................................
WIND (MPH)
AVERAGE WIND SPEED 5.9
HIGHEST WIND SPEED/DIRECTION 21/020 DATE 06/17
HIGHEST GUST SPEED/DIRECTION 30/320 DATE 06/06
SKY COVER
POSSIBLE SUNSHINE (PERCENT) MM
AVERAGE SKY COVER 0.69
NUMBER OF DAYS FAIR 7
NUMBER OF DAYS PC 6
NUMBER OF DAYS CLOUDY 17
AVERAGE RH (PERCENT) 78
WEATHER CONDITIONS. NUMBER OF DAYS WITH
THUNDERSTORM 1 MIXED PRECIP 0
HEAVY RAIN 4 RAIN 14
LIGHT RAIN 21 FREEZING RAIN 0
LT FREEZING RAIN 0 HAIL 0
HEAVY SNOW 0 SNOW 0
LIGHT SNOW 0 SLEET 0
FOG 27 FOG W/VIS <= 1/4 MILE 3
HAZE 4
- INDICATES NEGATIVE NUMBERS.
* INDICATES RECORD WAS SET OR TIED.
MM INDICATES DATA IS MISSING.
T INDICATES TRACE AMOUNT.
$$