000
CXUS54 KEWX 011010
CF6HYI
PRELIMINARY LOCAL CLIMATOLOGICAL DATA (WS FORM: F-6)
STATION: SAN MARCOS
MONTH: MAY
YEAR: 2022
LATITUDE: 29 53 N
LONGITUDE: 97 52 W
TEMPERATURE IN F: :PCPN: SNOW: WIND :SUNSHINE: SKY :PK WND
================================================================================
1 2 3 4 5 6A 6B 7 8 9 10 11 12 13 14 15 16 17 18
12Z AVG MX 2MIN
DY MAX MIN AVG DEP HDD CDD WTR SNW DPTH SPD SPD DIR MIN PSBL S-S WX SPD DR
================================================================================
1 91 72 82 M 0 17 0.00 M M 11.3 17 150 M M 5 25 140
2 85 70 78 M 0 13 0.00 M M 13.6 21 190 M M 7 32 170
3 91 73 82 M 0 17 0.00 M M 10.3 18 150 M M 6 1 23 160
4 89 72 81 M 0 16 0.00 M M 14.3 24 140 M M 6 13 32 170
5 88 68 78 M 0 13 0.32 M M 12.1 25 130 M M 5 138 39 110
6 98 59 79 M 0 14 0.03 M M 7.9 14 160 M M 2 12 M M
7 96 73 85 M 0 20 0.00 M M 12.6 22 150 M M 2 18 27 150
8 97 73 85 M 0 20 0.00 M M 14.7 21 140 M M 4 25 140
9 95 74 85 M 0 20 0.00 M M 14.1 23 160 M M 6 18 30 140
10 93 75 84 M 0 19 0.00 M M 13.1 21 140 M M 6 26 140
11 93 70 82 M 0 17 0.00 M M 10.8 20 170 M M 4 1 24 170
12 93 65 79 M 0 14 0.00 M M 11.0 18 140 M M 4 12 27 150
13 91 66 79 M 0 14 0.00 M M 9.6 16 170 M M 2 22 140
14 95 69 82 M 0 17 0.00 M M 8.6 16 220 M M 2 23 230
15 95 68 82 M 0 17 0.00 M M 9.7 14 170 M M 1 21 160
16 96 71 84 M 0 19 0.00 M M 8.6 14 70 M M 2 26 70
17 96 71 84 M 0 19 0.00 M M 11.7 20 140 M M 3 24 160
18 98 70 84 M 0 19 0.00 M M 14.3 21 160 M M 2 28 160
19 97 72 85 M 0 20 0.00 M M 15.9 24 150 M M 4 31 140
20 96 76 86 M 0 21 0.00 M M 16.4 25 160 M M 5 38 33 150
21 99 68 84 M 0 19 0.15 M M 11.7 24 300 M M 5 138 32 300
22 85 63 74 M 0 9 0.00 M M 12.3 22 120 M M 2 3 29 30
23 88 66 77 M 0 12 0.00 M M 9.6 22 120 M M 6 1 26 120
24 86 63 75 M 0 10 1.41 M M 10.7 24 330 M M 6 13 38 330
25 84 61 73 M 0 8 0.14 M M 9.7 16 340 M M 2 13 31 70
26 96 57 77 M 0 12 0.00 M M 6.4 13 230 M M 0 17 230
27 96 66 81 M 0 16 0.00 M M 4.8 12 240 M M 1 M M
28 96 69 83 M 0 18 0.00 M M 11.3 17 150 M M 2 24 140
29 96 74 85 M 0 20 0.00 M M 16.8 24 140 M M 4 35 150
30 95 75 85 M 0 20 0.00 M M 17.9 24 190 M M 5 33 190
31 97 73 85 M 0 20 0.00 M M 13.0 21 160 M M 3 25 140
================================================================================
SM 2891 2142 0 510 2.05 M 364.7 M 114
================================================================================
AV 93.3 69.1 11.8 FASTST M M 4 MAX(MPH)
MISC ----> # 25 130 39 110
================================================================================
NOTES:
# LAST OF SEVERAL OCCURRENCES
COLUMN 17 PEAK WIND IN M.P.H.
PRELIMINARY LOCAL CLIMATOLOGICAL DATA (WS FORM: F-6) , PAGE 2
STATION: SAN MARCOS
MONTH: MAY
YEAR: 2022
LATITUDE: 29 53 N
LONGITUDE: 97 52 W
[TEMPERATURE DATA] [PRECIPITATION DATA] SYMBOLS USED IN COLUMN 16
AVERAGE MONTHLY: 81.2 TOTAL FOR MONTH: 2.05 1 = FOG OR MIST
DPTR FM NORMAL: 0.0 DPTR FM NORMAL: M 2 = FOG REDUCING VISIBILITY
HIGHEST: 99 ON 21 GRTST 24HR 1.55 ON 24-25 TO 1/4 MILE OR LESS
LOWEST: 57 ON 26 3 = THUNDER
SNOW, ICE PELLETS, HAIL 4 = ICE PELLETS
TOTAL MONTH: M 5 = HAIL
GRTST 24HR M ON M 6 = FREEZING RAIN OR DRIZZLE
GRTST DEPTH: M ON M 7 = DUSTSTORM OR SANDSTORM:
VSBY 1/2 MILE OR LESS
8 = SMOKE OR HAZE
[NO. OF DAYS WITH] [WEATHER - DAYS WITH] 9 = BLOWING SNOW
X = TORNADO
MAX 32 OR BELOW: 0 0.01 INCH OR MORE: 5
MAX 90 OR ABOVE: 24 0.10 INCH OR MORE: 4
MIN 32 OR BELOW: 0 0.50 INCH OR MORE: 1
MIN 0 OR BELOW: 0 1.00 INCH OR MORE: 1
[HDD (BASE 65) ]
TOTAL THIS MO. 0 CLEAR (SCALE 0-3) 14
DPTR FM NORMAL M PTCLDY (SCALE 4-7) 17
TOTAL FM JUL 1 1527 CLOUDY (SCALE 8-10) 0
DPTR FM NORMAL M
[CDD (BASE 65) ]
TOTAL THIS MO. 510
DPTR FM NORMAL M [PRESSURE DATA]
TOTAL FM JAN 1 818 HIGHEST SLP 30.19 ON 22
DPTR FM NORMAL M LOWEST SLP 29.56 ON 20
[REMARKS]
#FINAL-05-22#