881
CXUS54 KHGX 011602
CF6IAH
PRELIMINARY LOCAL CLIMATOLOGICAL DATA (WS FORM: F-6)
STATION: HOUSTON INTERCONTINENTAL
MONTH: JANUARY
YEAR: 2021
LATITUDE: 29 58 N
LONGITUDE: 95 21 W
TEMPERATURE IN F: :PCPN: SNOW: WIND :SUNSHINE: SKY :PK WND
================================================================================
1 2 3 4 5 6A 6B 7 8 9 10 11 12 13 14 15 16 17 18
12Z AVG MX 2MIN
DY MAX MIN AVG DEP HDD CDD WTR SNW DPTH SPD SPD DIR MIN PSBL S-S WX SPD DR
================================================================================
1 55 39 47 -6 18 0 0.00 0.0 0 9.8 20 250 M M 6 29 250
2 59 40 50 -3 15 0 0.00 0.0 0 6.6 15 330 M M 3 22 320
3 69 35 52 -1 13 0 0.00 0.0 0 5.8 14 220 M M 1 19 210
4 76 44 60 7 5 0 0.00 0.0 0 3.7 15 250 M M 1 18 20 270
5 71 46 59 6 6 0 0.00 0.0 0 6.8 16 140 M M 2 19 160
6 75 51 63 10 2 0 1.04 0.0 0 11.7 26 170 M M 7 13 36 170
7 60 42 51 -2 14 0 0.00 0.0 0 10.8 21 340 M M 2 27 330
8 54 41 48 -5 17 0 0.00 0.0 0 7.2 15 340 M M 6 21 330
9 57 35 46 -7 19 0 0.00 0.0 0 4.3 12 50 M M 3 15 60
10 47 35 41 -12 24 0 1.19 T 0 13.2 23 30 M M 10 14 30 40
11 44 34 39 -14 26 0 0.00 0.0 0 10.8 18 350 M M 8 22 340
12 52 31 42 -11 23 0 0.00 0.0 0 2.6 8 290 M M 4 18 11 300
13 60 35 48 -5 17 0 0.00 0.0 0 5.0 12 240 M M 1 16 220
14 71 39 55 2 10 0 0.00 0.0 0 9.1 18 260 M M 1 27 210
15 61 41 51 -2 14 0 0.00 0.0 0 10.5 26 290 M M 0 36 300
16 61 38 50 -3 15 0 0.00 0.0 0 6.3 16 340 M M 2 8 19 290
17 68 36 52 -1 13 0 0.00 0.0 0 3.8 13 330 M M 2 18 270
18 71 35 53 0 12 0 T 0.0 0 8.0 22 140 M M 4 26 140
19 78 57 68 15 0 3 0.00 0.0 0 6.6 20 150 M M 7 22 160
20 69 58 64 11 1 0 0.00 0.0 0 8.2 15 150 M M 10 128 17 150
21 67 60 64 11 1 0 0.21 0.0 0 1.9 8 160 M M 10 12 11 10
22 67 60 64 11 1 0 0.01 0.0 0 3.2 10 100 M M 9 12 15 110
23 64 57 61 8 4 0 0.05 0.0 0 8.8 14 130 M M 10 1 18 110
24 77 62 70 17 0 5 0.01 0.0 0 10.0 20 150 M M 10 12 26 170
25 78 61 70 17 0 5 T 0.0 0 9.3 22 160 M M 9 1 29 150
26 76 54 65 11 0 0 0.00 0.0 0 5.0 13 40 M M 7 16 30
27 68 48 58 4 7 0 0.00 0.0 0 15.2 30 360 M M 7 36 360
28 62 39 51 -3 14 0 0.00 0.0 0 6.7 14 70 M M 6 18 10
29 67 39 53 -1 12 0 0.00 0.0 0 6.9 17 150 M M 5 22 140
30 74 51 63 9 2 0 T 0.0 0 8.9 18 170 M M 9 26 170
31 70 50 60 6 5 0 0.00 0.0 0 11.9 23 330 M M 2 32 310
================================================================================
SM 2028 1393 310 13 2.51 T 238.6 M 164
================================================================================
AV 65.4 44.9 7.7 FASTST M M 5 MAX(MPH)
MISC ----> 30 360 # 36 170
================================================================================
NOTES:
# LAST OF SEVERAL OCCURRENCES
COLUMN 17 PEAK WIND IN M.P.H.
PRELIMINARY LOCAL CLIMATOLOGICAL DATA (WS FORM: F-6) , PAGE 2
STATION: HOUSTON INTERCONTINENTAL
MONTH: JANUARY
YEAR: 2021
LATITUDE: 29 58 N
LONGITUDE: 95 21 W
[TEMPERATURE DATA] [PRECIPITATION DATA] SYMBOLS USED IN COLUMN 16
AVERAGE MONTHLY: 55.2 TOTAL FOR MONTH: 2.51 1 = FOG OR MIST
DPTR FM NORMAL: 2.1 DPTR FM NORMAL: -0.87 2 = FOG REDUCING VISIBILITY
HIGHEST: 78 ON 25,19 GRTST 24HR 1.24 ON 9-10 TO 1/4 MILE OR LESS
LOWEST: 31 ON 12 3 = THUNDER
SNOW, ICE PELLETS, HAIL 4 = ICE PELLETS
TOTAL MONTH: T 5 = HAIL
GRTST 24HR T ON 10-10 6 = FREEZING RAIN OR DRIZZLE
GRTST DEPTH: 0 7 = DUSTSTORM OR SANDSTORM:
VSBY 1/2 MILE OR LESS
8 = SMOKE OR HAZE
[NO. OF DAYS WITH] [WEATHER - DAYS WITH] 9 = BLOWING SNOW
X = TORNADO
MAX 32 OR BELOW: 0 0.01 INCH OR MORE: 6
MAX 90 OR ABOVE: 0 0.10 INCH OR MORE: 3
MIN 32 OR BELOW: 1 0.50 INCH OR MORE: 2
MIN 0 OR BELOW: 0 1.00 INCH OR MORE: 2
[HDD (BASE 65) ]
TOTAL THIS MO. 310 CLEAR (SCALE 0-3) 10
DPTR FM NORMAL -75 PTCLDY (SCALE 4-7) 12
TOTAL FM JUL 1 716 CLOUDY (SCALE 8-10) 9
DPTR FM NORMAL -212
[CDD (BASE 65) ]
TOTAL THIS MO. 13
DPTR FM NORMAL -2 [PRESSURE DATA]
TOTAL FM JAN 1 13 HIGHEST SLP 30.59 ON 28
DPTR FM NORMAL -2 LOWEST SLP 29.69 ON 25
[REMARKS]
#FINAL-01-21#