000
CXUS54 KHGX 011410
CF6IAH
PRELIMINARY LOCAL CLIMATOLOGICAL DATA (WS FORM: F-6)
STATION: HOUSTON INTERCONTINENTAL
MONTH: OCTOBER
YEAR: 2023
LATITUDE: 29 58 N
LONGITUDE: 95 21 W
TEMPERATURE IN F: :PCPN: SNOW: WIND :SUNSHINE: SKY :PK WND
================================================================================
1 2 3 4 5 6A 6B 7 8 9 10 11 12 13 14 15 16 17 18
12Z AVG MX 2MIN
DY MAX MIN AVG DEP HDD CDD WTR SNW DPTH SPD SPD DIR MIN PSBL S-S WX SPD DR
================================================================================
1 96 71 84 7 0 19 0.00 0.0 0 7.5 18 100 M M 3 29 130
2 94 71 83 7 0 18 0.00 0.0 0 8.6 18 150 M M 5 32 30
3 80 73 77 1 0 12 1.17 0.0 0 8.9 17 130 M M 9 13 28 100
4 87 77 82 6 0 17 0.69 0.0 0 8.3 18 150 M M 9 13 27 140
5 81 71 76 0 0 11 1.14 0.0 0 6.6 29 10 M M 9 13 38 360
6 87 68 78 3 0 13 0.00 0.0 0 9.3 20 10 M M 7 27 40
7 76 61 69 -6 0 4 0.00 0.0 0 9.6 20 20 M M 8 26 30
8 76 53 65 -10 0 0 0.00 0.0 0 4.3 12 60 M M 6 17 110
9 83 55 69 -5 0 4 0.00 0.0 0 3.6 12 170 M M 4 16 170
10 82 63 73 -1 0 8 T 0.0 0 4.0 10 130 M M 9 16 130
11 72 60 66 -8 0 1 0.39 0.0 0 7.6 16 100 M M 8 1 24 110
12 81 59 70 -3 0 5 0.00 0.0 0 9.0 16 130 M M 4 1 30 130
13 90 65 78 5 0 13 T 0.0 0 5.6 15 350 M M 5 19 350
14 77 60 69 -4 0 4 T 0.0 0 11.0 21 350 M M 3 30 350
15 74 55 65 -7 0 0 0.00 0.0 0 11.2 29 10 M M 1 36 10
16 71 51 61 -11 4 0 0.00 0.0 0 9.8 22 360 M M 0 33 10
17 74 47 61 -11 4 0 0.00 0.0 0 3.1 13 130 M M 0 16 140
18 83 50 67 -4 0 2 0.00 0.0 0 6.5 18 150 M M 2 24 150
19 87 59 73 2 0 8 0.00 0.0 0 3.3 12 270 M M 2 1 18 270
20 92 59 76 5 0 11 0.00 0.0 0 4.0 10 250 M M 0 16 260
21 93 60 77 7 0 12 0.00 0.0 0 3.3 9 260 M M 6 8 14 250
22 87 67 77 7 0 12 0.00 0.0 0 7.5 20 130 M M 7 27 150
23 87 71 79 9 0 14 0.02 0.0 0 12.8 23 130 M M 8 1 35 140
24 87 71 79 10 0 14 0.00 0.0 0 13.9 28 130 M M 5 37 140
25 86 71 79 10 0 14 T 0.0 0 13.8 25 130 M M 6 34 120
26 84 73 79 11 0 14 0.51 0.0 0 9.0 21 140 M M 9 1 31 180
27 87 74 81 13 0 16 0.00 0.0 0 7.1 14 140 M M 8 21 140
28 87 72 80 12 0 15 0.00 0.0 0 8.2 18 150 M M 5 26 130
29 89 53 71 4 0 6 T 0.0 0 10.5 24 350 M M 6 33 350
30 53 46 50 -17 15 0 0.15 0.0 0 16.1 25 340 M M 10 1 36 10
31 62 46 54 -13 11 0 T 0.0 0 11.6 22 360 M M 5 29 20
================================================================================
SM 2545 1932 34 267 4.07 0.0 255.6 M 169
================================================================================
AV 82.1 62.3 8.2 FASTST M M 5 MAX(MPH)
MISC ----> # 29 10 38 360
================================================================================
NOTES:
# LAST OF SEVERAL OCCURRENCES
COLUMN 17 PEAK WIND IN M.P.H.
PRELIMINARY LOCAL CLIMATOLOGICAL DATA (WS FORM: F-6) , PAGE 2
STATION: HOUSTON INTERCONTINENTAL
MONTH: OCTOBER
YEAR: 2023
LATITUDE: 29 58 N
LONGITUDE: 95 21 W
[TEMPERATURE DATA] [PRECIPITATION DATA] SYMBOLS USED IN COLUMN 16
AVERAGE MONTHLY: 72.2 TOTAL FOR MONTH: 4.07 1 = FOG OR MIST
DPTR FM NORMAL: 0.4 DPTR FM NORMAL: -1.39 2 = FOG REDUCING VISIBILITY
HIGHEST: 96 ON 1 GRTST 24HR 1.69 ON 3- 4 TO 1/4 MILE OR LESS
LOWEST: 46 ON 31,30 3 = THUNDER
SNOW, ICE PELLETS, HAIL 4 = ICE PELLETS
TOTAL MONTH: 0.0 INCH 5 = HAIL
GRTST 24HR 0.0 6 = FREEZING RAIN OR DRIZZLE
GRTST DEPTH: 0 7 = DUSTSTORM OR SANDSTORM:
VSBY 1/2 MILE OR LESS
8 = SMOKE OR HAZE
[NO. OF DAYS WITH] [WEATHER - DAYS WITH] 9 = BLOWING SNOW
X = TORNADO
MAX 32 OR BELOW: 0 0.01 INCH OR MORE: 7
MAX 90 OR ABOVE: 5 0.10 INCH OR MORE: 6
MIN 32 OR BELOW: 0 0.50 INCH OR MORE: 4
MIN 0 OR BELOW: 0 1.00 INCH OR MORE: 2
[HDD (BASE 65) ]
TOTAL THIS MO. 34 CLEAR (SCALE 0-3) 7
DPTR FM NORMAL 8 PTCLDY (SCALE 4-7) 17
TOTAL FM JUL 1 34 CLOUDY (SCALE 8-10) 7
DPTR FM NORMAL 11
[CDD (BASE 65) ]
TOTAL THIS MO. 267
DPTR FM NORMAL 28 [PRESSURE DATA]
TOTAL FM JAN 1 3804 HIGHEST SLP 30.39 ON 31
DPTR FM NORMAL 615 LOWEST SLP 29.67 ON 11
[REMARKS]
#FINAL-10-23#