000
CXUS53 KUNR 011030
CF6ICR
PRELIMINARY LOCAL CLIMATOLOGICAL DATA (WS FORM: F-6)
STATION: WINNER REGIONAL AIRPORT SD
MONTH: OCTOBER
YEAR: 2020
LATITUDE: 43 23 N
LONGITUDE: 99 50 W
TEMPERATURE IN F: :PCPN: SNOW: WIND :SUNSHINE: SKY :PK WND
================================================================================
1 2 3 4 5 6A 6B 7 8 9 10 11 12 13 14 15 16 17 18
12Z AVG MX 2MIN
DY MAX MIN AVG DEP HDD CDD WTR SNW DPTH SPD SPD DIR MIN PSBL S-S WX SPD DR
================================================================================
1 61 37 49 -8 16 0 0.00 M M 11.0 22 320 M M 1 8 32 310
2 66 37 52 -4 13 0 0.10 M M 6.6 23 40 M M 3 12 29 30
3 62 38 50 -6 15 0 0.00 M M 5.5 10 130 M M 5 1 15 330
4 75 41 58 2 7 0 0.00 M M 12.1 23 190 M M 2 32 180
5 79 50 65 10 0 0 0.00 M M 13.5 29 320 M M 0 36 330
6 88 49 69 14 0 4 0.00 M M 10.2 22 310 M M 0 31 310
7 78 43 61 7 4 0 0.00 M M 6.0 14 50 M M 0 18 60
8 82 45 64 10 1 0 0.00 M M 15.8 25 140 M M 0 37 130
9 89 51 70 16 0 5 0.00 M M 8.9 23 200 M M 0 8 34 200
10 77 41 59 6 6 0 0.00 M M 13.6 28 170 M M 0 39 180
11 86 49 68 15 0 3 T M M 21.8 36 310 M M 2 48 310
12 74 40 57 5 8 0 T M M 11.3 32 310 M M 1 41 310
13 67 43 55 3 10 0 0.01 M M 13.8 35 170 M M 0 49 180
14 67 40 54 2 11 0 T M M 18.4 36 310 M M 4 49 300
15 56 29 43 -8 22 0 0.02 M M 11.6 33 300 M M 3 44 270
16 57 31 44 -7 21 0 T M M 10.3 17 140 M M 4 8 24 140
17 55 36 46 -4 19 0 T M M 13.6 31 310 M M 6 39 310
18 41 27 34 -16 31 0 0.00 M M 8.4 16 320 M M 5 23 330
19 50 36 43 -6 22 0 0.00 M M 8.6 16 180 M M 9 23 180
20 56 33 45 -4 20 0 0.09 M M 13.1 24 320 M M 6 1 32 320
21 38 32 35 -14 30 0 0.09 M M 11.8 23 90 M M 9 1 32 80
22 37 29 33 -15 32 0 0.02 M M 14.7 23 70 M M 10 16 30 80
23 31 17 24 -24 41 0 T M M 10.7 22 330 M M 7 18 30 320
24 27 17 22 -25 43 0 0.08 M M 12.8 21 100 M M 8 18 26 100
25 24 11 18 -29 47 0 0.05 M M 12.3 22 350 M M 9 18 26 350
26 22 8 15 -31 50 0 T M M 9.2 16 200 M M 2 23 200
27 41 10 26 -20 39 0 0.00 M M 11.4 18 210 M M 0 24 230
28 49 30 40 -6 25 0 0.00 M M 9.9 21 320 M M 0 27 310
29 55 26 41 -4 24 0 0.00 M M 8.5 21 170 M M 5 8 27 170
30 68 37 53 8 12 0 0.00 M M 11.1 28 180 M M 0 39 190
31 63 30 47 3 18 0 0.00 M M 20.5 39 310 M M 0 54 310
================================================================================
SM 1821 1043 587 12 0.46 M 367.0 M 101
================================================================================
AV 58.7 33.6 11.8 FASTST M M 3 MAX(MPH)
MISC ----> 39 310 54 310
================================================================================
NOTES:
# LAST OF SEVERAL OCCURRENCES
COLUMN 17 PEAK WIND IN M.P.H.
PRELIMINARY LOCAL CLIMATOLOGICAL DATA (WS FORM: F-6) , PAGE 2
STATION: WINNER REGIONAL AIRPORT SD
MONTH: OCTOBER
YEAR: 2020
LATITUDE: 43 23 N
LONGITUDE: 99 50 W
[TEMPERATURE DATA] [PRECIPITATION DATA] SYMBOLS USED IN COLUMN 16
AVERAGE MONTHLY: 46.2 TOTAL FOR MONTH: 0.46 1 = FOG OR MIST
DPTR FM NORMAL: -4.4 DPTR FM NORMAL: -1.18 2 = FOG REDUCING VISIBILITY
HIGHEST: 89 ON 9 GRTST 24HR 0.13 ON 24-25 TO 1/4 MILE OR LESS
LOWEST: 8 ON 26 3 = THUNDER
SNOW, ICE PELLETS, HAIL 4 = ICE PELLETS
TOTAL MONTH: M 5 = HAIL
GRTST 24HR M ON M 6 = FREEZING RAIN OR DRIZZLE
GRTST DEPTH: M ON M 7 = DUSTSTORM OR SANDSTORM:
VSBY 1/2 MILE OR LESS
8 = SMOKE OR HAZE
[NO. OF DAYS WITH] [WEATHER - DAYS WITH] 9 = BLOWING SNOW
X = TORNADO
MAX 32 OR BELOW: 4 0.01 INCH OR MORE: 8
MAX 90 OR ABOVE: 0 0.10 INCH OR MORE: 1
MIN 32 OR BELOW: 13 0.50 INCH OR MORE: 0
MIN 0 OR BELOW: 0 1.00 INCH OR MORE: 0
[HDD (BASE 65) ]
TOTAL THIS MO. 587 CLEAR (SCALE 0-3) 16
DPTR FM NORMAL 131 PTCLDY (SCALE 4-7) 11
TOTAL FM JUL 1 709 CLOUDY (SCALE 8-10) 4
DPTR FM NORMAL 110
[CDD (BASE 65) ]
TOTAL THIS MO. 12
DPTR FM NORMAL 2 [PRESSURE DATA]
TOTAL FM JAN 1 1119 HIGHEST SLP 30.59 ON 26
DPTR FM NORMAL 203 LOWEST SLP 29.38 ON 11
[REMARKS]
#FINAL-10-20#