000
CXUS53 KICT 020054
CF6ICT
PRELIMINARY LOCAL CLIMATOLOGICAL DATA (WS FORM: F-6)
STATION: WICHITA EISENHOWER NATIONAL
MONTH: DECEMBER
YEAR: 2020
LATITUDE: 37 39 N
LONGITUDE: 97 25 W
TEMPERATURE IN F: :PCPN: SNOW: WIND :SUNSHINE: SKY :PK WND
================================================================================
1 2 3 4 5 6A 6B 7 8 9 10 11 12 13 14 15 16 17 18
12Z AVG MX 2MIN
DY MAX MIN AVG DEP HDD CDD WTR SNW DPTH SPD SPD DIR MIN PSBL S-S WX SPD DR
================================================================================
1 51 25 38 0 27 0 0.00 0.0 0 7.0 14 130 M M 3 19 120
2 46 28 37 -1 28 0 0.38 0.0 0 10.1 25 40 M M 9 1 32 40
3 41 26 34 -3 31 0 0.10 1.3 1 10.4 22 350 M M 7 1 28 360
4 54 22 38 1 27 0 0.00 0.0 0 4.2 9 300 M M 0 13 290
5 54 28 41 5 24 0 0.00 0.0 0 9.4 23 350 M M 0 30 340
6 52 30 41 5 24 0 0.00 0.0 0 9.0 17 330 M M 0 21 340
7 61 25 43 7 22 0 0.00 0.0 0 6.4 14 300 M M 0 17 320
8 61 28 45 10 20 0 0.00 0.0 0 6.6 13 320 M M 2 17 320
9 67 28 48 13 17 0 0.00 0.0 0 3.1 8 10 M M 1 11 10
10 66 28 47 12 18 0 T 0.0 0 4.6 21 350 M M 4 27 350
11 46 34 40 6 25 0 T T 0 14.1 20 310 M M 9 28 330
12 35 34 35 1 30 0 0.00 0.0 0 12.7 23 340 M M 10 30 340
13 37 24 31 -3 34 0 0.04 0.4 0 11.4 21 30 M M 6 1 27 40
14 39 15 27 -7 38 0 0.00 0.0 0 7.7 18 150 M M 4 1 24 150
15 31 26 29 -4 36 0 0.11 1.2 1 8.7 16 110 M M 9 1 21 110
16 35 20 28 -5 37 0 T T 1 5.6 12 210 M M 7 1 16 230
17 52 18 35 2 30 0 0.00 0.0 0 6.2 14 200 M M 2 19 200
18 50 33 42 9 23 0 0.00 0.0 0 17.3 36 200 M M 4 46 210
19 48 27 38 5 27 0 0.00 0.0 0 7.8 13 340 M M 1 18 350
20 58 28 43 10 22 0 0.00 0.0 0 9.8 18 320 M M 5 27 310
21 62 28 45 13 20 0 0.00 0.0 0 4.0 13 360 M M 4 15 360
22 64 30 47 15 18 0 0.00 0.0 0 16.6 35 180 M M 3 50 180
23 57 24 41 9 24 0 T T 0 23.2 40 310 M M 4 8 54 330
24 41 18 30 -2 35 0 0.00 0.0 0 11.3 28 330 M M 4 35 330
25 52 15 34 2 31 0 0.00 0.0 0 7.1 16 210 M M 0 20 190
26 62 27 45 13 20 0 0.00 0.0 0 9.0 24 180 M M 2 29 180
27 56 24 40 8 25 0 0.00 0.0 0 10.3 28 340 M M 3 36 340
28 42 29 36 4 29 0 0.00 0.0 0 9.2 18 70 M M 9 24 80
29 49 33 41 9 24 0 1.07 0.0 0 13.6 24 180 M M 10 16 37 180
30 43 22 33 1 32 0 0.00 0.0 0 10.0 21 340 M M 7 27 340
31 40 17 29 -3 36 0 0.00 0.0 0 7.6 21 30 M M 7 29 30
================================================================================
SM 1552 794 834 0 1.70 2.9 294.0 M 136
================================================================================
AV 50.1 25.6 9.5 FASTST M M 4 MAX(MPH)
MISC ----> 40 310 54 330
================================================================================
NOTES:
# LAST OF SEVERAL OCCURRENCES
COLUMN 17 PEAK WIND IN M.P.H.
PRELIMINARY LOCAL CLIMATOLOGICAL DATA (WS FORM: F-6) , PAGE 2
STATION: WICHITA EISENHOWER NATIONAL
MONTH: DECEMBER
YEAR: 2020
LATITUDE: 37 39 N
LONGITUDE: 97 25 W
[TEMPERATURE DATA] [PRECIPITATION DATA] SYMBOLS USED IN COLUMN 16
AVERAGE MONTHLY: 37.8 TOTAL FOR MONTH: 1.70 1 = FOG OR MIST
DPTR FM NORMAL: 4.0 DPTR FM NORMAL: 0.50 2 = FOG REDUCING VISIBILITY
HIGHEST: 67 ON 9 GRTST 24HR 1.07 ON 29-29 TO 1/4 MILE OR LESS
LOWEST: 15 ON 25,14 3 = THUNDER
SNOW, ICE PELLETS, HAIL 4 = ICE PELLETS
TOTAL MONTH: 2.9 INCHES 5 = HAIL
GRTST 24HR 1.3 ON 3- 3 6 = FREEZING RAIN OR DRIZZLE
GRTST DEPTH: 1 ON 16,15 7 = DUSTSTORM OR SANDSTORM:
VSBY 1/2 MILE OR LESS
8 = SMOKE OR HAZE
[NO. OF DAYS WITH] [WEATHER - DAYS WITH] 9 = BLOWING SNOW
X = TORNADO
MAX 32 OR BELOW: 1 0.01 INCH OR MORE: 5
MAX 90 OR ABOVE: 0 0.10 INCH OR MORE: 4
MIN 32 OR BELOW: 27 0.50 INCH OR MORE: 1
MIN 0 OR BELOW: 0 1.00 INCH OR MORE: 1
[HDD (BASE 65) ]
TOTAL THIS MO. 834 CLEAR (SCALE 0-3) 13
DPTR FM NORMAL -133 PTCLDY (SCALE 4-7) 12
TOTAL FM JUL 1 1686 CLOUDY (SCALE 8-10) 6
DPTR FM NORMAL -157
[CDD (BASE 65) ]
TOTAL THIS MO. 0
DPTR FM NORMAL 0 [PRESSURE DATA]
TOTAL FM JAN 1 1768 HIGHEST SLP 30.45 ON 28
DPTR FM NORMAL 82 LOWEST SLP 29.47 ON 23
[REMARKS]
#FINAL-12-20#