000
CXUS53 KUNR 011534
CLMIEN
CLIMATE REPORT
NATIONAL WEATHER SERVICE RAPID CITY SD
934 AM MDT SAT JUL 01 2023
...................................
...THE PINE RIDGE SD CLIMATE SUMMARY FOR THE MONTH OF JUNE 2023...
CLIMATE NORMAL PERIOD 1991 TO 2020
CLIMATE RECORD PERIOD 9999 TO 9999
WEATHER OBSERVED NORMAL DEPART LAST YEAR`S
VALUE DATE(S) VALUE FROM VALUE DATE(S)
NORMAL
................................................................
TEMPERATURE (F)
HIGHEST 97 06/19 104 06/29
LOWEST 43 06/13 34 06/26
06/14
06/17
AVG. MAXIMUM 80.2 80.6 -0.4 84.2
AVG. MINIMUM 52.7 52.8 -0.1 49.4
MEAN 66.4 66.7 -0.3 66.8
DAYS MAX >= 90 2 11
DAYS MAX <= 32 0 0
DAYS MIN <= 32 0 0
DAYS MIN <= 0 0 0
PRECIPITATION (INCHES)
TOTALS 2.60 3.01 -0.41 1.33
DAILY AVG. 0.09 0.10 -0.01 0.04
DAYS >= .01 13 10
DAYS >= .10 7 3
DAYS >= .50 2 1
DAYS >= 1.00 0 0
GREATEST
24 HR. TOTAL 0.76 06/22 TO 06/23 0.61
DEGREE DAYS
HEATING TOTAL 41 74 -33 76
SINCE 7/1 7564 7011 553 MM
COOLING TOTAL 90 125 -35 136
SINCE 1/1 108 147 -39 MM
................................................................
WIND (MPH)
AVERAGE WIND SPEED 6.9
HIGHEST WIND SPEED/DIRECTION 32/280 DATE 06/24
32/080 06/29
HIGHEST GUST SPEED/DIRECTION 46/280 DATE 06/24
AVERAGE RH (PERCENT) 68
WEATHER CONDITIONS. NUMBER OF DAYS WITH
THUNDERSTORM 11 MIXED PRECIP 0
HEAVY RAIN 4 RAIN 7
LIGHT RAIN 13 FREEZING RAIN 0
LT FREEZING RAIN 0 HAIL 0
HEAVY SNOW 0 SNOW 0
LIGHT SNOW 0 SLEET 0
FOG 19 FOG W/VIS <= 1/4 MILE 1
HAZE 3
- INDICATES NEGATIVE NUMBERS.
R INDICATES RECORD WAS SET OR TIED.
MM INDICATES DATA IS MISSING.
T INDICATES TRACE AMOUNT.
$$