000
CXUS53 KUNR 011521
CLMIEN
CLIMATE REPORT
NATIONAL WEATHER SERVICE RAPID CITY SD
921 AM MDT THU JUN 01 2023
...................................
...THE PINE RIDGE SD CLIMATE SUMMARY FOR THE MONTH OF MAY 2023...
CLIMATE NORMAL PERIOD 1991 TO 2020
CLIMATE RECORD PERIOD 9999 TO 9999
WEATHER OBSERVED NORMAL DEPART LAST YEAR`S
VALUE DATE(S) VALUE FROM VALUE DATE(S)
NORMAL
................................................................
TEMPERATURE (F)
HIGHEST 86 05/30 93 05/27
LOWEST 21 05/01 19 05/22
AVG. MAXIMUM 74.2 69.0 5.2 68.5
AVG. MINIMUM 46.4 42.4 4.0 37.8
MEAN 60.3 55.7 4.6 53.1
DAYS MAX >= 90 0 1
DAYS MAX <= 32 0 0
DAYS MIN <= 32 2 5
DAYS MIN <= 0 0 0
PRECIPITATION (INCHES)
TOTALS MM 2.62 MM 2.68
DAILY AVG. MM 0.08 MM 0.09
DAYS >= .01 MM 10
DAYS >= .10 MM 4
DAYS >= .50 MM 3
DAYS >= 1.00 MM 0
GREATEST
24 HR. TOTAL MM 1.03
DEGREE DAYS
HEATING TOTAL 156 309 -153 364
SINCE 7/1 7523 6935 588 MM
COOLING TOTAL 18 21 -3 5
SINCE 1/1 18 22 -4 MM
................................................................
WIND (MPH)
AVERAGE WIND SPEED 8.4
HIGHEST WIND SPEED/DIRECTION 40/250 DATE 05/30
HIGHEST GUST SPEED/DIRECTION 63/250 DATE 05/30
AVERAGE RH (PERCENT) 66
WEATHER CONDITIONS. NUMBER OF DAYS WITH
THUNDERSTORM 9 MIXED PRECIP 0
HEAVY RAIN 3 RAIN 6
LIGHT RAIN 11 FREEZING RAIN 0
LT FREEZING RAIN 0 HAIL 0
HEAVY SNOW 0 SNOW 0
LIGHT SNOW 0 SLEET 0
FOG 17 FOG W/VIS <= 1/4 MILE 2
HAZE 8
- INDICATES NEGATIVE NUMBERS.
R INDICATES RECORD WAS SET OR TIED.
MM INDICATES DATA IS MISSING.
T INDICATES TRACE AMOUNT.
$$