000
CXUS53 KUNR 011623
CLMIEN
CLIMATE REPORT
NATIONAL WEATHER SERVICE RAPID CITY SD
923 AM MST FRI DEC 01 2023
...................................
...THE PINE RIDGE SD CLIMATE SUMMARY FOR THE MONTH OF NOVEMBER 2023...
CLIMATE NORMAL PERIOD 1991 TO 2020
CLIMATE RECORD PERIOD 9999 TO 9999
WEATHER OBSERVED NORMAL DEPART LAST YEAR`S
VALUE DATE(S) VALUE FROM VALUE DATE(S)
NORMAL
................................................................
TEMPERATURE (F)
HIGHEST 75 11/05 76 11/01
LOWEST 8 11/24 -5 11/18
11/25
AVG. MAXIMUM 53.2 48.5 4.7 43.8
AVG. MINIMUM 21.2 20.5 0.7 13.8
MEAN 37.2 34.5 2.7 28.8
DAYS MAX >= 90 0 0
DAYS MAX <= 32 3 9
DAYS MIN <= 32 26 29
DAYS MIN <= 0 0 4
PRECIPITATION (INCHES)
TOTALS 0.05R 0.60 -0.55 0.07
DAILY AVG. 0.00 0.02 -0.02 0.00
DAYS >= .01 2 1
DAYS >= .10 0 0
DAYS >= .50 0 0
DAYS >= 1.00 0 0
GREATEST
24 HR. TOTAL 0.04 11/04 TO 11/04 0.07
DEGREE DAYS
HEATING TOTAL 826 915 -89 1078
SINCE 7/1 1526 1643 -117 MM
COOLING TOTAL 0 0 0 0
SINCE 1/1 604 785 -181 MM
................................................................
WIND (MPH)
AVERAGE WIND SPEED 6.2
HIGHEST WIND SPEED/DIRECTION 37/180 DATE 11/13
HIGHEST GUST SPEED/DIRECTION 53/250 DATE 11/05
AVERAGE RH (PERCENT) 61
WEATHER CONDITIONS. NUMBER OF DAYS WITH
THUNDERSTORM 1 MIXED PRECIP 0
HEAVY RAIN 0 RAIN 0
LIGHT RAIN 3 FREEZING RAIN 0
LT FREEZING RAIN 0 HAIL 0
HEAVY SNOW 0 SNOW 1
LIGHT SNOW 4 SLEET 0
FOG 4 FOG W/VIS <= 1/4 MILE 0
HAZE 6
- INDICATES NEGATIVE NUMBERS.
R INDICATES RECORD WAS SET OR TIED.
MM INDICATES DATA IS MISSING.
T INDICATES TRACE AMOUNT.
$$