000
CXUS55 KVEF 060459
CF6IGM
PRELIMINARY LOCAL CLIMATOLOGICAL DATA (WS FORM: F-6)
STATION: KINGMAN AZ
MONTH: NOVEMBER
YEAR: 2022
LATITUDE: 35 16 N
LONGITUDE: 113 57 W
TEMPERATURE IN F: :PCPN: SNOW: WIND :SUNSHINE: SKY :PK WND
================================================================================
1 2 3 4 5 6A 6B 7 8 9 10 11 12 13 14 15 16 17 18
12Z AVG MX 2MIN
DY MAX MIN AVG DEP HDD CDD WTR SNW DPTH SPD SPD DIR MIN PSBL S-S WX SPD DR
================================================================================
1 75 49 62 5 3 0 0.00 M M 12.7 29 200 M M 0 39 200
2 65 47 56 -1 9 0 0.04 M M 16.9 31 210 M M 3 41 210
3 48 31 40 -16 25 0 T M M 10.6 21 210 M M 7 27 170
4 58 28 43 -13 22 0 0.00 M M 5.1 16 350 M M 0 20 340
5 67 30 49 -7 16 0 0.00 M M 7.3 21 220 M M 0 25 230
6 70 38 54 -1 11 0 0.00 M M 9.5 22 210 M M 0 27 220
7 71 44 58 3 7 0 0.00 M M 14.8 30 190 M M 0 37 220
8 71 53 62 8 3 0 T M M 22.6 46 180 M M 6 8 63 170
9 57 35 46 -8 19 0 0.66 M M 15.0 37 200 M M 4 13 49 220
10 56 32 44 -10 21 0 0.00 M M 7.4 15 340 M M 0 19 20
11 54 31 43 -10 22 0 0.00 M M 9.5 17 340 M M 0 24 340
12 60 28 44 -9 21 0 0.00 M M 6.2 20 210 M M 0 23 210
13 55 31 43 -9 22 0 0.00 M M 9.6 24 340 M M 1 31 340
14 55 32 44 -8 21 0 0.00 M M 8.4 14 110 M M 0 16 100
15 56 31 44 -7 21 0 0.00 M M 11.5 23 320 M M 0 28 340
16 54 28 41 -10 24 0 0.00 M M 12.6 23 320 M M 0 29 320
17 58 25 42 -9 23 0 0.00 M M 4.7 14 20 M M 0 19 10
18 57 26 42 -8 23 0 0.00 M M 6.9 20 330 M M 0 24 330
19 55 30 43 -7 22 0 0.00 M M 12.6 22 330 M M 0 27 340
20 59 29 44 -5 21 0 0.00 M M 7.5 13 360 M M 0 19 350
21 62 24 43 -6 22 0 0.00 M M 4.0 9 360 M M 0 12 350
22 61 26 44 -4 21 0 0.00 M M 2.5 9 110 M M 0 11 90
23 61 25 43 -5 22 0 0.00 M M 5.1 20 320 M M 0 24 320
24 58 31 45 -3 20 0 0.00 M M 11.8 29 320 M M 0 37 340
25 61 29 45 -2 20 0 0.00 M M 6.5 14 340 M M 0 19 340
26 62 26 44 -3 21 0 0.00 M M 5.8 15 230 M M 0 19 230
27 59 32 46 -1 19 0 0.00 M M 6.7 13 120 M M 0 15 70
28 61 35 48 2 17 0 0.00 M M 11.4 31 190 M M 0 39 210
29 58 31 45 -1 20 0 0.00 M M 7.7 15 350 M M 0 8 21 340
30 59 29 44 -2 21 0 0.00 M M 7.0 17 210 M M 0 21 220
================================================================================
SM 1803 966 559 0 0.70 M 279.9 M 21
================================================================================
AV 60.1 32.2 9.3 FASTST M M 1 MAX(MPH)
MISC ----> 46 180 63 170
================================================================================
NOTES:
# LAST OF SEVERAL OCCURRENCES
COLUMN 17 PEAK WIND IN M.P.H.
PRELIMINARY LOCAL CLIMATOLOGICAL DATA (WS FORM: F-6) , PAGE 2
STATION: KINGMAN AZ
MONTH: NOVEMBER
YEAR: 2022
LATITUDE: 35 16 N
LONGITUDE: 113 57 W
[TEMPERATURE DATA] [PRECIPITATION DATA] SYMBOLS USED IN COLUMN 16
AVERAGE MONTHLY: 46.2 TOTAL FOR MONTH: 0.70 1 = FOG OR MIST
DPTR FM NORMAL: -5.1 DPTR FM NORMAL: 0.08 2 = FOG REDUCING VISIBILITY
HIGHEST: 75 ON 1 GRTST 24HR 0.66 ON 9- 9 TO 1/4 MILE OR LESS
LOWEST: 24 ON 21 3 = THUNDER
SNOW, ICE PELLETS, HAIL 4 = ICE PELLETS
TOTAL MONTH: M 5 = HAIL
GRTST 24HR M ON M 6 = FREEZING RAIN OR DRIZZLE
GRTST DEPTH: M ON M 7 = DUSTSTORM OR SANDSTORM:
VSBY 1/2 MILE OR LESS
8 = SMOKE OR HAZE
[NO. OF DAYS WITH] [WEATHER - DAYS WITH] 9 = BLOWING SNOW
X = TORNADO
MAX 32 OR BELOW: 0 0.01 INCH OR MORE: 2
MAX 90 OR ABOVE: 0 0.10 INCH OR MORE: 1
MIN 32 OR BELOW: 23 0.50 INCH OR MORE: 1
MIN 0 OR BELOW: 0 1.00 INCH OR MORE: 0
[HDD (BASE 65) ]
TOTAL THIS MO. 559 CLEAR (SCALE 0-3) 27
DPTR FM NORMAL 146 PTCLDY (SCALE 4-7) 3
TOTAL FM JUL 1 653 CLOUDY (SCALE 8-10) 0
DPTR FM NORMAL 117
[CDD (BASE 65) ]
TOTAL THIS MO. 0
DPTR FM NORMAL -2 [PRESSURE DATA]
TOTAL FM JAN 1 2406 HIGHEST SLP 30.39 ON 16
DPTR FM NORMAL 233 LOWEST SLP 29.57 ON 8
[REMARKS]
#FINAL-11-22#