000
CXUS55 KVEF 030309
CF6IGM
PRELIMINARY LOCAL CLIMATOLOGICAL DATA (WS FORM: F-6)
STATION: KINGMAN AZ
MONTH: OCTOBER
YEAR: 2020
LATITUDE: 35 16 N
LONGITUDE: 113 57 W
TEMPERATURE IN F: :PCPN: SNOW: WIND :SUNSHINE: SKY :PK WND
================================================================================
1 2 3 4 5 6A 6B 7 8 9 10 11 12 13 14 15 16 17 18
12Z AVG MX 2MIN
DY MAX MIN AVG DEP HDD CDD WTR SNW DPTH SPD SPD DIR MIN PSBL S-S WX SPD DR
================================================================================
1 99 56 78 9 0 13 0.00 M M 7.2 20 10 M M 0 23 360
2 99 55 77 8 0 12 0.00 M M 5.4 16 360 M M 0 20 350
3 98 50 74 6 0 9 0.00 M M 6.1 15 360 M M 0 23 30
4 97 53 75 7 0 10 0.00 M M 6.3 18 230 M M 0 27 240
5 94 55 75 7 0 10 0.00 M M 4.2 17 250 M M 0 22 250
6 95 53 74 7 0 9 0.00 M M 5.9 20 240 M M 0 24 250
7 93 55 74 7 0 9 0.00 M M 7.0 20 260 M M 0 25 270
8 93 59 76 10 0 11 0.00 M M 10.8 28 230 M M 0 36 230
9 91 60 76 10 0 11 0.00 M M 12.0 29 230 M M 0 37 250
10 85 57 71 6 0 6 0.00 M M 11.8 26 230 M M 0 35 220
11 85 54 70 5 0 5 0.00 M M 7.3 17 360 M M 0 22 250
12 90 52 71 7 0 6 0.00 M M 5.9 13 340 M M 0 19 350
13 93 49 71 7 0 6 0.00 M M 4.3 17 220 M M 0 23 220
14 94 50 72 8 0 7 0.00 M M 3.7 17 350 M M 0 22 10
15 90 52 71 8 0 6 0.00 M M 8.9 23 10 M M 0 8 28 10
16 87 54 71 8 0 6 0.00 M M 10.2 16 10 M M 0 8 20 360
17 91 49 70 8 0 5 0.00 M M 4.8 16 360 M M 0 19 360
18 90 52 71 9 0 6 0.00 M M 7.0 20 240 M M 0 25 230
19 90 50 70 8 0 5 0.00 M M 4.2 17 260 M M 0 21 250
20 91 48 70 9 0 5 0.00 M M 3.9 16 240 M M 0 25 220
21 88 48 68 7 0 3 0.00 M M 7.4 23 250 M M 0 30 260
22 86 57 72 12 0 7 0.00 M M 11.6 24 220 M M 0 31 220
23 83 55 69 9 0 4 0.00 M M 11.5 26 240 M M 0 36 250
24 80 53 67 8 0 2 0.00 M M 10.1 22 220 M M 0 29 220
25 76 49 63 4 2 0 0.00 M M 18.4 35 350 M M 2 8 45 350
26 49 33 41 -18 24 0 0.00 M M 25.3 38 360 M M 1 8 47 340
27 61 29 45 -13 20 0 0.00 M M 12.7 24 350 M M 0 34 20
28 70 33 52 -6 13 0 0.00 M M 7.0 14 10 M M 0 8 21 20
29 78 37 58 0 7 0 0.00 M M 5.0 14 20 M M 0 17 20
30 79 44 62 5 3 0 0.00 M M 4.0 13 220 M M 0 16 220
31 82 42 62 5 3 0 0.00 M M 5.8 15 240 M M 0 8 19 20
================================================================================
SM 2677 1543 72 173 0.00 M 255.7 M 3
================================================================================
AV 86.4 49.8 8.2 FASTST M M 0 MAX(MPH)
MISC ----> 38 360 47 340
================================================================================
NOTES:
# LAST OF SEVERAL OCCURRENCES
COLUMN 17 PEAK WIND IN M.P.H.
PRELIMINARY LOCAL CLIMATOLOGICAL DATA (WS FORM: F-6) , PAGE 2
STATION: KINGMAN AZ
MONTH: OCTOBER
YEAR: 2020
LATITUDE: 35 16 N
LONGITUDE: 113 57 W
[TEMPERATURE DATA] [PRECIPITATION DATA] SYMBOLS USED IN COLUMN 16
AVERAGE MONTHLY: 68.1 TOTAL FOR MONTH: 0.00 1 = FOG OR MIST
DPTR FM NORMAL: 5.2 DPTR FM NORMAL: -0.71 2 = FOG REDUCING VISIBILITY
HIGHEST: 99 ON 2, 1 GRTST 24HR 0.00 ON 1- 1 TO 1/4 MILE OR LESS
LOWEST: 29 ON 27 3 = THUNDER
SNOW, ICE PELLETS, HAIL 4 = ICE PELLETS
TOTAL MONTH: M 5 = HAIL
GRTST 24HR M ON M 6 = FREEZING RAIN OR DRIZZLE
GRTST DEPTH: M ON M 7 = DUSTSTORM OR SANDSTORM:
VSBY 1/2 MILE OR LESS
8 = SMOKE OR HAZE
[NO. OF DAYS WITH] [WEATHER - DAYS WITH] 9 = BLOWING SNOW
X = TORNADO
MAX 32 OR BELOW: 0 0.01 INCH OR MORE: 0
MAX 90 OR ABOVE: 17 0.10 INCH OR MORE: 0
MIN 32 OR BELOW: 1 0.50 INCH OR MORE: 0
MIN 0 OR BELOW: 0 1.00 INCH OR MORE: 0
[HDD (BASE 65) ]
TOTAL THIS MO. 72 CLEAR (SCALE 0-3) 31
DPTR FM NORMAL -61 PTCLDY (SCALE 4-7) 0
TOTAL FM JUL 1 75 CLOUDY (SCALE 8-10) 0
DPTR FM NORMAL -63
[CDD (BASE 65) ]
TOTAL THIS MO. 173
DPTR FM NORMAL 107 [PRESSURE DATA]
TOTAL FM JAN 1 2683 HIGHEST SLP 30.10 ON 29
DPTR FM NORMAL 591 LOWEST SLP 29.51 ON 25
[REMARKS]
#FINAL-10-20#