000
CXUS52 KILM 021024
CLMILM
CLIMATE REPORT
NATIONAL WEATHER SERVICE WILMINGTON NC
524 AM EST SAT DEC 02 2023
...................................
...THE WILMINGTON NORTH CAROLINA CLIMATE SUMMARY FOR THE MONTH OF NOVEMBER 2023...
CLIMATE NORMAL PERIOD 1991 TO 2020
CLIMATE RECORD PERIOD 1871 TO 2023
WEATHER OBSERVED NORMAL DEPART LAST YEAR`S
VALUE DATE(S) VALUE FROM VALUE DATE(S)
NORMAL
................................................................
TEMPERATURE (F)
RECORD
HIGH 87 11/02/1974
LOW 16 11/26/1950
HIGHEST 82 11/09 MM MM 84 11/06
11/07
LOWEST 27 11/29 MM MM 30 11/18
AVG. MAXIMUM 66.9 67.4 -0.5 71.0
AVG. MINIMUM 44.8 44.8 0.0 49.8
MEAN 55.9 56.1 -0.2 60.4
DAYS MAX >= 90 0 0.0 0.0 0
DAYS MAX <= 32 0 0.0 0.0 0
DAYS MIN <= 32 2 2.9 -0.9 3
DAYS MIN <= 0 0 0.0 0.0 0
PRECIPITATION (INCHES)
RECORD
MAXIMUM 7.87 1972
MINIMUM 0.07 1919
TOTALS 4.13 3.56 0.57 1.97
DAILY AVG. 0.14 0.12 0.02
DAYS >= .01 7 8.5 -1.5
DAYS >= .10 6 5.2 0.8
DAYS >= .50 2 2.1 -0.1
DAYS >= 1.00 1 1.0 0.0
GREATEST
24 HR. TOTAL 2.72 11/21 TO 11/22
SNOWFALL (INCHES)
RECORDS
TOTAL 1.5 1879
24 HR TOTAL 1.5 11/20/1879 TO 11/20/1879
TOTALS 0.0 0.0 0.0 0.0
SINCE 7/1 0.0 0.0 0.0 MM
DAYS >= TRACE 0 0.0 0.0 0
DAYS >= 1.0 0 0.0 0.0 0
GREATEST
SNOW DEPTH 0 0 MM
24 HR TOTAL MM MM
STORM TOTAL 0.0
(MM/DD(HH))
DEGREE DAYS
HEATING TOTAL 280 288 -8 193
SINCE 7/1 347 373 -26
COOLING TOTAL 12 22 -10 59
SINCE 1/1 2252 2127 125
FREEZE DATES
RECORD
EARLIEST 10/16/1876
LATEST 04/21/1983
EARLIEST 11/29 MM
LATEST 03/21
................................................................
WIND (MPH)
AVERAGE WIND SPEED 7.1
RESULTANT WIND SPEED/DIRECTION 4/010
HIGHEST WIND SPEED/DIRECTION 26/340 DATE 11/22
HIGHEST GUST SPEED/DIRECTION 35/330 DATE 11/22
SKY COVER
AVERAGE SKY COVER 0.29
AVERAGE RH (PERCENT) 66
WEATHER CONDITIONS. NUMBER OF DAYS WITH
THUNDERSTORM 1 MIXED PRECIP 0
HEAVY RAIN 3 RAIN 4
LIGHT RAIN 9 FREEZING RAIN 0
LT FREEZING RAIN 0 HAIL 0
HEAVY SNOW 0 SNOW 0
LIGHT SNOW 0 SLEET 0
FOG 10 FOG W/VIS <= 1/4 MILE 1
HAZE 1
- INDICATES NEGATIVE NUMBERS.
R INDICATES RECORD WAS SET OR TIED.
MM INDICATES DATA IS MISSING.
T INDICATES TRACE AMOUNT.
$$