000
CXUS53 KIND 010700
CF6IND
PRELIMINARY LOCAL CLIMATOLOGICAL DATA (WS FORM: F-6)
STATION: INDIANAPOLIS IN
MONTH: DECEMBER
YEAR: 2021
LATITUDE: 39 43 N
LONGITUDE: 86 17 W
TEMPERATURE IN F: :PCPN: SNOW: WIND :SUNSHINE: SKY :PK WND
================================================================================
1 2 3 4 5 6A 6B 7 8 9 10 11 12 13 14 15 16 17 18
12Z AVG MX 2MIN
DY MAX MIN AVG DEP HDD CDD WTR SNW DPTH SPD SPD DIR MIN PSBL S-S WX SPD DR
================================================================================
1 50 32 41 3 24 0 0.19 0.0 0 8.1 18 230 M M 9 1 23 240
2 60 42 51 14 14 0 0.00 0.0 0 11.6 23 280 M M 6 1 29 280
3 57 39 48 11 17 0 0.00 0.0 0 7.8 16 120 M M 2 19 120
4 49 33 41 4 24 0 0.00 0.0 0 8.1 14 360 M M 4 1 17 360
5 61 33 47 11 18 0 0.25 0.0 0 14.2 24 230 M M 7 1 36 230
6 61 23 42 6 23 0 0.24 0.0 0 18.4 32 280 M M 6 13 42 310
7 26 17 22 -14 43 0 0.00 0.0 0 5.5 16 310 M M 8 21 300
8 40 24 32 -3 33 0 T T 0 8.2 20 280 M M 4 26 250
9 53 26 40 5 25 0 0.00 0.0 0 11.4 24 140 M M 6 33 130
10 62 42 52 17 13 0 0.47 0.0 0 9.8 25 180 M M 9 138 40 180
11 66 31 49 15 16 0 0.29 0.0 0 21.2 41 270 M M 7 13 55 260
12 48 26 37 3 28 0 0.00 0.0 0 10.5 22 230 M M 2 31 210
13 53 31 42 8 23 0 0.00 0.0 0 7.7 18 220 M M 3 24 230
14 59 34 47 13 18 0 0.00 0.0 0 9.9 16 160 M M 5 21 160
15 63 48 56 23 9 0 0.08 0.0 0 14.6 28 190 M M 9 39 180
16 63 33 48 15 17 0 0.45 0.0 0 16.6 37 200 M M 7 1 51 200
17 40 29 35 2 30 0 0.17 0.0 0 6.9 15 80 M M 7 1 20 90
18 44 32 38 5 27 0 0.54 0.0 0 10.6 22 340 M M 10 1 29 350
19 38 27 33 1 32 0 0.00 0.0 0 7.2 13 40 M M 7 17 60
20 42 23 33 1 32 0 0.00 0.0 0 6.8 14 180 M M 1 18 170
21 46 25 36 4 29 0 0.00 0.0 0 9.0 18 300 M M 2 1 26 300
22 34 22 28 -4 37 0 0.00 0.0 0 10.4 25 300 M M 1 33 310
23 50 23 37 6 28 0 0.00 0.0 0 13.2 23 220 M M 6 30 230
24 62 48 55 24 10 0 0.00 0.0 0 15.8 29 210 M M 10 40 210
25 63 42 53 22 12 0 0.25 0.0 0 12.5 30 230 M M 10 1 41 220
26 49 32 41 10 24 0 0.04 0.0 0 7.4 23 130 M M 5 1 30 130
27 64 41 53 22 12 0 0.20 0.0 0 13.8 28 280 M M 9 13 39 280
28 43 38 41 11 24 0 0.89 T 0 9.4 25 110 M M 10 12 33 110
29 44 38 41 11 24 0 0.01 0.0 0 6.2 15 40 M M 10 1 18 60
30 48 37 43 13 22 0 0.02 0.0 0 6.6 15 200 M M 10 12 18 210
31 61 38 50 20 15 0 0.14 0.0 0 7.2 29 240 M M 9 12 36 230
================================================================================
SM 1599 1009 703 0 4.23 T 326.6 M 201
================================================================================
AV 51.6 32.5 10.5 FASTST M M 6 MAX(MPH)
MISC ----> 41 270 55 260
================================================================================
NOTES:
# LAST OF SEVERAL OCCURRENCES
COLUMN 17 PEAK WIND IN M.P.H.
PRELIMINARY LOCAL CLIMATOLOGICAL DATA (WS FORM: F-6) , PAGE 2
STATION: INDIANAPOLIS IN
MONTH: DECEMBER
YEAR: 2021
LATITUDE: 39 43 N
LONGITUDE: 86 17 W
[TEMPERATURE DATA] [PRECIPITATION DATA] SYMBOLS USED IN COLUMN 16
AVERAGE MONTHLY: 42.1 TOTAL FOR MONTH: 4.23 1 = FOG OR MIST
DPTR FM NORMAL: 8.8 DPTR FM NORMAL: 1.31 2 = FOG REDUCING VISIBILITY
HIGHEST: 66 ON 11 GRTST 24HR 0.89 ON 28-28 TO 1/4 MILE OR LESS
LOWEST: 17 ON 7 3 = THUNDER
SNOW, ICE PELLETS, HAIL 4 = ICE PELLETS
TOTAL MONTH: T 5 = HAIL
GRTST 24HR T ON 8- 8 6 = FREEZING RAIN OR DRIZZLE
GRTST DEPTH: 0 7 = DUSTSTORM OR SANDSTORM:
VSBY 1/2 MILE OR LESS
8 = SMOKE OR HAZE
[NO. OF DAYS WITH] [WEATHER - DAYS WITH] 9 = BLOWING SNOW
X = TORNADO
MAX 32 OR BELOW: 1 0.01 INCH OR MORE: 16
MAX 90 OR ABOVE: 0 0.10 INCH OR MORE: 12
MIN 32 OR BELOW: 16 0.50 INCH OR MORE: 2
MIN 0 OR BELOW: 0 1.00 INCH OR MORE: 0
[HDD (BASE 65) ]
TOTAL THIS MO. 703 CLEAR (SCALE 0-3) 5
DPTR FM NORMAL -280 PTCLDY (SCALE 4-7) 15
TOTAL FM JUL 1 1640 CLOUDY (SCALE 8-10) 11
DPTR FM NORMAL -366
[CDD (BASE 65) ]
TOTAL THIS MO. 0
DPTR FM NORMAL 0 [PRESSURE DATA]
TOTAL FM JAN 1 1345 HIGHEST SLP M ON M
DPTR FM NORMAL 206 LOWEST SLP 29.38 ON 11
[REMARKS]
#FINAL-12-21#