000
CXUS53 KIND 011511
CLMIND
CLIMATE REPORT
NATIONAL WEATHER SERVICE INDIANAPOLIS IN
1111 AM EDT SAT JUL 01 2023
...................................
...THE INDIANAPOLIS IN CLIMATE SUMMARY FOR THE MONTH OF JUNE 2023...
CLIMATE NORMAL PERIOD 1991 TO 2020
CLIMATE RECORD PERIOD 1871 TO 2023
WEATHER OBSERVED NORMAL DEPART LAST YEAR`S
VALUE DATE(S) VALUE FROM VALUE DATE(S)
NORMAL
................................................................
TEMPERATURE (F)
RECORD
HIGH 104 06/28/2012
LOW 37 06/22/1992
HIGHEST 91 06/30 95 06/21
LOWEST 50 06/09 54 06/03
AVG. MAXIMUM 81.9 82.0 -0.1 85.0
AVG. MINIMUM 61.0 62.9 -1.9 63.8
MEAN 71.5 72.5 -1.0 74.4
DAYS MAX >= 90 4 3.4 0.6 7
DAYS MAX <= 32 0 0.0 0.0 0
DAYS MIN <= 32 0 0.0 0.0 0
DAYS MIN <= 0 0 0.0 0.0 0
PRECIPITATION (INCHES)
RECORD
MAXIMUM 12.21 1875
MINIMUM 0.09 2012
TOTALS 1.41 4.95 -3.54 1.18
DAILY AVG. 0.05 0.16 -0.11 0.04
DAYS >= .01 7 11.5 -4.5 8
DAYS >= .10 4 7.9 -3.9 6
DAYS >= .50 1 3.7 -2.7 0
DAYS >= 1.00 0 1.3 -1.3 0
GREATEST
24 HR. TOTAL 0.64 06/11 TO 06/11
SNOWFALL (INCHES)
RECORDS
TOTAL T 2015
SNOW DEPTH MM MM
TOTALS 0.0 0.0 0.0 0.0
SINCE 7/1 10.0 25.5 -15.5 MM
SNOWDEPTH AVG. 0
DAYS >= 1.0 0 0.0 0.0 0
GREATEST
SNOW DEPTH 0 0 MM
24 HR TOTAL MM MM 0.0
DEGREE DAYS
HEATING TOTAL 13 14 -1 0
SINCE 7/1 4661 5247 -586 MM
COOLING TOTAL 214 237 -23 290
SINCE 1/1 321 339 -18 MM
................................................................
WIND (MPH)
AVERAGE WIND SPEED 8.7
HIGHEST WIND SPEED/DIRECTION 50/270 DATE 06/29
HIGHEST GUST SPEED/DIRECTION 70/260 DATE 06/29
SKY COVER
AVERAGE SKY COVER 0.57
AVERAGE RH (PERCENT) 59
WEATHER CONDITIONS. NUMBER OF DAYS WITH
THUNDERSTORM 3 MIXED PRECIP 0
HEAVY RAIN 3 RAIN 2
LIGHT RAIN 12 FREEZING RAIN 0
LT FREEZING RAIN 0 HAIL 0
HEAVY SNOW 0 SNOW 0
LIGHT SNOW 0 SLEET 0
FOG 11 FOG W/VIS <= 1/4 MILE 0
HAZE 11
- INDICATES NEGATIVE NUMBERS.
R INDICATES RECORD WAS SET OR TIED.
MM INDICATES DATA IS MISSING.
T INDICATES TRACE AMOUNT.
$$