000
CXUS54 KMAF 011448
CF6INK
PRELIMINARY LOCAL CLIMATOLOGICAL DATA (WS FORM: F-6)
STATION: WINK
MONTH: OCTOBER
YEAR: 2021
LATITUDE: 31 46 N
LONGITUDE: 103 12 W
TEMPERATURE IN F: :PCPN: SNOW: WIND :SUNSHINE: SKY :PK WND
================================================================================
1 2 3 4 5 6A 6B 7 8 9 10 11 12 13 14 15 16 17 18
12Z AVG MX 2MIN
DY MAX MIN AVG DEP HDD CDD WTR SNW DPTH SPD SPD DIR MIN PSBL S-S WX SPD DR
================================================================================
1 77 62 70 -1 0 5 0.00 M M 6.8 17 130 M M 6 1 20 130
2 84 56 70 -1 0 5 0.00 M M 5.8 12 310 M M 2 18 17 340
3 86 56 71 0 0 6 0.00 M M 5.8 12 280 M M 0 15 310
4 88 54 71 1 0 6 0.00 M M 5.8 12 150 M M 1 17 120
5 90 53 72 2 0 7 0.00 M M 3.9 12 50 M M 0 8 14 50
6 90 53 72 2 0 7 0.00 M M 4.5 13 140 M M 0 17 240
7 95 58 77 8 0 12 0.00 M M 7.4 15 140 M M 0 8 21 170
8 96 60 78 9 0 13 0.00 M M 8.8 20 150 M M 0 25 160
9 100 63 82 13 0 17 0.00 M M 11.5 21 240 M M 0 26 250
10 88 52 70 2 0 5 0.00 M M 14.3 41 270 M M 0 57 280
11 87 42 65 -3 0 0 0.00 M M 9.5 22 130 M M 0 27 120
12 94 62 78 10 0 13 0.00 M M 15.5 24 190 M M 0 31 180
13 76 57 67 0 0 2 0.00 M M 7.5 14 160 M M 0 17 150
14 87 47 67 0 0 2 0.00 M M 11.4 28 270 M M 0 36 280
15 74 47 61 -5 4 0 0.00 M M 10.8 22 10 M M 0 29 10
16 71 37 54 -12 11 0 0.00 M M 9.0 17 130 M M 0 22 130
17 75 48 62 -4 3 0 0.00 M M 11.8 21 140 M M 0 25 130
18 82 55 69 4 0 4 0.00 M M 12.9 22 140 M M 0 26 130
19 90 55 73 8 0 8 0.00 M M 10.0 21 250 M M 0 28 260
20 88 49 69 5 0 4 0.00 M M 5.8 15 360 M M 0 1 17 360
21 82 54 68 4 0 3 0.00 M M 7.8 16 140 M M 3 20 140
22 87 62 75 11 0 10 0.00 M M 9.0 16 150 M M 1 1 21 140
23 92 63 78 15 0 13 T M M 10.0 22 140 M M 1 3 25 130
24 88 53 71 8 0 6 0.00 M M 6.1 16 280 M M 0 21 270
25 92 48 70 8 0 5 0.00 M M 7.2 17 140 M M 0 22 140
26 95 63 79 17 0 14 T M M 18.0 32 280 M M 0 41 280
27 73 47 60 -1 5 0 0.00 M M 12.8 25 320 M M 0 41 290
28 73 38 56 -5 9 0 0.00 M M 6.9 16 20 M M 0 20 350
29 74 40 57 -4 8 0 0.00 M M 4.4 10 250 M M 0 12 240
30 87 37 62 2 3 0 0.00 M M 5.5 14 250 M M 0 20 240
31 77 44 61 1 4 0 0.00 M M 9.6 22 20 M M 0 25 10
================================================================================
SM 2638 1615 47 167 T M 276.1 M 14
================================================================================
AV 85.1 52.1 8.9 FASTST M M 0 MAX(MPH)
MISC ----> 41 270 57 280
================================================================================
NOTES:
# LAST OF SEVERAL OCCURRENCES
COLUMN 17 PEAK WIND IN M.P.H.
PRELIMINARY LOCAL CLIMATOLOGICAL DATA (WS FORM: F-6) , PAGE 2
STATION: WINK
MONTH: OCTOBER
YEAR: 2021
LATITUDE: 31 46 N
LONGITUDE: 103 12 W
[TEMPERATURE DATA] [PRECIPITATION DATA] SYMBOLS USED IN COLUMN 16
AVERAGE MONTHLY: 68.6 TOTAL FOR MONTH: T 1 = FOG OR MIST
DPTR FM NORMAL: 2.8 DPTR FM NORMAL: -1.18 2 = FOG REDUCING VISIBILITY
HIGHEST: 100 ON 9 GRTST 24HR 0.02 ON 30- 1 TO 1/4 MILE OR LESS
LOWEST: 37 ON 30,16 3 = THUNDER
SNOW, ICE PELLETS, HAIL 4 = ICE PELLETS
TOTAL MONTH: M 5 = HAIL
GRTST 24HR M ON M 6 = FREEZING RAIN OR DRIZZLE
GRTST DEPTH: M ON M 7 = DUSTSTORM OR SANDSTORM:
VSBY 1/2 MILE OR LESS
8 = SMOKE OR HAZE
[NO. OF DAYS WITH] [WEATHER - DAYS WITH] 9 = BLOWING SNOW
X = TORNADO
MAX 32 OR BELOW: 0 0.01 INCH OR MORE: 0
MAX 90 OR ABOVE: 10 0.10 INCH OR MORE: 0
MIN 32 OR BELOW: 0 0.50 INCH OR MORE: 0
MIN 0 OR BELOW: 0 1.00 INCH OR MORE: 0
[HDD (BASE 65) ]
TOTAL THIS MO. 47 CLEAR (SCALE 0-3) 30
DPTR FM NORMAL -41 PTCLDY (SCALE 4-7) 1
TOTAL FM JUL 1 47 CLOUDY (SCALE 8-10) 0
DPTR FM NORMAL -49
[CDD (BASE 65) ]
TOTAL THIS MO. 167
DPTR FM NORMAL 53 [PRESSURE DATA]
TOTAL FM JAN 1 2367 HIGHEST SLP 30.40 ON 16
DPTR FM NORMAL -289 LOWEST SLP 29.46 ON 26
[REMARKS]
#FINAL-10-21#