000
CXUS54 KMAF 011933
CF6INK
PRELIMINARY LOCAL CLIMATOLOGICAL DATA (WS FORM: F-6)
STATION: WINK
MONTH: SEPTEMBER
YEAR: 2021
LATITUDE: 31 46 N
LONGITUDE: 103 12 W
TEMPERATURE IN F: :PCPN: SNOW: WIND :SUNSHINE: SKY :PK WND
================================================================================
1 2 3 4 5 6A 6B 7 8 9 10 11 12 13 14 15 16 17 18
12Z AVG MX 2MIN
DY MAX MIN AVG DEP HDD CDD WTR SNW DPTH SPD SPD DIR MIN PSBL S-S WX SPD DR
================================================================================
1 99 76 88 7 0 23 0.03 M M 11.4 29 180 M M 2 3 34 170
2 94 70 82 2 0 17 0.06 M M 8.2 24 260 M M 3 13 29 270
3 97 74 86 6 0 21 0.07 M M 9.1 24 60 M M 3 3 32 60
4 98 72 85 5 0 20 0.01 M M 9.0 28 360 M M 1 3 35 10
5 93 70 82 2 0 17 0.00 M M 8.2 31 30 M M 2 3 38 30
6 94 67 81 2 0 16 0.00 M M 5.6 13 120 M M 1 16 240
7 99 68 84 5 0 19 0.00 M M 7.3 14 140 M M 0 17 150
8 97 71 84 5 0 19 0.00 M M 8.7 23 120 M M 2 3 28 120
9 98 66 82 4 0 17 0.00 M M 8.1 20 130 M M 0 24 120
10 100 64 82 4 0 17 0.00 M M 7.5 14 180 M M 0 18 200
11 97 69 83 5 0 18 0.00 M M 9.7 21 110 M M 0 25 160
12 93 63 78 0 0 13 0.00 M M 10.4 21 120 M M 0 24 120
13 93 66 80 3 0 15 0.00 M M 10.7 18 160 M M 0 25 160
14 95 67 81 4 0 16 0.00 M M 11.1 20 140 M M 0 23 160
15 93 70 82 5 0 17 0.00 M M 12.4 22 120 M M 0 27 120
16 95 69 82 6 0 17 0.00 M M 11.5 30 300 M M 0 8 41 300
17 102 61 82 6 0 17 0.00 M M 5.3 12 340 M M 0 15 110
18 97 68 83 7 0 18 0.00 M M 8.6 29 80 M M 1 36 70
19 98 66 82 7 0 17 0.00 M M 8.0 14 160 M M 0 21 140
20 101 69 85 10 0 20 0.00 M M 8.3 17 270 M M 0 8 23 280
21 83 63 73 -2 0 8 0.00 M M 14.9 28 30 M M 0 35 30
22 82 50 66 -8 0 1 0.00 M M 6.0 16 150 M M 0 8 19 130
23 89 55 72 -2 0 7 0.00 M M 12.0 21 150 M M 0 25 120
24 91 65 78 4 0 13 0.00 M M 8.6 14 160 M M 0 18 130
25 87 61 74 1 0 9 0.00 M M 10.4 22 130 M M 0 28 120
26 91 61 76 3 0 11 0.00 M M 10.0 18 150 M M 0 22 130
27 91 65 78 5 0 13 0.07 M M 10.0 23 210 M M 3 3 28 210
28 88 60 74 2 0 9 0.00 M M 6.8 18 170 M M 1 23 230
29 91 59 75 3 0 10 0.00 M M 8.2 16 220 M M 0 20 250
30 84 63 74 2 0 9 0.02 M M 13.5 36 360 M M 2 18 44 360
================================================================================
SM 2810 1968 0 444 0.26 M 279.5 M 21
================================================================================
AV 93.7 65.6 9.3 FASTST M M 1 MAX(MPH)
MISC ----> 36 360 44 360
================================================================================
NOTES:
# LAST OF SEVERAL OCCURRENCES
COLUMN 17 PEAK WIND IN M.P.H.
PRELIMINARY LOCAL CLIMATOLOGICAL DATA (WS FORM: F-6) , PAGE 2
STATION: WINK
MONTH: SEPTEMBER
YEAR: 2021
LATITUDE: 31 46 N
LONGITUDE: 103 12 W
[TEMPERATURE DATA] [PRECIPITATION DATA] SYMBOLS USED IN COLUMN 16
AVERAGE MONTHLY: 79.6 TOTAL FOR MONTH: 0.26 1 = FOG OR MIST
DPTR FM NORMAL: 3.2 DPTR FM NORMAL: -1.29 2 = FOG REDUCING VISIBILITY
HIGHEST: 102 ON 17 GRTST 24HR 0.09 ON 1- 2 TO 1/4 MILE OR LESS
LOWEST: 50 ON 22 3 = THUNDER
SNOW, ICE PELLETS, HAIL 4 = ICE PELLETS
TOTAL MONTH: M 5 = HAIL
GRTST 24HR M ON M 6 = FREEZING RAIN OR DRIZZLE
GRTST DEPTH: M ON M 7 = DUSTSTORM OR SANDSTORM:
VSBY 1/2 MILE OR LESS
8 = SMOKE OR HAZE
[NO. OF DAYS WITH] [WEATHER - DAYS WITH] 9 = BLOWING SNOW
X = TORNADO
MAX 32 OR BELOW: 0 0.01 INCH OR MORE: 6
MAX 90 OR ABOVE: 24 0.10 INCH OR MORE: 0
MIN 32 OR BELOW: 0 0.50 INCH OR MORE: 0
MIN 0 OR BELOW: 0 1.00 INCH OR MORE: 0
[HDD (BASE 65) ]
TOTAL THIS MO. 0 CLEAR (SCALE 0-3) 30
DPTR FM NORMAL -8 PTCLDY (SCALE 4-7) 0
TOTAL FM JUL 1 0 CLOUDY (SCALE 8-10) 0
DPTR FM NORMAL -1
[CDD (BASE 65) ]
TOTAL THIS MO. 444
DPTR FM NORMAL 96 [PRESSURE DATA]
TOTAL FM JAN 1 2200 HIGHEST SLP 30.37 ON 22
DPTR FM NORMAL -342 LOWEST SLP 29.62 ON 1
[REMARKS]
#FINAL-09-21#