000
CXUS53 KDVN 011808
CLMIOW
CLIMATE REPORT
NATIONAL WEATHER SERVICE QUAD CITIES IA IL
108 PM CDT SAT APR 01 2023
...................................
...THE IOWA CITY IA CLIMATE SUMMARY FOR THE MONTH OF MARCH 2023...
CLIMATE NORMAL PERIOD 1991 TO 2020
CLIMATE RECORD PERIOD 9999 TO 9999
WEATHER OBSERVED NORMAL DEPART LAST YEAR`S
VALUE DATE(S) VALUE FROM VALUE
NORMAL
..............................................................
TEMPERATURE (F)
HIGHEST 73 03/31 56 17
LOWEST 10 03/18 23 -13
03/19
AVG. MAXIMUM 47.5 49.5 -2.0
AVG. MINIMUM 28.9 29.5 -0.6
MEAN 38.2 39.5 -1.3
DAYS MAX >= 90 0
DAYS MAX <= 32 3
DAYS MIN <= 32 21
DAYS MIN <= 0 0
PRECIPITATION (INCHES)
TOTALS 1.58 2.21 -0.63
DAILY AVG. 0.05 0.07 -0.02
DAYS >= .01 11
DAYS >= .10 5
DAYS >= .50 0
DAYS >= 1.00 0
GREATEST
24 HR. TOTAL 0.50 03/24 TO 03/25
DEGREE DAYS
HEATING TOTAL 824 792 32
SINCE 7/1 5387 5538 -151
COOLING TOTAL 0 2 -2
SINCE 1/1 0 2 -2
..............................................................
WIND (MPH)
AVERAGE WIND SPEED 10.1
HIGHEST WIND SPEED/DIRECTION 37/190 DATE 03/31
HIGHEST GUST SPEED/DIRECTION 56/190 DATE 03/31
SKY COVER
POSSIBLE SUNSHINE (PERCENT) MM
AVERAGE SKY COVER 0.54
NUMBER OF DAYS FAIR 10
NUMBER OF DAYS PC 12
NUMBER OF DAYS CLOUDY 9
AVERAGE RH (PERCENT) 67
WEATHER CONDITIONS. NUMBER OF DAYS WITH
THUNDERSTORM 4 HAIL 0
SLEET 0 FOG 13
FOG W/VIS <= 1/4 MILE 1 HAZE 4
- INDICATES NEGATIVE NUMBERS.
R INDICATES RECORD WAS SET OR TIED.
MM INDICATES DATA IS MISSING.
T INDICATES TRACE AMOUNT.
$$