000
CXUS51 KCTP 010800
CF6IPT
PRELIMINARY LOCAL CLIMATOLOGICAL DATA (WS FORM: F-6)
STATION: WILLIAMSPORT PA
MONTH: AUGUST
YEAR: 2022
LATITUDE: 41 15 N
LONGITUDE: 76 55 W
TEMPERATURE IN F: :PCPN: SNOW: WIND :SUNSHINE: SKY :PK WND
================================================================================
1 2 3 4 5 6A 6B 7 8 9 10 11 12 13 14 15 16 17 18
12Z AVG MX 2MIN
DY MAX MIN AVG DEP HDD CDD WTR SNW DPTH SPD SPD DIR MIN PSBL S-S WX SPD DR
================================================================================
1 86 68 77 3 0 12 0.00 0.0 0 4.0 10 200 M M 7 14 170
2 93 65 79 6 0 14 0.00 0.0 0 6.8 21 250 M M 3 26 270
3 93 58 76 3 0 11 0.00 0.0 0 3.5 9 140 M M 0 20 150
4 94 65 80 7 0 15 T 0.0 0 2.4 37 230 M M 1 3 48 260
5 91 68 80 7 0 15 0.19 0.0 0 4.1 21 100 M M 4 13 26 120
6 89 71 80 7 0 15 0.00 0.0 0 5.2 16 140 M M 7 3 22 150
7 86 71 79 6 0 14 0.03 0.0 0 3.2 15 250 M M 4 1 17 260
8 94 71 83 10 0 18 0.28 0.0 0 3.4 30 270 M M 7 1238 42 270
9 89 73 81 8 0 16 0.03 0.0 0 7.3 15 300 M M 6 1 23 230
10 86 67 77 4 0 12 0.00 0.0 0 2.7 9 60 M M 5 13 50
11 89 61 75 2 0 10 0.00 0.0 0 5.8 20 260 M M 2 26 280
12 83 58 71 -2 0 6 0.00 0.0 0 7.0 17 320 M M 0 23 320
13 85 51 68 -4 0 3 0.00 0.0 0 3.3 14 330 M M 0 17 310
14 86 52 69 -3 0 4 0.00 0.0 0 3.6 14 200 M M 4 21 130
15 75 64 70 -2 0 5 T 0.0 0 4.5 12 270 M M 7 14 280
16 85 61 73 1 0 8 0.01 0.0 0 4.4 13 360 M M 5 3 17 350
17 82 59 71 -1 0 6 0.34 0.0 0 3.8 28 10 M M 6 13 38 10
18 83 59 71 -1 0 6 T 0.0 0 5.9 23 70 M M 4 13 31 60
19 88 59 74 2 0 9 0.00 0.0 0 2.2 9 160 M M 4 1 13 140
20 91 62 77 5 0 12 0.00 0.0 0 4.3 17 160 M M 2 25 150
21 81 66 74 2 0 9 0.60 0.0 0 6.9 25 160 M M 6 138 33 180
22 81 68 75 4 0 10 0.72 0.0 0 2.7 14 200 M M 8 13 19 200
23 84 66 75 4 0 10 0.15 0.0 0 6.1 14 270 M M 6 13 19 270
24 85 63 74 3 0 9 0.00 0.0 0 7.2 14 260 M M 2 1 19 250
25 88 58 73 2 0 8 0.00 0.0 0 2.3 9 140 M M 0 12 280
26 88 65 77 6 0 12 0.00 0.0 0 4.2 24 270 M M 5 34 260
27 83 64 74 4 0 9 0.00 0.0 0 3.6 12 10 M M 3 1 14 10
28 87 60 74 4 0 9 0.00 0.0 0 4.8 15 160 M M 3 22 150
29 90 71 81 11 0 16 0.03 0.0 0 6.5 21 260 M M 6 1 30 260
30 84 68 76 6 0 11 0.25 0.0 0 3.4 22 250 M M 6 1 28 250
31 83 60 72 2 0 7 0.00 0.0 0 8.0 20 250 M M 4 28 260
================================================================================
SM 2682 1972 0 321 2.63 0.0 143.1 M 127
================================================================================
AV 86.5 63.6 4.6 FASTST M M 4 MAX(MPH)
MISC ----> 37 230 48 260
================================================================================
NOTES:
# LAST OF SEVERAL OCCURRENCES
COLUMN 17 PEAK WIND IN M.P.H.
PRELIMINARY LOCAL CLIMATOLOGICAL DATA (WS FORM: F-6) , PAGE 2
STATION: WILLIAMSPORT PA
MONTH: AUGUST
YEAR: 2022
LATITUDE: 41 15 N
LONGITUDE: 76 55 W
[TEMPERATURE DATA] [PRECIPITATION DATA] SYMBOLS USED IN COLUMN 16
AVERAGE MONTHLY: 75.1 TOTAL FOR MONTH: 2.63 1 = FOG OR MIST
DPTR FM NORMAL: 3.1 DPTR FM NORMAL: -1.54 2 = FOG REDUCING VISIBILITY
HIGHEST: 94 ON 4, 8 GRTST 24HR 1.08 ON 21-22 TO 1/4 MILE OR LESS
LOWEST: 51 ON 13 3 = THUNDER
SNOW, ICE PELLETS, HAIL 4 = ICE PELLETS
TOTAL MONTH: 0.0 INCH 5 = HAIL
GRTST 24HR 0.0 6 = FREEZING RAIN OR DRIZZLE
GRTST DEPTH: 0 7 = DUSTSTORM OR SANDSTORM:
VSBY 1/2 MILE OR LESS
8 = SMOKE OR HAZE
[NO. OF DAYS WITH] [WEATHER - DAYS WITH] 9 = BLOWING SNOW
X = TORNADO
MAX 32 OR BELOW: 0 0.01 INCH OR MORE: 11
MAX 90 OR ABOVE: 7 0.10 INCH OR MORE: 7
MIN 32 OR BELOW: 0 0.50 INCH OR MORE: 2
MIN 0 OR BELOW: 0 1.00 INCH OR MORE: 0
[HDD (BASE 65) ]
TOTAL THIS MO. 0 CLEAR (SCALE 0-3) 11
DPTR FM NORMAL -6 PTCLDY (SCALE 4-7) 20
TOTAL FM JUL 1 0 CLOUDY (SCALE 8-10) 0
DPTR FM NORMAL -3
[CDD (BASE 65) ]
TOTAL THIS MO. 321
DPTR FM NORMAL 99 [PRESSURE DATA]
TOTAL FM JAN 1 906 HIGHEST SLP 30.21 ON 6
DPTR FM NORMAL 197 LOWEST SLP 29.73 ON 30
[REMARKS]
#FINAL-08-22#