000
CXUS51 KCTP 010800
CF6IPT
PRELIMINARY LOCAL CLIMATOLOGICAL DATA (WS FORM: F-6)
STATION: WILLIAMSPORT PA
MONTH: MAY
YEAR: 2020
LATITUDE: 41 15 N
LONGITUDE: 76 55 W
TEMPERATURE IN F: :PCPN: SNOW: WIND :SUNSHINE: SKY :PK WND
================================================================================
1 2 3 4 5 6A 6B 7 8 9 10 11 12 13 14 15 16 17 18
12Z AVG MX 2MIN
DY MAX MIN AVG DEP HDD CDD WTR SNW DPTH SPD SPD DIR MIN PSBL S-S WX SPD DR
================================================================================
1 68 49 59 4 6 0 0.02 0.0 0 8.8 15 290 M M 10 24 310
2 73 44 59 3 6 0 0.00 0.0 0 8.1 16 170 M M 3 27 190
3 82 51 67 11 0 2 T 0.0 0 6.2 17 240 M M 3 24 240
4 63 47 55 -1 10 0 0.00 0.0 0 9.6 26 300 M M 6 35 290
5 62 39 51 -5 14 0 0.00 0.0 0 6.2 14 330 M M 1 20 270
6 53 43 48 -9 17 0 0.09 0.0 0 5.1 16 80 M M 10 21 70
7 65 37 51 -6 14 0 0.07 0.0 0 10.6 26 270 M M 6 13 40 250
8 46 32 39 -18 26 0 0.21 T 0 4.5 17 360 M M 9 1 23 360
9 46 29 38 -20 27 0 T T 0 12.2 28 300 M M 6 41 310
10 64 30 47 -11 18 0 T 0.0 0 6.0 25 270 M M 4 35 240
11 54 41 48 -10 17 0 0.09 0.0 0 9.5 30 260 M M 8 1 40 250
12 57 37 47 -11 18 0 0.00 0.0 0 9.9 29 300 M M 7 35 300
13 66 30 48 -11 17 0 T 0.0 0 3.2 17 280 M M 0 26 280
14 72 35 54 -5 11 0 0.05 0.0 0 4.7 17 170 M M 5 1 23 180
15 86 56 71 12 0 6 0.28 0.0 0 5.5 28 310 M M 9 12 35 320
16 75 53 64 4 1 0 0.02 0.0 0 4.5 12 360 M M 3 1 16 340
17 66 50 58 -2 7 0 0.04 0.0 0 5.8 15 70 M M 7 19 80
18 77 58 68 8 0 3 0.00 0.0 0 9.6 17 100 M M 9 20 130
19 72 54 63 2 2 0 0.00 0.0 0 9.4 21 110 M M 3 28 90
20 70 44 57 -4 8 0 0.00 0.0 0 8.4 16 140 M M 0 24 140
21 74 37 56 -5 9 0 0.00 0.0 0 3.4 16 200 M M 1 24 210
22 72 52 62 0 3 0 0.27 0.0 0 3.3 13 110 M M 8 1 16 90
23 79 62 71 9 0 6 0.18 0.0 0 5.6 14 320 M M 7 1 21 310
24 77 60 69 7 0 4 0.00 0.0 0 8.2 23 170 M M 9 33 170
25 78 62 70 8 0 5 0.00 0.0 0 5.4 16 170 M M 6 24 200
26 89 59 74 11 0 9 0.00 0.0 0 3.4 12 170 M M 0 1 18 140
27 80 64 72 9 0 7 0.00 0.0 0 3.5 15 130 M M 3 21 130
28 81 68 75 12 0 10 1.43 0.0 0 9.7 20 170 M M 8 13 35 160
29 87 63 75 11 0 10 0.82 0.0 0 9.1 22 170 M M 7 13 29 160
30 77 56 67 3 0 2 0.00 0.0 0 9.5 20 250 M M 4 27 290
31 68 47 58 -6 7 0 0.00 0.0 0 7.7 18 330 M M 1 29 350
================================================================================
SM 2179 1489 238 64 3.57 T 216.6 M 163
================================================================================
AV 70.3 48.0 7.0 FASTST M M 5 MAX(MPH)
MISC ----> 30 260 41 310
================================================================================
NOTES:
# LAST OF SEVERAL OCCURRENCES
COLUMN 17 PEAK WIND IN M.P.H.
PRELIMINARY LOCAL CLIMATOLOGICAL DATA (WS FORM: F-6) , PAGE 2
STATION: WILLIAMSPORT PA
MONTH: MAY
YEAR: 2020
LATITUDE: 41 15 N
LONGITUDE: 76 55 W
[TEMPERATURE DATA] [PRECIPITATION DATA] SYMBOLS USED IN COLUMN 16
AVERAGE MONTHLY: 59.2 TOTAL FOR MONTH: 3.57 1 = FOG OR MIST
DPTR FM NORMAL: -0.5 DPTR FM NORMAL: -0.09 2 = FOG REDUCING VISIBILITY
HIGHEST: 89 ON 26 GRTST 24HR 2.14 ON 30- 1 TO 1/4 MILE OR LESS
LOWEST: 29 ON 9 3 = THUNDER
SNOW, ICE PELLETS, HAIL 4 = ICE PELLETS
TOTAL MONTH: T 5 = HAIL
GRTST 24HR T ON 8- 8 6 = FREEZING RAIN OR DRIZZLE
GRTST DEPTH: 0 7 = DUSTSTORM OR SANDSTORM:
VSBY 1/2 MILE OR LESS
8 = SMOKE OR HAZE
[NO. OF DAYS WITH] [WEATHER - DAYS WITH] 9 = BLOWING SNOW
X = TORNADO
MAX 32 OR BELOW: 0 0.01 INCH OR MORE: 13
MAX 90 OR ABOVE: 0 0.10 INCH OR MORE: 6
MIN 32 OR BELOW: 4 0.50 INCH OR MORE: 2
MIN 0 OR BELOW: 0 1.00 INCH OR MORE: 1
[HDD (BASE 65) ]
TOTAL THIS MO. 238 CLEAR (SCALE 0-3) 10
DPTR FM NORMAL 35 PTCLDY (SCALE 4-7) 14
TOTAL FM JUL 1 5396 CLOUDY (SCALE 8-10) 7
DPTR FM NORMAL -562
[CDD (BASE 65) ]
TOTAL THIS MO. 64
DPTR FM NORMAL 26 [PRESSURE DATA]
TOTAL FM JAN 1 64 HIGHEST SLP 30.40 ON 21
DPTR FM NORMAL 21 LOWEST SLP 29.61 ON 3
[REMARKS]
#FINAL-05-20#