000
CXUS51 KCTP 010733
CLMIPT
CLIMATE REPORT
NATIONAL WEATHER SERVICE STATE COLLEGE PA
333 AM EDT SUN OCT 01 2023
...................................
...THE WILLIAMSPORT PA CLIMATE SUMMARY FOR THE MONTH OF SEPTEMBER 2023...
CLIMATE NORMAL PERIOD 1991 TO 2020
CLIMATE RECORD PERIOD 1895 TO 2023
WEATHER OBSERVED NORMAL DEPART LAST YEAR`S
VALUE DATE(S) VALUE FROM VALUE DATE(S)
NORMAL
................................................................
TEMPERATURE (F)
RECORD
HIGH 102 09/03/1953
LOW 28 09/28/1947
HIGHEST 93 09/04 85 09/18
09/05
LOWEST 47 09/15 40 09/30
AVG. MAXIMUM 76.8 75.2 1.6 75.0
AVG. MINIMUM 56.8 54.1 2.7 55.7
MEAN 66.8 64.7 2.1 65.3
DAYS MAX >= 90 5 1.3 3.7 0
DAYS MAX <= 32 0 0.0 0.0 0
DAYS MIN <= 32 0 0.0 0.0 0
DAYS MIN <= 0 0 0.0 0.0 0
PRECIPITATION (INCHES)
RECORD
MAXIMUM 15.97 2011
MINIMUM 0.16 1943
TOTALS 2.97 4.76 -1.79 4.64
DAILY AVG. 0.10 0.16 -0.06 0.15
DAYS >= .01 13 10.0 3.0 11
DAYS >= .10 7 6.5 0.5 7
DAYS >= .50 2 2.8 -0.8 2
DAYS >= 1.00 0 1.3 -1.3 1
GREATEST
24 HR. TOTAL 0.84 09/24 TO 09/24 1.68 09/04 TO 09/05
SNOWFALL (INCHES)
RECORDS
TOTAL 0.0 MM
TOTALS 0.0 0.0 0.0 0.0
SINCE 7/1 0.0 0.0 0.0 MM
SNOWDEPTH AVG. 0 0
DAYS >= 1.0 0 0.0 0.0 0
GREATEST
SNOW DEPTH 0 0 MM
24 HR TOTAL 0.0 MM
DEGREE DAYS
HEATING TOTAL 60 90 -30 75
SINCE 7/1 60 99 -39 MM
COOLING TOTAL 124 80 44 91
SINCE 1/1 836 789 47 MM
................................................................
WIND (MPH)
AVERAGE WIND SPEED 3.8
HIGHEST WIND SPEED/DIRECTION 30/270 DATE 09/07
HIGHEST GUST SPEED/DIRECTION 46/280 DATE 09/07
SKY COVER
POSSIBLE SUNSHINE (PERCENT) MM
AVERAGE SKY COVER 0.50
NUMBER OF DAYS FAIR 12
NUMBER OF DAYS PC 12
NUMBER OF DAYS CLOUDY 6
WEATHER CONDITIONS. NUMBER OF DAYS WITH
THUNDERSTORM 4 MIXED PRECIP 0
HEAVY RAIN 4 RAIN 7
LIGHT RAIN 13 FREEZING RAIN 0
LT FREEZING RAIN 0 HAIL 0
HEAVY SNOW 0 SNOW 0
LIGHT SNOW 0 SLEET 0
FOG 20 FOG W/VIS <= 1/4 MILE 4
HAZE 5
- INDICATES NEGATIVE NUMBERS.
R INDICATES RECORD WAS SET OR TIED.
MM INDICATES DATA IS MISSING.
T INDICATES TRACE AMOUNT.
$$