000
CXUS51 KOKX 200910
CF6ISP
PRELIMINARY LOCAL CLIMATOLOGICAL DATA (WS FORM: F-6)
STATION: ISLIP NY
MONTH: APRIL
YEAR: 2024
LATITUDE: 40 47 N
LONGITUDE: 73 6 W
TEMPERATURE IN F: :PCPN: SNOW: WIND :SUNSHINE: SKY :PK WND
================================================================================
1 2 3 4 5 6A 6B 7 8 9 10 11 12 13 14 15 16 17 18
12Z AVG MX 2MIN
DY MAX MIN AVG DEP HDD CDD WTR SNW DPTH SPD SPD DIR MIN PSBL S-S WX SPD DR
================================================================================
1 55 40 48 3 17 0 0.00 0.0 0 3.9 9 150 M M 6 12 70
2 48 38 43 -2 22 0 0.71 0.0 0 8.7 20 90 M M 8 1 28 100
3 44 40 42 -3 23 0 1.32 0.0 0 19.0 35 80 M M 10 13 53 60
4 47 38 43 -3 22 0 0.12 0.0 0 13.8 33 60 M M 9 18 52 50
5 50 35 43 -3 22 0 T 0.0 0 13.0 24 290 M M 8 33 320
6 52 40 46 0 19 0 0.01 0.0 0 16.7 29 340 M M 7 41 320
7 54 38 46 -1 19 0 0.00 0.0 0 9.5 17 340 M M 5 26 10
8 63 35 49 2 16 0 0.00 0.0 0 6.4 15 220 M M 5 21 240
9 72 44 58 11 7 0 0.00 0.0 0 6.2 13 190 M M 8 19 200
10 60 47 54 6 11 0 0.00 0.0 0 8.3 15 130 M M 7 20 140
11 59 49 54 6 11 0 0.33 0.0 0 11.2 29 150 M M 10 1 39 150
12 62 51 57 9 8 0 0.37 0.0 0 16.9 32 160 M M 8 1238 49 160
13 54 48 51 2 14 0 T 0.0 0 17.3 32 280 M M 6 46 260
14 63 43 53 4 12 0 T 0.0 0 13.7 28 200 M M 6 39 200
15 78 53 66 16 0 1 0.00 0.0 0 9.2 21 20 M M 5 26 10
16 70 44 57 7 8 0 0.00 0.0 0 9.0 18 320 M M 2 31 330
17 57 43 50 0 15 0 0.04 0.0 0 9.9 21 100 M M 7 1 29 140
18 47 43 45 -6 20 0 0.26 0.0 0 12.8 21 50 M M 10 1 29 70
19 55 45 50 -1 15 0 0.00 0.0 0 9.6 17 130 M M 9 23 110
================================================================================
SM 1090 814 281 1 3.16 0.0 215.1 M 136
================================================================================
AV 57.4 42.8 11.3 FASTST M M 7 MAX(MPH)
MISC ----> 35 80 53 60
================================================================================
NOTES:
# LAST OF SEVERAL OCCURRENCES
COLUMN 17 PEAK WIND IN M.P.H.
PRELIMINARY LOCAL CLIMATOLOGICAL DATA (WS FORM: F-6) , PAGE 2
STATION: ISLIP NY
MONTH: APRIL
YEAR: 2024
LATITUDE: 40 47 N
LONGITUDE: 73 6 W
[TEMPERATURE DATA] [PRECIPITATION DATA] SYMBOLS USED IN COLUMN 16
AVERAGE MONTHLY: 50.1 TOTAL FOR MONTH: 3.16 1 = FOG OR MIST
DPTR FM NORMAL: 2.3 DPTR FM NORMAL: 0.56 2 = FOG REDUCING VISIBILITY
HIGHEST: 78 ON 15 GRTST 24HR 1.42 ON 3- 4 TO 1/4 MILE OR LESS
LOWEST: 35 ON 8, 5 3 = THUNDER
SNOW, ICE PELLETS, HAIL 4 = ICE PELLETS
TOTAL MONTH: 0.0 INCH 5 = HAIL
GRTST 24HR 0.0 6 = FREEZING RAIN OR DRIZZLE
GRTST DEPTH: 0 7 = DUSTSTORM OR SANDSTORM:
VSBY 1/2 MILE OR LESS
8 = SMOKE OR HAZE
[NO. OF DAYS WITH] [WEATHER - DAYS WITH] 9 = BLOWING SNOW
X = TORNADO
MAX 32 OR BELOW: 0 0.01 INCH OR MORE: 8
MAX 90 OR ABOVE: 0 0.10 INCH OR MORE: 6
MIN 32 OR BELOW: 0 0.50 INCH OR MORE: 2
MIN 0 OR BELOW: 0 1.00 INCH OR MORE: 1
[HDD (BASE 65) ]
TOTAL THIS MO. 281 CLEAR (SCALE 0-3) 1
DPTR FM NORMAL -47 PTCLDY (SCALE 4-7) 11
TOTAL FM JUL 1 4211 CLOUDY (SCALE 8-10) 7
DPTR FM NORMAL -616
[CDD (BASE 65) ]
TOTAL THIS MO. 1
DPTR FM NORMAL 1 [PRESSURE DATA]
TOTAL FM JAN 1 1 HIGHEST SLP M ON M
DPTR FM NORMAL 1 LOWEST SLP 29.18 ON 4
[REMARKS]