000
CXUS53 KIWX 010910
CF6IWX
PRELIMINARY LOCAL CLIMATOLOGICAL DATA (WS FORM: F-6)
STATION: NORTH WEBSTER WFO
MONTH: NOVEMBER
YEAR: 2023
LATITUDE: 41 21 N
LONGITUDE: 85 42 W
TEMPERATURE IN F: :PCPN: SNOW: WIND :SUNSHINE: SKY :PK WND
================================================================================
1 2 3 4 5 6A 6B 7 8 9 10 11 12 13 14 15 16 17 18
12Z AVG MX 2MIN
DY MAX MIN AVG DEP HDD CDD WTR SNW DPTH SPD SPD DIR MIN PSBL S-S WX SPD DR
================================================================================
1 46 26 36 -11 29 0 0.00 0.0 T M M M M M M M M
2 53 33 43 -3 22 0 0.00 0.0 0 M M M M M M M M
3 55 39 47 1 18 0 T 0.0 0 M M M M M M M M
4 64 38 51 6 14 0 T 0.0 0 M M M M M M M M
5 59 33 46 1 19 0 0.00 0.0 0 M M M M M M M M
6 64 44 54 10 11 0 0.00 0.0 0 M M M M M M M M
7 59 42 51 7 14 0 0.00 0.0 0 M M M M M M M M
8 58 41 50 6 15 0 0.04 0.0 0 M M M M M M 1 M M
9 59 43 51 8 14 0 T 0.0 0 M M M M M M M M
10 55 35 45 2 20 0 0.00 0.0 0 M M M M M M M M
11 51 29 40 -2 25 0 0.00 0.0 0 M M M M M M M M
12 55 36 46 4 19 0 0.00 0.0 0 M M M M M M M M
13 64 38 51 10 14 0 0.00 0.0 0 M M M M M M M M
14 60 30 45 4 20 0 0.00 0.0 0 M M M M M M M M
15 66 36 51 10 14 0 0.00 0.0 0 M M M M M M M M
16 65 41 53 13 12 0 0.00 0.0 0 M M M M M M M M
17 59 32 46 6 19 0 T 0.0 0 M M M M M M M M
18 52 26 39 0 26 0 0.00 0.0 0 M M M M M M M M
19 57 31 44 5 21 0 0.00 0.0 0 M M M M M M M M
20 45 36 41 2 24 0 0.01 0.0 0 M M M M M M M M
21 48 37 43 5 22 0 0.42 0.0 0 M M M M M M M M
22 44 32 38 0 27 0 0.03 0.0 0 M M M M M M M M
23 49 33 41 4 24 0 0.00 0.0 0 M M M M M M M M
24 35 24 30 -7 35 0 0.00 0.0 0 M M M M M M M M
25 34 20 27 -10 38 0 0.00 0.0 0 M M M M M M M M
26 32 24 28 -8 37 0 0.15 1.2 0 M M M M M M M M
27 28 17 23 -13 42 0 T T 1 M M M M M M M M
28 26 15 21 -15 44 0 T 0.2 1 M M M M M M M M
29 40 16 28 -7 37 0 0.00 0.0 1 M M M M M M M M
30 54 32 43 8 22 0 T 0.0 0 M M M M M M 1 M M
================================================================================
SM 1536 959 698 0 0.65 1.4 M M M
================================================================================
AV 51.2 32.0 M FASTST M M M MAX(MPH)
MISC ----> M M M M
================================================================================
NOTES:
# LAST OF SEVERAL OCCURRENCES
COLUMN 17 PEAK WIND IN M.P.H.
PRELIMINARY LOCAL CLIMATOLOGICAL DATA (WS FORM: F-6) , PAGE 2
STATION: NORTH WEBSTER WFO
MONTH: NOVEMBER
YEAR: 2023
LATITUDE: 41 21 N
LONGITUDE: 85 42 W
[TEMPERATURE DATA] [PRECIPITATION DATA] SYMBOLS USED IN COLUMN 16
AVERAGE MONTHLY: 41.6 TOTAL FOR MONTH: 0.65 1 = FOG OR MIST
DPTR FM NORMAL: 1.1 DPTR FM NORMAL: -2.46 2 = FOG REDUCING VISIBILITY
HIGHEST: 66 ON 15 GRTST 24HR 0.42 ON 21-21 TO 1/4 MILE OR LESS
LOWEST: 15 ON 28 3 = THUNDER
SNOW, ICE PELLETS, HAIL 4 = ICE PELLETS
TOTAL MONTH: 1.7 INCHES 5 = HAIL
GRTST 24HR 1.2 ON 26-26 6 = FREEZING RAIN OR DRIZZLE
GRTST DEPTH: 1 ON 29,28 7 = DUSTSTORM OR SANDSTORM:
VSBY 1/2 MILE OR LESS
8 = SMOKE OR HAZE
[NO. OF DAYS WITH] [WEATHER - DAYS WITH] 9 = BLOWING SNOW
X = TORNADO
MAX 32 OR BELOW: 3 0.01 INCH OR MORE: 5
MAX 90 OR ABOVE: 0 0.10 INCH OR MORE: 2
MIN 32 OR BELOW: 14 0.50 INCH OR MORE: 0
MIN 0 OR BELOW: 0 1.00 INCH OR MORE: 0
[HDD (BASE 65) ]
TOTAL THIS MO. 698 CLEAR (SCALE 0-3) 0
DPTR FM NORMAL -37 PTCLDY (SCALE 4-7) 0
TOTAL FM JUL 1 1133 CLOUDY (SCALE 8-10) 30
DPTR FM NORMAL -100
[CDD (BASE 65) ]
TOTAL THIS MO. 0
DPTR FM NORMAL 0 [PRESSURE DATA]
TOTAL FM JAN 1 658 HIGHEST SLP M ON M
DPTR FM NORMAL -86 LOWEST SLP M ON M
[REMARKS]
#FINAL-11-23#