000
CXUS53 KEAX 010736
CF6IXD
PRELIMINARY LOCAL CLIMATOLOGICAL DATA (WS FORM: F-6)
STATION: NEW CENTURY AIR CENTER KS
MONTH: JUNE
YEAR: 2023
LATITUDE: 38 49 N
LONGITUDE: 94 54 W
TEMPERATURE IN F: :PCPN: SNOW: WIND :SUNSHINE: SKY :PK WND
================================================================================
1 2 3 4 5 6A 6B 7 8 9 10 11 12 13 14 15 16 17 18
12Z AVG MX 2MIN
DY MAX MIN AVG DEP HDD CDD WTR SNW DPTH SPD SPD DIR MIN PSBL S-S WX SPD DR
================================================================================
1 86 66 76 5 0 11 0.00 M M 7.2 16 190 M M 1 24 190
2 89 65 77 6 0 12 0.57 M M 6.9 18 100 M M 2 13 23 100
3 89 65 77 6 0 12 0.00 M M 7.6 17 240 M M 1 24 70
4 91 61 76 4 0 11 0.19 M M 5.6 17 20 M M 1 38 25 60
5 88 62 75 3 0 10 0.35 M M 4.8 38 360 M M 1 38 58 360
6 87 59 73 1 0 8 0.00 M M 2.1 8 310 M M 0 13 12 330
7 89 66 78 5 0 13 0.00 M M 4.1 10 300 M M 0 15 290
8 83 67 75 2 0 10 0.00 M M 8.6 17 140 M M 2 23 130
9 84 63 74 1 0 9 0.00 M M 5.5 13 130 M M 1 20 110
10 74 66 70 -3 0 5 0.15 M M 5.3 14 230 M M 9 1 21 260
11 73 56 65 -9 0 0 0.14 M M 8.2 20 360 M M 8 18 27 360
12 75 54 65 -9 0 0 0.00 M M 4.7 12 330 M M 0 1 17 300
13 80 50 65 -9 0 0 0.00 M M 3.6 13 210 M M 1 20 250
14 83 60 72 -2 0 7 0.08 M M 4.0 10 250 M M 5 14 230
15 86 57 72 -3 0 7 0.00 M M 3.1 13 160 M M 0 17 170
16 88 64 76 1 0 11 0.00 M M 3.1 12 350 M M 2 15 350
17 88 65 77 2 0 12 0.00 M M 4.8 17 150 M M 1 22 170
18 81 63 72 -3 0 7 0.34 M M 5.1 21 360 M M 5 13 27 360
19 91 61 76 0 0 11 0.00 M M 2.9 10 110 M M 0 15 80
20 90 70 80 4 0 15 0.00 M M 8.1 17 80 M M 0 27 100
21 91 66 79 3 0 14 0.00 M M 6.8 16 70 M M 1 24 50
22 90 68 79 3 0 14 0.00 M M 5.2 12 120 M M 1 16 60
23 91 66 79 3 0 14 0.00 M M 5.4 14 200 M M 1 19 200
24 94 72 83 7 0 18 T M M 12.1 24 170 M M 2 33 170
25 88 67 78 1 0 13 0.00 M M 11.4 23 280 M M 0 32 320
26 88 61 75 -2 0 10 0.00 M M 8.0 20 290 M M 0 28 330
27 87 61 74 -3 0 9 0.00 M M 6.2 18 170 M M 0 27 170
28 98 71 85 8 0 20 T M M 10.2 18 200 M M 0 28 200
29 100 76 88 11 0 23 0.00 M M 8.3 21 190 M M 0 28 200
30 100 73 87 10 0 22 0.00 M M 8.0 20 350 M M 0 24 340
================================================================================
SM 2622 1921 0 328 1.82 M 186.9 M 45
================================================================================
AV 87.4 64.0 6.2 FASTST M M 2 MAX(MPH)
MISC ----> 38 360 58 360
================================================================================
NOTES:
# LAST OF SEVERAL OCCURRENCES
COLUMN 17 PEAK WIND IN M.P.H.
PRELIMINARY LOCAL CLIMATOLOGICAL DATA (WS FORM: F-6) , PAGE 2
STATION: NEW CENTURY AIR CENTER KS
MONTH: JUNE
YEAR: 2023
LATITUDE: 38 49 N
LONGITUDE: 94 54 W
[TEMPERATURE DATA] [PRECIPITATION DATA] SYMBOLS USED IN COLUMN 16
AVERAGE MONTHLY: 75.7 TOTAL FOR MONTH: 1.82 1 = FOG OR MIST
DPTR FM NORMAL: 1.2 DPTR FM NORMAL: -3.44 2 = FOG REDUCING VISIBILITY
HIGHEST: 100 ON 30,29 GRTST 24HR 0.57 ON 2- 2 TO 1/4 MILE OR LESS
LOWEST: 50 ON 13 3 = THUNDER
SNOW, ICE PELLETS, HAIL 4 = ICE PELLETS
TOTAL MONTH: M 5 = HAIL
GRTST 24HR M ON M 6 = FREEZING RAIN OR DRIZZLE
GRTST DEPTH: M ON M 7 = DUSTSTORM OR SANDSTORM:
VSBY 1/2 MILE OR LESS
8 = SMOKE OR HAZE
[NO. OF DAYS WITH] [WEATHER - DAYS WITH] 9 = BLOWING SNOW
X = TORNADO
MAX 32 OR BELOW: 0 0.01 INCH OR MORE: 7
MAX 90 OR ABOVE: 10 0.10 INCH OR MORE: 6
MIN 32 OR BELOW: 0 0.50 INCH OR MORE: 1
MIN 0 OR BELOW: 0 1.00 INCH OR MORE: 0
[HDD (BASE 65) ]
TOTAL THIS MO. 0 CLEAR (SCALE 0-3) 26
DPTR FM NORMAL -6 PTCLDY (SCALE 4-7) 3
TOTAL FM JUL 1 4671 CLOUDY (SCALE 8-10) 1
DPTR FM NORMAL -300
[CDD (BASE 65) ]
TOTAL THIS MO. 328
DPTR FM NORMAL 37 [PRESSURE DATA]
TOTAL FM JAN 1 487 HIGHEST SLP M ON M
DPTR FM NORMAL 73 LOWEST SLP 29.65 ON 18
[REMARKS]
#FINAL-06-23#