000
CXUS53 KEAX 010736
CF6IXD
PRELIMINARY LOCAL CLIMATOLOGICAL DATA (WS FORM: F-6)
STATION: NEW CENTURY AIR CENTER KS
MONTH: JUNE
YEAR: 2022
LATITUDE: 38 49 N
LONGITUDE: 94 54 W
TEMPERATURE IN F: :PCPN: SNOW: WIND :SUNSHINE: SKY :PK WND
================================================================================
1 2 3 4 5 6A 6B 7 8 9 10 11 12 13 14 15 16 17 18
12Z AVG MX 2MIN
DY MAX MIN AVG DEP HDD CDD WTR SNW DPTH SPD SPD DIR MIN PSBL S-S WX SPD DR
================================================================================
1 68 54 61 -10 4 0 0.29 M M 8.9 17 330 M M 6 13 25 40
2 75 53 64 -7 1 0 0.00 M M 7.2 16 320 M M 0 1 22 300
3 81 53 67 -4 0 2 0.00 M M 4.6 12 170 M M 0 15 200
4 74 56 65 -7 0 0 0.14 M M 6.9 16 190 M M 4 1 22 170
5 78 61 70 -2 0 5 0.11 M M 8.0 18 140 M M 3 13 24 140
6 85 65 75 3 0 10 0.06 M M 5.2 17 20 M M 4 13 26 40
7 87 67 77 4 0 12 0.01 M M 6.6 18 230 M M 2 3 25 240
8 78 62 70 -3 0 5 0.53 M M 8.4 39 290 M M 4 13 58 290
9 81 56 69 -4 0 4 0.00 M M 3.4 14 210 M M 1 17 210
10 84 64 74 1 0 9 0.03 M M 5.5 26 140 M M 5 37 140
11 91 65 78 4 0 13 0.00 M M 8.1 22 190 M M 1 12 33 190
12 90 75 83 9 0 18 T M M 10.0 29 160 M M 0 1 39 170
13 98 77 88 14 0 23 0.00 M M 16.1 29 200 M M 0 3 39 190
14 93 78 86 12 0 21 0.00 M M 16.6 24 200 M M 1 36 200
15 91 77 84 9 0 19 0.00 M M 14.6 25 200 M M 2 8 35 160
16 96 73 85 10 0 20 0.00 M M 8.0 15 190 M M 1 20 170
17 96 70 83 8 0 18 0.00 M M 7.6 21 10 M M 1 29 10
18 95 75 85 10 0 20 0.00 M M 7.7 15 120 M M 2 22 160
19 93 71 82 6 0 17 0.00 M M 11.4 18 150 M M 0 26 150
20 93 67 80 4 0 15 0.00 M M 10.7 17 160 M M 0 26 190
21 99 69 84 8 0 19 0.09 M M 11.7 30 310 M M 1 13 40 310
22 86 68 77 1 0 12 0.14 M M 3.5 12 10 M M 3 1 14 10
23 80 67 74 -2 0 9 0.13 M M 6.9 15 140 M M 2 1 21 140
24 92 69 81 5 0 16 0.02 M M 9.7 21 130 M M 3 29 130
25 95 76 86 9 0 21 T M M 11.7 23 330 M M 1 32 190
26 79 61 70 -7 0 5 T M M 11.7 23 350 M M 2 31 350
27 84 56 70 -7 0 5 0.00 M M 5.0 14 350 M M 0 20 40
28 88 57 73 -4 0 8 0.00 M M 6.7 16 210 M M 0 22 190
29 92 61 77 0 0 12 0.00 M M 7.2 16 160 M M 0 21 200
30 93 62 78 1 0 13 0.00 M M 11.0 22 210 M M 0 33 200
================================================================================
SM 2615 1965 5 351 1.55 M 260.6 M 49
================================================================================
AV 87.2 65.5 8.7 FASTST M M 2 MAX(MPH)
MISC ----> 39 290 58 290
================================================================================
NOTES:
# LAST OF SEVERAL OCCURRENCES
COLUMN 17 PEAK WIND IN M.P.H.
PRELIMINARY LOCAL CLIMATOLOGICAL DATA (WS FORM: F-6) , PAGE 2
STATION: NEW CENTURY AIR CENTER KS
MONTH: JUNE
YEAR: 2022
LATITUDE: 38 49 N
LONGITUDE: 94 54 W
[TEMPERATURE DATA] [PRECIPITATION DATA] SYMBOLS USED IN COLUMN 16
AVERAGE MONTHLY: 76.3 TOTAL FOR MONTH: 1.55 1 = FOG OR MIST
DPTR FM NORMAL: 1.8 DPTR FM NORMAL: -3.71 2 = FOG REDUCING VISIBILITY
HIGHEST: 99 ON 21 GRTST 24HR 0.73 ON 31- 1 TO 1/4 MILE OR LESS
LOWEST: 53 ON 3, 2 3 = THUNDER
SNOW, ICE PELLETS, HAIL 4 = ICE PELLETS
TOTAL MONTH: M 5 = HAIL
GRTST 24HR M ON M 6 = FREEZING RAIN OR DRIZZLE
GRTST DEPTH: M ON M 7 = DUSTSTORM OR SANDSTORM:
VSBY 1/2 MILE OR LESS
8 = SMOKE OR HAZE
[NO. OF DAYS WITH] [WEATHER - DAYS WITH] 9 = BLOWING SNOW
X = TORNADO
MAX 32 OR BELOW: 0 0.01 INCH OR MORE: 11
MAX 90 OR ABOVE: 15 0.10 INCH OR MORE: 6
MIN 32 OR BELOW: 0 0.50 INCH OR MORE: 1
MIN 0 OR BELOW: 0 1.00 INCH OR MORE: 0
[HDD (BASE 65) ]
TOTAL THIS MO. 5 CLEAR (SCALE 0-3) 24
DPTR FM NORMAL -1 PTCLDY (SCALE 4-7) 6
TOTAL FM JUL 1 4509 CLOUDY (SCALE 8-10) 0
DPTR FM NORMAL -462
[CDD (BASE 65) ]
TOTAL THIS MO. 351
DPTR FM NORMAL 60 [PRESSURE DATA]
TOTAL FM JAN 1 508 HIGHEST SLP M ON M
DPTR FM NORMAL 94 LOWEST SLP 29.57 ON 11
[REMARKS]
#FINAL-06-22#