000
CXUS53 KEAX 010836
CF6IXD
PRELIMINARY LOCAL CLIMATOLOGICAL DATA (WS FORM: F-6)
STATION: NEW CENTURY AIR CENTER KS
MONTH: NOVEMBER
YEAR: 2021
LATITUDE: 38 49 N
LONGITUDE: 94 54 W
TEMPERATURE IN F: :PCPN: SNOW: WIND :SUNSHINE: SKY :PK WND
================================================================================
1 2 3 4 5 6A 6B 7 8 9 10 11 12 13 14 15 16 17 18
12Z AVG MX 2MIN
DY MAX MIN AVG DEP HDD CDD WTR SNW DPTH SPD SPD DIR MIN PSBL S-S WX SPD DR
================================================================================
1 44 38 41 -9 24 0 0.01 M M 6.7 18 10 M M 9 24 360
2 48 32 40 -9 25 0 0.00 M M 3.4 9 340 M M 2 1 11 70
3 51 30 41 -8 24 0 0.00 M M 1.5 10 120 M M 4 14 130
4 54 35 45 -3 20 0 0.00 M M 6.3 14 190 M M 9 19 190
5 58 37 48 0 17 0 0.00 M M 9.6 20 190 M M 1 30 170
6 65 37 51 3 14 0 0.00 M M 9.7 16 200 M M 0 21 200
7 71 43 57 10 8 0 0.00 M M 12.8 23 170 M M 0 36 190
8 73 49 61 14 4 0 0.00 M M 8.1 18 190 M M 0 26 190
9 68 47 58 12 7 0 0.00 M M 5.7 12 20 M M 5 1 16 50
10 68 51 60 14 5 0 0.59 M M 12.7 26 210 M M 10 13 36 220
11 55 40 48 2 17 0 T M M 14.0 32 260 M M 2 44 260
12 47 30 39 -6 26 0 0.00 M M 17.1 29 310 M M 6 42 310
13 46 24 35 -10 30 0 0.00 M M 8.6 17 190 M M 3 27 190
14 54 39 47 3 18 0 0.12 M M 10.6 24 310 M M 3 1 38 340
15 67 41 54 10 11 0 0.00 M M 9.9 22 210 M M 0 29 200
16 74 42 58 14 7 0 0.00 M M 11.2 22 190 M M 0 32 190
17 65 37 51 8 14 0 0.00 M M 16.1 30 360 M M 5 41 360
18 48 27 38 -5 27 0 0.00 M M 7.8 18 290 M M 0 27 320
19 51 27 39 -3 26 0 0.00 M M 12.4 25 180 M M 0 39 190
20 58 36 47 5 18 0 0.00 M M 7.6 16 190 M M 0 21 200
21 58 28 43 1 22 0 0.00 M M 10.5 24 350 M M 0 33 360
22 48 26 37 -4 28 0 0.00 M M 5.5 12 160 M M 1 16 170
23 66 31 49 8 16 0 0.00 M M 12.1 23 170 M M 0 35 160
24 61 38 50 10 15 0 T M M 16.4 26 340 M M 2 37 160
25 38 20 29 -11 36 0 0.00 M M 11.3 26 330 M M 0 39 340
26 55 20 38 -2 27 0 0.00 M M 12.0 22 210 M M 0 30 190
27 67 40 54 15 11 0 0.00 M M 10.6 20 330 M M 0 24 330
28 52 30 41 2 24 0 0.00 M M 6.4 15 340 M M 0 20 340
29 68 35 52 14 13 0 0.00 M M 9.0 16 220 M M 0 23 170
30 53 38 46 8 19 0 T M M 4.8 10 30 M M 3 13 30
================================================================================
SM 1731 1048 553 0 0.72 M 290.4 M 65
================================================================================
AV 57.7 34.9 9.7 FASTST M M 2 MAX(MPH)
MISC ----> 32 260 44 260
================================================================================
NOTES:
# LAST OF SEVERAL OCCURRENCES
COLUMN 17 PEAK WIND IN M.P.H.
PRELIMINARY LOCAL CLIMATOLOGICAL DATA (WS FORM: F-6) , PAGE 2
STATION: NEW CENTURY AIR CENTER KS
MONTH: NOVEMBER
YEAR: 2021
LATITUDE: 38 49 N
LONGITUDE: 94 54 W
[TEMPERATURE DATA] [PRECIPITATION DATA] SYMBOLS USED IN COLUMN 16
AVERAGE MONTHLY: 46.3 TOTAL FOR MONTH: 0.72 1 = FOG OR MIST
DPTR FM NORMAL: 2.5 DPTR FM NORMAL: -1.19 2 = FOG REDUCING VISIBILITY
HIGHEST: 74 ON 16 GRTST 24HR 0.59 ON 10-10 TO 1/4 MILE OR LESS
LOWEST: 20 ON 26,25 3 = THUNDER
SNOW, ICE PELLETS, HAIL 4 = ICE PELLETS
TOTAL MONTH: M 5 = HAIL
GRTST 24HR M ON M 6 = FREEZING RAIN OR DRIZZLE
GRTST DEPTH: M ON M 7 = DUSTSTORM OR SANDSTORM:
VSBY 1/2 MILE OR LESS
8 = SMOKE OR HAZE
[NO. OF DAYS WITH] [WEATHER - DAYS WITH] 9 = BLOWING SNOW
X = TORNADO
MAX 32 OR BELOW: 0 0.01 INCH OR MORE: 3
MAX 90 OR ABOVE: 0 0.10 INCH OR MORE: 2
MIN 32 OR BELOW: 12 0.50 INCH OR MORE: 1
MIN 0 OR BELOW: 0 1.00 INCH OR MORE: 0
[HDD (BASE 65) ]
TOTAL THIS MO. 553 CLEAR (SCALE 0-3) 23
DPTR FM NORMAL -84 PTCLDY (SCALE 4-7) 4
TOTAL FM JUL 1 765 CLOUDY (SCALE 8-10) 3
DPTR FM NORMAL -218
[CDD (BASE 65) ]
TOTAL THIS MO. 0
DPTR FM NORMAL -1 [PRESSURE DATA]
TOTAL FM JAN 1 1607 HIGHEST SLP 30.54 ON 18
DPTR FM NORMAL 191 LOWEST SLP 29.61 ON 16
[REMARKS]
#FINAL-11-21#