000
CXUS55 KEAX 010736
CF6IXD
PRELIMINARY LOCAL CLIMATOLOGICAL DATA (WS FORM: F-6)
STATION: NEW CENTURY AIR CENTER KS
MONTH: APRIL
YEAR: 2021
LATITUDE: 38 49 N
LONGITUDE: 94 54 W
TEMPERATURE IN F: :PCPN: SNOW: WIND :SUNSHINE: SKY :PK WND
================================================================================
1 2 3 4 5 6A 6B 7 8 9 10 11 12 13 14 15 16 17 18
12Z AVG MX 2MIN
DY MAX MIN AVG DEP HDD CDD WTR SNW DPTH SPD SPD DIR MIN PSBL S-S WX SPD DR
================================================================================
1 53 23 38 -12 27 0 0.00 M M 4.8 13 140 M M 0 17 140
2 68 35 52 2 13 0 0.00 M M 14.3 24 170 M M 0 35 200
3 73 45 59 8 6 0 0.00 M M 12.7 25 220 M M 0 34 220
4 79 50 65 14 0 0 0.00 M M 13.8 24 190 M M 0 34 180
5 78 54 66 15 0 1 0.00 M M 15.2 29 190 M M 1 39 150
6 78 59 69 17 0 4 T M M 17.4 28 150 M M 3 41 150
7 68 46 57 5 8 0 0.85 M M 14.7 24 310 M M 9 138 33 160
8 59 44 52 0 13 0 0.30 M M 10.9 21 260 M M 7 1 27 280
9 71 38 55 3 10 0 0.13 M M 9.0 29 300 M M 3 12 39 280
10 61 46 54 1 11 0 0.52 M M 12.7 25 310 M M 7 1 35 300
11 78 37 58 5 7 0 0.00 M M 8.9 22 290 M M 0 31 290
12 60 43 52 -1 13 0 0.00 M M 12.0 23 330 M M 4 30 330
13 61 34 48 -6 17 0 0.00 M M 7.5 17 340 M M 2 26 340
14 59 36 48 -6 17 0 0.00 M M 9.7 20 330 M M 0 26 330
15 60 32 46 -8 19 0 0.00 M M 4.8 12 360 M M 2 17 10
16 51 43 47 -8 18 0 0.46 M M 7.3 14 360 M M 8 1 18 10
17 55 42 49 -6 16 0 0.01 M M 8.7 15 300 M M 10 1 19 280
18 60 38 49 -6 16 0 T M M 7.9 26 330 M M 6 37 340
19 56 33 45 -11 20 0 0.00 M M 11.8 23 360 M M 1 31 10
20 46 30 38 -18 27 0 0.15 M M 10.2 21 350 M M 7 1 26 340
21 49 31 40 -16 25 0 0.00 M M 9.1 23 330 M M 4 32 340
22 58 26 42 -15 23 0 0.06 M M 7.9 20 170 M M 3 29 170
23 56 44 50 -7 15 0 0.22 M M 8.7 15 50 M M 10 138 23 50
24 66 46 56 -1 9 0 0.02 M M 9.2 21 10 M M 3 18 28 330
25 74 43 59 1 6 0 0.00 M M 11.9 28 160 M M 0 37 170
26 83 58 71 13 0 6 0.00 M M 20.4 32 190 M M 0 46 210
27 79 65 72 14 0 7 0.00 M M 15.7 26 190 M M 1 37 200
28 76 58 67 8 0 2 1.04 M M 8.2 23 310 M M 8 13 28 310
29 75 55 65 6 0 0 0.00 M M 10.3 22 350 M M 2 1 30 350
30 79 45 62 3 3 0 0.00 M M 6.8 15 190 M M 0 22 200
================================================================================
SM 1969 1279 339 20 3.76 M 322.5 M 101
================================================================================
AV 65.6 42.6 10.7 FASTST M M 3 MAX(MPH)
MISC ----> 32 190 46 210
================================================================================
NOTES:
# LAST OF SEVERAL OCCURRENCES
COLUMN 17 PEAK WIND IN M.P.H.
PRELIMINARY LOCAL CLIMATOLOGICAL DATA (WS FORM: F-6) , PAGE 2
STATION: NEW CENTURY AIR CENTER KS
MONTH: APRIL
YEAR: 2021
LATITUDE: 38 49 N
LONGITUDE: 94 54 W
[TEMPERATURE DATA] [PRECIPITATION DATA] SYMBOLS USED IN COLUMN 16
AVERAGE MONTHLY: 54.1 TOTAL FOR MONTH: 3.76 1 = FOG OR MIST
DPTR FM NORMAL: -0.5 DPTR FM NORMAL: -0.11 2 = FOG REDUCING VISIBILITY
HIGHEST: 83 ON 26 GRTST 24HR 1.04 ON 28-28 TO 1/4 MILE OR LESS
LOWEST: 23 ON 1 3 = THUNDER
SNOW, ICE PELLETS, HAIL 4 = ICE PELLETS
TOTAL MONTH: M 5 = HAIL
GRTST 24HR M ON M 6 = FREEZING RAIN OR DRIZZLE
GRTST DEPTH: M ON M 7 = DUSTSTORM OR SANDSTORM:
VSBY 1/2 MILE OR LESS
8 = SMOKE OR HAZE
[NO. OF DAYS WITH] [WEATHER - DAYS WITH] 9 = BLOWING SNOW
X = TORNADO
MAX 32 OR BELOW: 0 0.01 INCH OR MORE: 11
MAX 90 OR ABOVE: 0 0.10 INCH OR MORE: 8
MIN 32 OR BELOW: 5 0.50 INCH OR MORE: 3
MIN 0 OR BELOW: 0 1.00 INCH OR MORE: 1
[HDD (BASE 65) ]
TOTAL THIS MO. 339 CLEAR (SCALE 0-3) 17
DPTR FM NORMAL 11 PTCLDY (SCALE 4-7) 9
TOTAL FM JUL 1 4767 CLOUDY (SCALE 8-10) 4
DPTR FM NORMAL -190
[CDD (BASE 65) ]
TOTAL THIS MO. 20
DPTR FM NORMAL 4 [PRESSURE DATA]
TOTAL FM JAN 1 20 HIGHEST SLP M ON M
DPTR FM NORMAL 2 LOWEST SLP 29.50 ON 8
[REMARKS]
#FINAL-04-21#