000
CXUS55 KEAX 010836
CF6IXD
PRELIMINARY LOCAL CLIMATOLOGICAL DATA (WS FORM: F-6)
STATION: NEW CENTURY AIR CENTER KS
MONTH: OCTOBER
YEAR: 2020
LATITUDE: 38 49 N
LONGITUDE: 94 54 W
TEMPERATURE IN F: :PCPN: SNOW: WIND :SUNSHINE: SKY :PK WND
================================================================================
1 2 3 4 5 6A 6B 7 8 9 10 11 12 13 14 15 16 17 18
12Z AVG MX 2MIN
DY MAX MIN AVG DEP HDD CDD WTR SNW DPTH SPD SPD DIR MIN PSBL S-S WX SPD DR
================================================================================
1 63 44 54 -8 11 0 0.00 M M 10.5 23 350 M M 0 32 330
2 65 39 52 -9 13 0 0.00 M M 4.1 12 140 M M 0 17 140
3 68 43 56 -5 9 0 T M M 10.3 21 330 M M 6 25 340
4 63 37 50 -10 15 0 0.00 M M 5.7 10 140 M M 1 12 14 110
5 76 45 61 1 4 0 0.00 M M 12.1 23 190 M M 0 32 190
6 81 53 67 7 0 2 0.00 M M 7.2 14 210 M M 0 20 200
7 90 57 74 14 0 9 0.00 M M 7.5 14 210 M M 0 20 200
8 84 56 70 11 0 5 0.00 M M 5.4 16 150 M M 0 1 22 170
9 81 60 71 12 0 6 0.00 M M 11.2 21 220 M M 1 28 190
10 82 58 70 12 0 5 0.00 M M 4.1 9 180 M M 3 12 12 190
11 87 58 73 15 0 8 0.00 M M 11.4 25 160 M M 0 38 140
12 73 47 60 2 5 0 0.00 M M 11.7 30 330 M M 2 42 330
13 77 46 62 5 3 0 0.00 M M 7.6 20 270 M M 0 25 290
14 85 49 67 10 0 2 0.00 M M 13.8 30 200 M M 2 48 210
15 63 36 50 -7 15 0 0.00 M M 10.2 28 350 M M 2 37 350
16 62 31 47 -9 18 0 0.00 M M 6.6 16 170 M M 0 26 160
17 72 49 61 5 4 0 0.00 M M 15.2 35 210 M M 0 52 210
18 56 42 49 -7 16 0 0.00 M M 13.6 25 360 M M 9 35 10
19 48 41 45 -10 20 0 0.00 M M 8.8 15 70 M M 10 23 70
20 47 39 43 -12 22 0 0.01 M M 4.6 14 110 M M 9 18 19 100
21 51 36 44 -11 21 0 0.08 M M 5.8 15 70 M M 8 123 20 70
22 85 46 66 12 0 1 0.01 M M 16.0 32 190 M M 3 12 44 190
23 46 37 42 -12 23 0 0.52 M M 18.0 25 330 M M 10 13 37 330
24 41 36 39 -15 26 0 0.00 M M 8.6 14 70 M M 10 19 70
25 40 34 37 -16 28 0 0.00 M M 10.7 18 340 M M 10 18 22 360
26 35 28 32 -21 33 0 0.10 M M 13.1 22 360 M M 10 1 28 10
27 33 29 31 -21 34 0 0.16 M M 5.8 14 360 M M 10 16 16 360
28 47 33 40 -12 25 0 0.09 M M 6.4 15 10 M M 10 1 22 10
29 50 32 41 -11 24 0 0.30 M M 12.4 23 360 M M 6 32 360
30 64 29 47 -4 18 0 0.00 M M 8.4 17 200 M M 0 23 210
31 65 42 54 3 11 0 0.00 M M 12.7 30 200 M M 0 40 190
================================================================================
SM 1980 1312 398 38 1.27 M 299.5 M 122
================================================================================
AV 63.9 42.3 9.7 FASTST M M 4 MAX(MPH)
MISC ----> 35 210 52 210
================================================================================
NOTES:
# LAST OF SEVERAL OCCURRENCES
COLUMN 17 PEAK WIND IN M.P.H.
PRELIMINARY LOCAL CLIMATOLOGICAL DATA (WS FORM: F-6) , PAGE 2
STATION: NEW CENTURY AIR CENTER KS
MONTH: OCTOBER
YEAR: 2020
LATITUDE: 38 49 N
LONGITUDE: 94 54 W
[TEMPERATURE DATA] [PRECIPITATION DATA] SYMBOLS USED IN COLUMN 16
AVERAGE MONTHLY: 53.1 TOTAL FOR MONTH: 1.27 1 = FOG OR MIST
DPTR FM NORMAL: -3.2 DPTR FM NORMAL: -2.28 2 = FOG REDUCING VISIBILITY
HIGHEST: 90 ON 7 GRTST 24HR 0.53 ON 22-23 TO 1/4 MILE OR LESS
LOWEST: 28 ON 26 3 = THUNDER
SNOW, ICE PELLETS, HAIL 4 = ICE PELLETS
TOTAL MONTH: M 5 = HAIL
GRTST 24HR M ON M 6 = FREEZING RAIN OR DRIZZLE
GRTST DEPTH: M ON M 7 = DUSTSTORM OR SANDSTORM:
VSBY 1/2 MILE OR LESS
8 = SMOKE OR HAZE
[NO. OF DAYS WITH] [WEATHER - DAYS WITH] 9 = BLOWING SNOW
X = TORNADO
MAX 32 OR BELOW: 0 0.01 INCH OR MORE: 8
MAX 90 OR ABOVE: 1 0.10 INCH OR MORE: 4
MIN 32 OR BELOW: 5 0.50 INCH OR MORE: 1
MIN 0 OR BELOW: 0 1.00 INCH OR MORE: 0
[HDD (BASE 65) ]
TOTAL THIS MO. 398 CLEAR (SCALE 0-3) 19
DPTR FM NORMAL 104 PTCLDY (SCALE 4-7) 3
TOTAL FM JUL 1 459 CLOUDY (SCALE 8-10) 9
DPTR FM NORMAL 106
[CDD (BASE 65) ]
TOTAL THIS MO. 38
DPTR FM NORMAL 14 [PRESSURE DATA]
TOTAL FM JAN 1 1396 HIGHEST SLP 30.43 ON 26
DPTR FM NORMAL 44 LOWEST SLP 29.56 ON 11
[REMARKS]
#FINAL-10-20#