901
CXUS55 KEAX 010736
CF6IXD
PRELIMINARY LOCAL CLIMATOLOGICAL DATA (WS FORM: F-6)
STATION: NEW CENTURY AIR CENTER KS
MONTH: APRIL
YEAR: 2020
LATITUDE: 38 49 N
LONGITUDE: 94 54 W
TEMPERATURE IN F: :PCPN: SNOW: WIND :SUNSHINE: SKY :PK WND
================================================================================
1 2 3 4 5 6A 6B 7 8 9 10 11 12 13 14 15 16 17 18
12Z AVG MX 2MIN
DY MAX MIN AVG DEP HDD CDD WTR SNW DPTH SPD SPD DIR MIN PSBL S-S WX SPD DR
================================================================================
1 72 42 57 7 8 0 0.00 M M 10.4 24 160 M M 0 32 130
2 69 41 55 5 10 0 T M M 13.5 22 160 M M 5 30 150
3 41 29 35 -16 30 0 0.19 M M 15.2 23 330 M M 10 136 30 340
4 50 29 40 -11 25 0 0.00 M M 8.6 17 340 M M 8 22 340
5 57 41 49 -2 16 0 0.00 M M 5.5 13 160 M M 7 17 150
6 67 52 60 8 5 0 0.00 M M 11.6 20 190 M M 9 28 200
7 79 59 69 17 0 4 0.00 M M 11.9 23 210 M M 4 34 200
8 88 47 68 16 0 3 0.00 M M 10.3 31 350 M M 2 128 41 350
9 61 35 48 -4 17 0 0.00 M M 13.6 29 320 M M 1 41 310
10 55 24 40 -13 25 0 0.00 M M 7.9 15 160 M M 3 21 160
11 74 45 60 7 5 0 T M M 14.6 25 180 M M 4 3 35 180
12 63 31 47 -6 18 0 1.14 M M 20.3 38 340 M M 9 138 55 340
13 45 27 36 -18 29 0 0.00 M M 12.4 29 340 M M 1 38 340
14 51 30 41 -13 24 0 0.00 M M 9.2 22 250 M M 3 33 300
15 54 32 43 -11 22 0 0.00 M M 7.4 22 210 M M 1 30 210
16 52 36 44 -11 21 0 0.24 M M 12.0 23 20 M M 8 1 31 70
17 46 30 38 -17 27 0 0.19 M M 11.0 22 350 M M 7 1 29 10
18 63 29 46 -9 19 0 0.00 M M 11.1 23 200 M M 0 31 190
19 67 42 55 -1 10 0 0.00 M M 7.6 18 30 M M 2 24 20
20 71 43 57 1 8 0 0.06 M M 7.3 22 310 M M 3 1 33 300
21 73 43 58 2 7 0 0.00 M M 5.6 13 20 M M 0 17 30
22 61 53 57 0 8 0 0.14 M M 9.7 20 160 M M 6 1 29 170
23 75 54 65 8 0 0 0.00 M M 4.8 10 160 M M 6 1 14 140
24 64 52 58 1 7 0 1.50 M M 8.1 25 20 M M 8 13 33 30
25 67 48 58 0 7 0 0.06 M M 13.1 24 340 M M 5 1 35 290
26 69 42 56 -2 9 0 0.04 M M 3.7 14 130 M M 3 19 130
27 75 53 64 6 1 0 0.30 M M 12.4 25 140 M M 3 1 35 190
28 77 52 65 6 0 0 0.04 M M 10.9 38 320 M M 2 54 330
29 69 49 59 0 6 0 T M M 17.2 31 340 M M 5 44 330
30 73 46 60 1 5 0 0.00 M M 7.0 17 300 M M 0 22 310
================================================================================
SM 1928 1236 369 7 3.90 M 313.9 M 125
================================================================================
AV 64.3 41.2 10.5 FASTST M M 4 MAX(MPH)
MISC ----> # 38 340 55 340
================================================================================
NOTES:
# LAST OF SEVERAL OCCURRENCES
COLUMN 17 PEAK WIND IN M.P.H.
PRELIMINARY LOCAL CLIMATOLOGICAL DATA (WS FORM: F-6) , PAGE 2
STATION: NEW CENTURY AIR CENTER KS
MONTH: APRIL
YEAR: 2020
LATITUDE: 38 49 N
LONGITUDE: 94 54 W
[TEMPERATURE DATA] [PRECIPITATION DATA] SYMBOLS USED IN COLUMN 16
AVERAGE MONTHLY: 52.7 TOTAL FOR MONTH: 3.90 1 = FOG OR MIST
DPTR FM NORMAL: -1.9 DPTR FM NORMAL: 0.03 2 = FOG REDUCING VISIBILITY
HIGHEST: 88 ON 8 GRTST 24HR 1.52 ON 24-25 TO 1/4 MILE OR LESS
LOWEST: 24 ON 10 3 = THUNDER
SNOW, ICE PELLETS, HAIL 4 = ICE PELLETS
TOTAL MONTH: M 5 = HAIL
GRTST 24HR M ON M 6 = FREEZING RAIN OR DRIZZLE
GRTST DEPTH: M ON M 7 = DUSTSTORM OR SANDSTORM:
VSBY 1/2 MILE OR LESS
8 = SMOKE OR HAZE
[NO. OF DAYS WITH] [WEATHER - DAYS WITH] 9 = BLOWING SNOW
X = TORNADO
MAX 32 OR BELOW: 0 0.01 INCH OR MORE: 11
MAX 90 OR ABOVE: 0 0.10 INCH OR MORE: 7
MIN 32 OR BELOW: 9 0.50 INCH OR MORE: 2
MIN 0 OR BELOW: 0 1.00 INCH OR MORE: 2
[HDD (BASE 65) ]
TOTAL THIS MO. 369 CLEAR (SCALE 0-3) 13
DPTR FM NORMAL 41 PTCLDY (SCALE 4-7) 14
TOTAL FM JUL 1 4742 CLOUDY (SCALE 8-10) 3
DPTR FM NORMAL -215
[CDD (BASE 65) ]
TOTAL THIS MO. 7
DPTR FM NORMAL -9 [PRESSURE DATA]
TOTAL FM JAN 1 7 HIGHEST SLP M ON M
DPTR FM NORMAL -11 LOWEST SLP 29.44 ON 12
[REMARKS]
#FINAL-04-20#