000
CXUS55 KRIW 020043
CF6JAC
PRELIMINARY LOCAL CLIMATOLOGICAL DATA (WS FORM: F-6)
STATION: JACKSON WY
MONTH: JANUARY
YEAR: 2024
LATITUDE: 43 35 N
LONGITUDE: 110 44 W
TEMPERATURE IN F: :PCPN: SNOW: WIND :SUNSHINE: SKY :PK WND
================================================================================
1 2 3 4 5 6A 6B 7 8 9 10 11 12 13 14 15 16 17 18
12Z AVG MX 2MIN
DY MAX MIN AVG DEP HDD CDD WTR SNW DPTH SPD SPD DIR MIN PSBL S-S WX SPD DR
================================================================================
1 34 0 17 4 48 0 M M M 5.1 12 360 M M 0 M M
2 34 -2 16 3 49 0 M M M 4.7 10 20 M M 1 1 M M
3 27 -3 12 -1 53 0 M M M 4.9 10 20 M M 2 M M
4 29 7 18 5 47 0 M M M 2.7 6 30 M M 6 1 M M
5 32 5 19 6 46 0 M M M 4.8 13 250 M M 7 1 18 290
6 29 0 15 2 50 0 M M M 9.2 18 190 M M 6 1 23 190
7 34 9 22 9 43 0 M M M 3.4 7 20 M M 9 1 M M
8 25 -5 10 -3 55 0 M M M 8.6 15 190 M M 5 1 22 200
9 23 11 17 4 48 0 M M M 13.1 25 200 M M 10 12 32 210
10 22 9 16 3 49 0 M M M 13.5 24 190 M M 10 1 32 190
11 19 -5 7 -7 58 0 M M M 10.0 22 200 M M 8 1 29 200
12 22 4 13 -1 52 0 M M M 13.4 27 210 M M 10 19 40 210
13 10 -10 0 -14 65 0 M M M 7.1 17 20 M M 4 1 M M
14 22 -11 6 -8 59 0 M M M 4.9 12 200 M M 8 1 22 230
15 18 -18 0 -14 65 0 M M M 8.7 36 330 M M 3 46 330
16 19 -21 -1 -15 66 0 M M M 3.3 9 10 M M 3 M M
17 32 -1 16 2 49 0 M M M 10.1 22 180 M M 10 1 30 190
18 35 23 29 15 36 0 M M M 12.8 25 240 M M 9 1 35 240
19 36 23 30 16 35 0 M M M 5.7 10 240 M M 10 1 M M
20 36 25 31 17 34 0 M M M 3.8 12 240 M M 10 1 M M
21 39 29 34 20 31 0 M M M 6.4 9 230 M M 10 1 M M
22 37 26 32 18 33 0 M M M 4.7 13 240 M M 10 M M
23 37 26 32 18 33 0 M M M 2.9 7 20 M M 10 1 M M
24 37 21 29 15 36 0 M M M 4.6 15 190 M M 8 1 M M
25 35 21 28 14 37 0 M M M 2.0 7 30 M M 9 1 M M
26 35 7 21 7 44 0 M M M 4.7 10 190 M M 5 1 M M
27 34 6 20 6 45 0 M M M 3.3 9 20 M M 7 1 M M
28 35 24 30 16 35 0 M M M 1.9 8 20 M M 10 1 M M
29 43 21 32 18 33 0 M M M 3.3 8 30 M M 6 M M
30 37 15 26 12 39 0 M M M 3.5 9 30 M M 5 1 M M
31 34 13 24 10 41 0 M M M 4.1 10 30 M M 8 12 M M
================================================================================
SM 941 249 1414 0 M M 191.2 M 219
================================================================================
AV 30.4 8.0 6.2 FASTST M M 7 MAX(MPH)
MISC ----> 36 330 46 330
================================================================================
NOTES:
# LAST OF SEVERAL OCCURRENCES
COLUMN 17 PEAK WIND IN M.P.H.
PRELIMINARY LOCAL CLIMATOLOGICAL DATA (WS FORM: F-6) , PAGE 2
STATION: JACKSON WY
MONTH: JANUARY
YEAR: 2024
LATITUDE: 43 35 N
LONGITUDE: 110 44 W
[TEMPERATURE DATA] [PRECIPITATION DATA] SYMBOLS USED IN COLUMN 16
AVERAGE MONTHLY: 19.2 TOTAL FOR MONTH: M 1 = FOG OR MIST
DPTR FM NORMAL: 5.5 DPTR FM NORMAL: M 2 = FOG REDUCING VISIBILITY
HIGHEST: 43 ON 29 GRTST 24HR 0.16 ON 12-12 TO 1/4 MILE OR LESS
LOWEST: -21 ON 16 3 = THUNDER
SNOW, ICE PELLETS, HAIL 4 = ICE PELLETS
TOTAL MONTH: M 5 = HAIL
GRTST 24HR M ON M 6 = FREEZING RAIN OR DRIZZLE
GRTST DEPTH: M ON M 7 = DUSTSTORM OR SANDSTORM:
VSBY 1/2 MILE OR LESS
8 = SMOKE OR HAZE
[NO. OF DAYS WITH] [WEATHER - DAYS WITH] 9 = BLOWING SNOW
X = TORNADO
MAX 32 OR BELOW: 14 0.01 INCH OR MORE: 0
MAX 90 OR ABOVE: 0 0.10 INCH OR MORE: 0
MIN 32 OR BELOW: 31 0.50 INCH OR MORE: 0
MIN 0 OR BELOW: 11 1.00 INCH OR MORE: 0
[HDD (BASE 65) ]
TOTAL THIS MO. 1414 CLEAR (SCALE 0-3) 4
DPTR FM NORMAL -176 PTCLDY (SCALE 4-7) 11
TOTAL FM JUL 1 5010 CLOUDY (SCALE 8-10) 16
DPTR FM NORMAL -784
[CDD (BASE 65) ]
TOTAL THIS MO. 0
DPTR FM NORMAL 0 [PRESSURE DATA]
TOTAL FM JAN 1 0 HIGHEST SLP 30.76 ON 27
DPTR FM NORMAL 0 LOWEST SLP 29.48 ON 10
[REMARKS]
#FINAL-01-24#