070
CXUS54 KJAN 011410
CF6JAN
PRELIMINARY LOCAL CLIMATOLOGICAL DATA (WS FORM: F-6)
STATION: JACKSON
MONTH: MARCH
YEAR: 2021
LATITUDE: 32 19 N
LONGITUDE: 90 5 W
TEMPERATURE IN F: :PCPN: SNOW: WIND :SUNSHINE: SKY :PK WND
================================================================================
1 2 3 4 5 6A 6B 7 8 9 10 11 12 13 14 15 16 17 18
12Z AVG MX 2MIN
DY MAX MIN AVG DEP HDD CDD WTR SNW DPTH SPD SPD DIR MIN PSBL S-S WX SPD DR
================================================================================
1 71 48 60 7 5 0 0.25 0.0 0 9.9 18 360 M M 9 1 26 10
2 47 37 42 -11 23 0 0.76 0.0 0 8.8 16 360 M M 10 18 23 350
3 62 34 48 -6 17 0 0.00 0.0 0 4.4 15 30 M M 0 1 19 30
4 72 34 53 -1 12 0 0.00 0.0 0 2.0 9 20 M M 0 16 100
5 65 42 54 0 11 0 T 0.0 0 4.2 12 30 M M 6 16 20
6 63 41 52 -2 13 0 0.00 0.0 0 10.4 20 350 M M 2 26 360
7 66 35 51 -4 14 0 0.00 0.0 0 4.5 16 40 M M 2 27 30
8 74 34 54 -1 11 0 0.00 0.0 0 4.5 16 150 M M 0 20 160
9 75 37 56 1 9 0 0.00 0.0 0 7.7 20 190 M M 1 29 150
10 79 53 66 10 0 1 0.00 0.0 0 13.5 23 170 M M 3 32 150
11 80 59 70 14 0 5 0.00 0.0 0 10.7 20 180 M M 4 26 180
12 82 61 72 16 0 7 0.00 0.0 0 6.2 14 190 M M 7 19 160
13 82 54 68 12 0 3 0.00 0.0 0 5.4 15 160 M M 4 12 19 170
14 80 54 67 11 0 2 T 0.0 0 9.6 18 160 M M 5 25 170
15 80 60 70 13 0 5 0.72 0.0 0 9.0 20 220 M M 8 123 28 220
16 84 66 75 18 0 10 0.66 0.0 0 6.5 24 190 M M 8 13 31 190
17 84 63 74 17 0 9 1.19 0.0 0 M 41 270 M M M 13 58 260
18 64 50 57 -1 8 0 0.00 0.0 0 14.0 23 280 M M 8 33 290
19 54 48 51 -7 14 0 T 0.0 0 9.0 16 330 M M 10 23 300
20 64 44 54 -4 11 0 0.00 0.0 0 5.3 13 20 M M 7 18 20
21 70 40 55 -3 10 0 0.00 0.0 0 4.1 15 20 M M 0 20 10
22 74 43 59 1 6 0 0.00 0.0 0 7.2 18 170 M M 3 26 170
23 67 56 62 3 3 0 0.81 0.0 0 11.4 31 120 M M 9 13 41 130
24 77 57 67 8 0 2 0.10 0.0 0 6.7 22 150 M M 8 13 27 150
25 82 64 73 14 0 8 0.52 0.0 0 10.3 25 230 M M 7 138 35 220
26 80 58 69 10 0 4 0.00 0.0 0 6.7 14 150 M M 4 19 150
27 88 67 78 18 0 13 T 0.0 0 12.8 24 190 M M 7 38 170
28 75 50 63 3 2 0 0.29 0.0 0 12.9 23 360 M M 6 13 33 330
29 72 42 57 -3 8 0 0.00 0.0 0 5.7 14 90 M M 0 20 100
30 80 46 63 3 2 0 0.44 0.0 0 9.3 18 160 M M 6 1 24 150
31 73 45 59 -1 6 0 0.57 0.0 0 12.3 24 360 M M 7 13 31 360
================================================================================
SM 2266 1522 185 69 6.31 0.0 245.0 M 151
================================================================================
AV 73.1 49.1 8.2 FASTST M M 5 MAX(MPH)
MISC ----> 41 270 58 260
================================================================================
NOTES:
# LAST OF SEVERAL OCCURRENCES
COLUMN 17 PEAK WIND IN M.P.H.
PRELIMINARY LOCAL CLIMATOLOGICAL DATA (WS FORM: F-6) , PAGE 2
STATION: JACKSON
MONTH: MARCH
YEAR: 2021
LATITUDE: 32 19 N
LONGITUDE: 90 5 W
[TEMPERATURE DATA] [PRECIPITATION DATA] SYMBOLS USED IN COLUMN 16
AVERAGE MONTHLY: 61.1 TOTAL FOR MONTH: 6.31 1 = FOG OR MIST
DPTR FM NORMAL: 4.2 DPTR FM NORMAL: 1.27 2 = FOG REDUCING VISIBILITY
HIGHEST: 88 ON 27 GRTST 24HR 1.34 ON 16-17 TO 1/4 MILE OR LESS
LOWEST: 34 ON 8, 4 3 = THUNDER
SNOW, ICE PELLETS, HAIL 4 = ICE PELLETS
TOTAL MONTH: 0.0 INCH 5 = HAIL
GRTST 24HR 0.0 6 = FREEZING RAIN OR DRIZZLE
GRTST DEPTH: 0 7 = DUSTSTORM OR SANDSTORM:
VSBY 1/2 MILE OR LESS
8 = SMOKE OR HAZE
[NO. OF DAYS WITH] [WEATHER - DAYS WITH] 9 = BLOWING SNOW
X = TORNADO
MAX 32 OR BELOW: 0 0.01 INCH OR MORE: 11
MAX 90 OR ABOVE: 0 0.10 INCH OR MORE: 11
MIN 32 OR BELOW: 0 0.50 INCH OR MORE: 7
MIN 0 OR BELOW: 0 1.00 INCH OR MORE: 1
[HDD (BASE 65) ]
TOTAL THIS MO. 185 CLEAR (SCALE 0-3) 9
DPTR FM NORMAL -93 PTCLDY (SCALE 4-7) 16
TOTAL FM JUL 1 2001 CLOUDY (SCALE 8-10) 6
DPTR FM NORMAL -269
[CDD (BASE 65) ]
TOTAL THIS MO. 69
DPTR FM NORMAL 42 [PRESSURE DATA]
TOTAL FM JAN 1 96 HIGHEST SLP 30.55 ON 8
DPTR FM NORMAL 59 LOWEST SLP 29.61 ON 17
[REMARKS]
#FINAL-03-21#