000
CXUS54 KJAN 020036
CF6JAN
PRELIMINARY LOCAL CLIMATOLOGICAL DATA (WS FORM: F-6)
STATION: JACKSON
MONTH: JANUARY
YEAR: 2021
LATITUDE: 32 19 N
LONGITUDE: 90 5 W
TEMPERATURE IN F: :PCPN: SNOW: WIND :SUNSHINE: SKY :PK WND
================================================================================
1 2 3 4 5 6A 6B 7 8 9 10 11 12 13 14 15 16 17 18
12Z AVG MX 2MIN
DY MAX MIN AVG DEP HDD CDD WTR SNW DPTH SPD SPD DIR MIN PSBL S-S WX SPD DR
================================================================================
1 70 42 56 10 9 0 0.24 0.0 0 10.7 24 150 M M 6 1 35 240
2 45 35 40 -6 25 0 0.00 0.0 0 4.6 13 270 M M 7 19 260
3 56 30 43 -3 22 0 0.00 0.0 0 2.5 9 160 M M 2 13 160
4 66 35 51 5 14 0 0.00 0.0 0 5.5 14 240 M M 2 1 22 260
5 62 34 48 2 17 0 0.00 0.0 0 3.0 13 40 M M 0 12 17 40
6 58 33 46 0 19 0 0.00 0.0 0 7.6 17 120 M M 5 25 130
7 51 39 45 0 20 0 0.42 0.0 0 10.6 20 110 M M 10 13 31 110
8 41 38 40 -5 25 0 T 0.0 0 10.6 20 330 M M 10 18 28 330
9 45 35 40 -5 25 0 0.00 0.0 0 9.9 18 360 M M 10 27 360
10 41 33 37 -8 28 0 0.27 0.8 0 6.7 13 40 M M 10 1 19 30
11 36 33 35 -10 30 0 0.36 0.4 1 7.7 14 330 M M 10 14 17 340
12 50 28 39 -6 26 0 0.00 0.0 0 5.0 12 340 M M 5 1 15 10
13 55 29 42 -3 23 0 0.07 0.1 T 4.4 12 230 M M 4 14 18 230
14 65 32 49 4 16 0 0.00 0.0 0 8.8 18 310 M M 1 1 30 300
15 54 34 44 -1 21 0 0.00 0.0 0 7.9 24 270 M M 1 36 270
16 52 31 42 -4 23 0 0.00 0.0 0 5.5 14 270 M M 0 20 260
17 62 30 46 0 19 0 0.00 0.0 0 6.1 20 240 M M 2 30 240
18 63 28 46 0 19 0 0.00 0.0 0 4.3 13 150 M M 0 18 250
19 60 39 50 4 15 0 0.01 0.0 0 4.3 13 10 M M 7 1 17 10
20 59 49 54 8 11 0 0.03 0.0 0 2.3 10 20 M M 9 1 15 20
21 64 54 59 13 6 0 0.40 0.0 0 6.8 13 340 M M 10 1 19 240
22 58 51 55 9 10 0 0.43 0.0 0 5.1 13 10 M M 10 1 16 20
23 60 46 53 7 12 0 T 0.0 0 4.9 12 80 M M 8 17 50
24 68 46 57 11 8 0 0.04 0.0 0 6.9 17 130 M M 8 1 22 130
25 78 59 69 23 0 4 0.73 0.0 0 13.3 28 170 M M 9 13 40 180
26 70 47 59 13 6 0 0.00 0.0 0 3.3 10 180 M M 8 123 15 140
27 60 41 51 5 14 0 0.11 0.0 0 9.5 23 350 M M 8 1 32 340
28 52 34 43 -3 22 0 0.00 0.0 0 9.4 21 10 M M 4 27 10
29 61 30 46 0 19 0 0.00 0.0 0 4.5 10 150 M M 2 15 70
30 64 42 53 7 12 0 T 0.0 0 12.1 22 160 M M 8 33 160
31 67 44 56 9 9 0 0.13 0.0 0 11.9 24 330 M M 10 1 36 320
================================================================================
SM 1793 1181 525 4 3.24 1.3 215.7 M 186
================================================================================
AV 57.8 38.1 7.0 FASTST M M 6 MAX(MPH)
MISC ----> 28 170 40 180
================================================================================
NOTES:
# LAST OF SEVERAL OCCURRENCES
COLUMN 17 PEAK WIND IN M.P.H.
PRELIMINARY LOCAL CLIMATOLOGICAL DATA (WS FORM: F-6) , PAGE 2
STATION: JACKSON
MONTH: JANUARY
YEAR: 2021
LATITUDE: 32 19 N
LONGITUDE: 90 5 W
[TEMPERATURE DATA] [PRECIPITATION DATA] SYMBOLS USED IN COLUMN 16
AVERAGE MONTHLY: 48.0 TOTAL FOR MONTH: 3.24 1 = FOG OR MIST
DPTR FM NORMAL: 2.3 DPTR FM NORMAL: -1.73 2 = FOG REDUCING VISIBILITY
HIGHEST: 78 ON 25 GRTST 24HR 0.92 ON 31- 1 TO 1/4 MILE OR LESS
LOWEST: 28 ON 18,12 3 = THUNDER
SNOW, ICE PELLETS, HAIL 4 = ICE PELLETS
TOTAL MONTH: 1.3 INCHES 5 = HAIL
GRTST 24HR 0.8 ON 10-10 6 = FREEZING RAIN OR DRIZZLE
GRTST DEPTH: 1 ON 11 7 = DUSTSTORM OR SANDSTORM:
VSBY 1/2 MILE OR LESS
8 = SMOKE OR HAZE
[NO. OF DAYS WITH] [WEATHER - DAYS WITH] 9 = BLOWING SNOW
X = TORNADO
MAX 32 OR BELOW: 0 0.01 INCH OR MORE: 13
MAX 90 OR ABOVE: 0 0.10 INCH OR MORE: 9
MIN 32 OR BELOW: 8 0.50 INCH OR MORE: 1
MIN 0 OR BELOW: 0 1.00 INCH OR MORE: 0
[HDD (BASE 65) ]
TOTAL THIS MO. 525 CLEAR (SCALE 0-3) 9
DPTR FM NORMAL -77 PTCLDY (SCALE 4-7) 11
TOTAL FM JUL 1 1249 CLOUDY (SCALE 8-10) 11
DPTR FM NORMAL -309
[CDD (BASE 65) ]
TOTAL THIS MO. 4
DPTR FM NORMAL 0 [PRESSURE DATA]
TOTAL FM JAN 1 4 HIGHEST SLP 30.60 ON 28
DPTR FM NORMAL 0 LOWEST SLP 29.68 ON 25
[REMARKS]
#FINAL-01-21#