000
CXUS54 KMEG 010900
CF6JBR
PRELIMINARY LOCAL CLIMATOLOGICAL DATA (WS FORM: F-6)
STATION: JONESBORO
MONTH: JULY
YEAR: 2023
LATITUDE: 35 49 N
LONGITUDE: 90 39 W
TEMPERATURE IN F: :PCPN: SNOW: WIND :SUNSHINE: SKY :PK WND
================================================================================
1 2 3 4 5 6A 6B 7 8 9 10 11 12 13 14 15 16 17 18
12Z AVG MX 2MIN
DY MAX MIN AVG DEP HDD CDD WTR SNW DPTH SPD SPD DIR MIN PSBL S-S WX SPD DR
================================================================================
1 97 78 88 7 0 23 0.00 M M 10.6 25 230 M M 1 13 34 200
2 96 74 85 3 0 20 0.00 M M 10.6 24 220 M M 0 3 30 210
3 93 69 81 -1 0 16 0.00 M M 4.3 13 160 M M 0 17 180
4 92 73 83 1 0 18 T M M 7.1 20 190 M M 1 3 29 210
5 94 71 83 1 0 18 0.06 M M 5.1 18 340 M M 2 138 26 350
6 92 70 81 -1 0 16 1.95 M M 5.1 18 30 M M 3 13 27 30
7 86 70 78 -4 0 13 0.01 M M 5.0 12 80 M M 4 19 290
8 87 72 80 -2 0 15 0.66 M M 6.8 16 220 M M 3 138 22 350
9 75 66 71 -11 0 6 4.30 M M 6.5 21 160 M M 8 13 28 80
10 84 64 74 -8 0 9 0.00 M M 3.2 12 70 M M 0 13 70
11 84 62 73 -9 0 8 0.00 M M 3.0 12 350 M M 0 24 360
12 88 71 80 -2 0 15 0.00 M M 7.2 16 180 M M 5 21 210
13 88 74 81 -1 0 16 0.09 M M 6.5 21 240 M M 3 13 26 230
14 88 73 81 -1 0 16 0.24 M M 5.9 24 280 M M 2 13 31 270
15 89 73 81 -1 0 16 0.15 M M 7.4 15 240 M M 3 13 21 290
16 90 71 81 -1 0 16 0.00 M M 3.6 9 310 M M 0 8 28 210
17 90 71 81 -1 0 16 T M M 6.1 15 210 M M 1 1 19 200
18 91 72 82 0 0 17 0.87 M M 7.9 25 350 M M 2 13 40 330
19 89 76 83 1 0 18 0.02 M M 10.5 21 180 M M 2 26 190
20 91 78 85 3 0 20 0.00 M M 6.5 14 240 M M 0 3 17 230
21 81 71 76 -6 0 11 0.29 M M 5.8 18 310 M M 5 13 28 300
22 84 68 76 -6 0 11 0.00 M M 4.1 12 330 M M 1 23 20
23 90 68 79 -3 0 14 0.00 M M 5.6 13 230 M M 0 15 220
24 91 72 82 0 0 17 0.00 M M 7.6 15 220 M M 0 3 18 210
25 91 72 82 0 0 17 0.00 M M 9.8 20 210 M M 0 29 90
26 92 77 85 3 0 20 T M M 10.7 23 220 M M 1 31 220
27 95 79 87 5 0 22 0.00 M M 10.8 17 200 M M 0 22 240
28 96 76 86 4 0 21 0.00 M M 9.3 16 220 M M 0 20 200
29 97 74 86 4 0 21 0.02 M M 8.0 32 310 M M 1 3 46 300
30 93 73 83 1 0 18 0.01 M M 5.3 13 90 M M 2 19 80
31 91 73 82 0 0 17 0.00 M M 5.7 18 270 M M 0 25 280
================================================================================
SM 2785 2231 0 501 8.67 M 211.6 M 50
================================================================================
AV 89.8 72.0 6.8 FASTST M M 2 MAX(MPH)
MISC ----> 32 310 46 300
================================================================================
NOTES:
# LAST OF SEVERAL OCCURRENCES
COLUMN 17 PEAK WIND IN M.P.H.
PRELIMINARY LOCAL CLIMATOLOGICAL DATA (WS FORM: F-6) , PAGE 2
STATION: JONESBORO
MONTH: JULY
YEAR: 2023
LATITUDE: 35 49 N
LONGITUDE: 90 39 W
[TEMPERATURE DATA] [PRECIPITATION DATA] SYMBOLS USED IN COLUMN 16
AVERAGE MONTHLY: 80.9 TOTAL FOR MONTH: 8.67 1 = FOG OR MIST
DPTR FM NORMAL: -0.8 DPTR FM NORMAL: 4.98 2 = FOG REDUCING VISIBILITY
HIGHEST: 97 ON 29, 1 GRTST 24HR 4.30 ON 9- 9 TO 1/4 MILE OR LESS
LOWEST: 62 ON 11 3 = THUNDER
SNOW, ICE PELLETS, HAIL 4 = ICE PELLETS
TOTAL MONTH: M 5 = HAIL
GRTST 24HR M ON M 6 = FREEZING RAIN OR DRIZZLE
GRTST DEPTH: M ON M 7 = DUSTSTORM OR SANDSTORM:
VSBY 1/2 MILE OR LESS
8 = SMOKE OR HAZE
[NO. OF DAYS WITH] [WEATHER - DAYS WITH] 9 = BLOWING SNOW
X = TORNADO
MAX 32 OR BELOW: 0 0.01 INCH OR MORE: 13
MAX 90 OR ABOVE: 19 0.10 INCH OR MORE: 7
MIN 32 OR BELOW: 0 0.50 INCH OR MORE: 4
MIN 0 OR BELOW: 0 1.00 INCH OR MORE: 2
[HDD (BASE 65) ]
TOTAL THIS MO. 0 CLEAR (SCALE 0-3) 25
DPTR FM NORMAL 0 PTCLDY (SCALE 4-7) 5
TOTAL FM JUL 1 0 CLOUDY (SCALE 8-10) 1
DPTR FM NORMAL 0
[CDD (BASE 65) ]
TOTAL THIS MO. 501
DPTR FM NORMAL -18 [PRESSURE DATA]
TOTAL FM JAN 1 1197 HIGHEST SLP 30.14 ON 25
DPTR FM NORMAL 2 LOWEST SLP 29.75 ON 15
[REMARKS]
#FINAL-07-23#